D/DigitalClock( 2429): DigitalClockAppWidget. : drawMinute mm1_ 0mm2_3
D/BrowserActivity( 4225): onWindowFocusChanged:hasFocus:false
V/Tab     ( 4225): WRAPPED(mWebViewClient) - onLoadResource()
I/GLThread( 4225): noticed surfaceView surface lost tid=14
E/WallpaperService( 1701): setDimensionHints ! w=960
D/        ( 1701): set_light_backlight is called!!!
I/PowerManagerService( 1701): Ulight 7->7|1
D/        ( 1701): set_light_backlight = 46
D/        ( 1701): set_light_backlight is called!!!
D/        ( 1701): set_light_backlight = 48
D/InputReader( 1701): Input event: value=1
D/        ( 1701): set_light_backlight is called!!!
D/        ( 1701): set_light_backlight = 50
D/        ( 1701): set_light_backlight is called!!!
D/        ( 1701): set_light_backlight = 51
D/InputReader( 1701): Input event: value=0
D/        ( 1701): set_light_backlight is called!!!
D/        ( 1701): set_light_backlight = 53
D/        ( 1701): set_light_backlight is called!!!
D/        ( 1701): set_light_backlight = 55
I/GLThread( 1956): onResume tid=21
I/Main thread( 1956): onResume waiting for !mPaused.
I/GLThread( 1956): mPaused is now false tid=21
D/        ( 1701): set_light_backlight is called!!!
D/        ( 1701): set_light_backlight = 56
V/Tab     ( 4225): WRAPPED(mWebViewClient) - onLoadResource()
I/LicenseChecker( 1956): Using cached license response
D/        ( 1701): set_light_backlight is called!!!
D/        ( 1701): set_light_backlight = 58
V/Tab     ( 4225): WRAPPED(mWebViewClient) - onLoadResource()
D/        ( 1701): set_light_backlight is called!!!
I/System.out( 4225): old scrollTo
D/        ( 1701): set_light_backlight = 60
D/        ( 1701): set_light_backlight is called!!!
D/        ( 1701): set_light_backlight = 62
D/        ( 1701): set_light_backlight is called!!!
D/        ( 1701): set_light_backlight = 63
D/        ( 1701): set_light_backlight is called!!!
D/        ( 1701): set_light_backlight = 65
V/Tab     ( 4225): WRAPPED(mWebViewClient) - onLoadResource()
D/        ( 1701): set_light_backlight is called!!!
D/        ( 1701): set_light_backlight = 67
D/        ( 1701): set_light_backlight is called!!!
I/GLThread( 1956): noticed surfaceView surface acquired tid=21
W/EglHelper( 1956): start() tid=21
I/Mali-EGL( 1956): Mali libraries compiled on Feb 21 2012, at 16:16:24
D/        ( 1701): set_light_backlight = 68
W/EglHelper( 1956): createContext com.google.android.gles_jni.EGLContextImpl@406c08a8 tid=21
W/GLThread( 1956): egl createSurface
W/EglHelper( 1956): createSurface()  tid=21
I/Main thread( 1956): onWindowResize waiting for render complete from tid=21
D/InputReader( 1701): Input event: value=1
D/        ( 1701): set_light_backlight is called!!!
D/        ( 1701): set_light_backlight = 70
D/        ( 1701): set_light_backlight is called!!!
D/        ( 1701): set_light_backlight = 72
D/        ( 1701): set_light_backlight is called!!!
D/InputReader( 1701): Input event: value=0
D/        ( 1701): set_light_backlight = 73
W/GLThread( 1956): onSurfaceCreated
W/GLThread( 1956): onSurfaceChanged(480, 800)
D/        ( 1701): set_light_backlight is called!!!
D/        ( 1701): set_light_backlight = 75
D/        ( 1701): set_light_backlight is called!!!
D/        ( 1701): set_light_backlight = 77
D/        ( 1701): set_light_backlight is called!!!
D/        ( 1701): set_light_backlight = 78
D/        ( 1701): set_light_backlight is called!!!
I/GLThread( 1956): noticing that we want render notification tid=21
I/Main thread( 1956): onWindowResize waiting for render complete from tid=21
W/GLThread( 1956): onSurfaceChanged(480, 800)
D/        ( 1701): set_light_backlight = 79
I/PowerManagerService( 1701): Light Animator Finished curIntValue=79
I/GLThread( 1956): sending render notification tid=21
I/InputDispatcher( 1701): Delivering key to current input target: action: 0
I/InputDispatcher( 1701): Delivering key to current input target: action: 0
V/Tab     ( 4225): WRAPPED(mWebViewClient) - onLoadResource()
D/CLIPBOARD( 4225): Hide Clipboard dialog at Starting input: finished by someone else... !
W/IInputConnectionWrapper( 4225): showStatusIcon on inactive InputConnection
W/KeyCharacterMap( 1956): Can't open keycharmap file
W/KeyCharacterMap( 1956): Using default keymap: /system/usr/keychars/qwerty.kcm.bin
I/InputDispatcher( 1701): Delivering key to current input target: action: 1
I/InputDispatcher( 1701): Delivering key to current input target: action: 1
V/Tab     ( 4225): WRAPPED(mWebViewClient) - onLoadResource()
E/power   ( 1701): acquire_dvfs_lock : ERROR : NOT SUPPORT DVFS LOCK 
E/power   ( 1701): acquire_dvfs_lock_old : release : acquire_dvfs_lock() return -1
V/StatusBar( 1701): Hiding status bar panel[1]
V/StatusBar( 1701): Hiding status bar panel[0]
V/StatusBar( 1701): collapse
D/PowerManagerService( 1701): acquireDVFSlock : level : -1,    timeMS : 100
D/StatusBarService( 1829): animateCollapse() - updateViewLayout
W/WifiStateTracker( 1701): ------ msg.what =8
D/StatusBarService( 1829): animateCollapse() - updateViewLayout
I/InputDispatcher( 1701): Delivering key to current input target: action: 0
I/InputDispatcher( 1701): Delivering key to current input target: action: 0
V/browser ( 4225): BrowserActivity.onStop: this=com.android.browser.BrowserActivity@40579a98
I/BitmapWebView( 4225): pause start
I/BitmapWebView( 4225): pause end
I/InputDispatcher( 1701): Delivering key to current input target: action: 1
I/InputDispatcher( 1701): Delivering key to current input target: action: 1
I/InputDispatcher( 1701): Delivering key to current input target: action: 0
I/InputDispatcher( 1701): Delivering key to current input target: action: 0
V/Tab     ( 4225): WRAPPED(mWebViewClient) - onPageFinished()
V/browser ( 4225): BrowserActivity.onPageFinished
I/InputDispatcher( 1701): Delivering key to current input target: action: 1
I/InputDispatcher( 1701): Delivering key to current input target: action: 1
D/Tab     ( 4225): onProgressChanged, WebView=android.webkit.WebView@405513a0, tabIndex=0
V/browser ( 4225): BrowserActivity.onProgressChanged: progress == 100 truefalsefalsefalse
V/Tab     ( 4225): WRAPPED(mWebViewClient) - onLoadResource()
D/BookmarkAppWidgetProvider( 4225): getWidgetId query count=0
D/BookmarkAppWidgetProvider( 4225): getWidgetId query count=0
D/        ( 1701): 
D/        ( 1701):  set_light_touchkey is called!!!
D/        ( 1701): 
D/        ( 1701):  light_touchkey on/off = 0
W/PowerManagerService( 1701): Timer 0x7->0x3|0x0
I/PowerManagerService( 1701): Ulight 7->3|0
D/PowerManagerService( 1701): setLightBrightness : mButtonLight : 0
D/dalvikvm( 1701): GC_EXPLICIT freed 170K, 44% free 9015K/15943K, external 3717K/4641K, paused 136ms
W/WifiStateTracker( 1701): ------ msg.what =8
I/InputReader( 1701): dispatchTouch::touch event's action is 0, pending(waiting finished signal)=0
I/InputDispatcher( 1701): Delivering touch to current input target: action: 0
I/InputDispatcher( 1701): Delivering touch to current input target: action: 0
I/InputDispatcher( 1701): Delivering touch to current input target: action: 0
D/        ( 1701): 
D/        ( 1701):  set_light_touchkey is called!!!
D/        ( 1701): 
D/        ( 1701):  light_touchkey on/off = 1
I/PowerManagerService( 1701): Ulight 3->7|0
D/PowerManagerService( 1701): setLightBrightness : mButtonLight : 79
I/InputReader( 1701): dispatchTouch::touch event's action is 1, pending(waiting finished signal)=1
I/InputDispatcher( 1701): Delivering touch to current input target: action: 1
I/InputDispatcher( 1701): Delivering touch to current input target: action: 1
I/InputDispatcher( 1701): Delivering touch to current input target: action: 1
D/        ( 1701): 
D/        ( 1701):  set_light_touchkey is called!!!
D/        ( 1701): 
D/        ( 1701):  light_touchkey on/off = 0
W/PowerManagerService( 1701): Timer 0x7->0x3|0x0
I/PowerManagerService( 1701): Ulight 7->3|0
D/PowerManagerService( 1701): setLightBrightness : mButtonLight : 0
I/APACHE HTTP (thCr=1) - NafHttpAuthStrategyDefault( 2633): (thUse=15)    cached value : gbaSupportIsPossible=false
I/APACHE HTTP (thCr=1) - NafHttpAuthStrategyDefault( 2633): (thUse=15) It is impossible to support GBA now (many possible reasons: no Android Context, current client is GBA service, etc.), then it will be just usual HTTP.
I/APACHE HTTP (thCr=15) - NafRequestExecutorWrapperRedirectionHandler( 2633): (thUse=15)    It isn't GBA flow, redirection responses are not handled.
I/AndroidHttpClient$2( 2633): executeRequestSending()   director.getClass()=class com.google.android.volley.elegant.ElegantRequestDirector
I/InputReader( 1701): dispatchTouch::touch event's action is 0, pending(waiting finished signal)=0
I/InputDispatcher( 1701): Delivering touch to current input target: action: 0
I/InputDispatcher( 1701): Delivering touch to current input target: action: 0
I/InputDispatcher( 1701): Delivering touch to current input target: action: 0
D/        ( 1701): 
D/        ( 1701):  set_light_touchkey is called!!!
D/        ( 1701): 
D/        ( 1701):  light_touchkey on/off = 1
I/PowerManagerService( 1701): Ulight 3->7|0
D/PowerManagerService( 1701): setLightBrightness : mButtonLight : 79
E/APACHE HTTP (thCr=15) - CurrentCipherSuiteExtractorFromDefaultRequestDirector( 2633): (thUse=15) managedConn
E/APACHE HTTP (thCr=15) - CurrentCipherSuiteExtractorFromDefaultRequestDirector( 2633): java.lang.NoSuchFieldException: managedConn
E/APACHE HTTP (thCr=15) - CurrentCipherSuiteExtractorFromDefaultRequestDirector( 2633): 	at java.lang.ClassCache.findFieldByName(ClassCache.java:446)
E/APACHE HTTP (thCr=15) - CurrentCipherSuiteExtractorFromDefaultRequestDirector( 2633): 	at java.lang.Class.getDeclaredField(Class.java:666)
E/APACHE HTTP (thCr=15) - CurrentCipherSuiteExtractorFromDefaultRequestDirector( 2633): 	at org.apache.http.impl.client.naf.ciphersuite.extractors.CurrentCipherSuiteExtractorFromDefaultRequestDirector.obtainUnsafe(CurrentCipherSuiteExtractorFromDefaultRequestDirector.java:83)
E/APACHE HTTP (thCr=15) - CurrentCipherSuiteExtractorFromDefaultRequestDirector( 2633): 	at org.apache.http.impl.client.naf.ciphersuite.extractors.CurrentCipherSuiteExtractorFromDefaultRequestDirector.extractCurrentCipherSuiteName(CurrentCipherSuiteExtractorFromDefaultRequestDirector.java:47)
E/APACHE HTTP (thCr=15) - CurrentCipherSuiteExtractorFromDefaultRequestDirector( 2633): 	at org.apache.http.impl.client.naf.ciphersuite.extractors.CurrentCipherSuiteExtractorCompound.extractCurrentCipherSuiteName(CurrentCipherSuiteExtractorCompound.java:59)
E/APACHE HTTP (thCr=15) - CurrentCipherSuiteExtractorFromDefaultRequestDirector( 2633): 	at org.apache.http.impl.client.AbstractHttpClient$1.executeRequestSending(AbstractHttpClient.java:628)
E/APACHE HTTP (thCr=15) - CurrentCipherSuiteExtractorFromDefaultRequestDirector( 2633): 	at org.apache.http.impl.client.naf.redirect.NafRequestExecutorWrapperRedirectionHandler.executeRequestSendingUsual(NafRequestExecutorWrapperRedirectionHandler.java:96)
E/APACHE HTTP (thCr=15) - CurrentCipherSuiteExtractorFromDefaultRequestDirector( 2633): 	at org.apache.http.impl.client.naf.redirect.NafRequestExecutorWrapperRedirectionHandler.executeRequestSending(NafRequestExecutorWrapperRedirectionHandler.java:73)
E/APACHE HTTP (thCr=15) - CurrentCipherSuiteExtractorFromDefaultRequestDirector( 2633): 	at org.apache.http.impl.client.naf.auth.NafHttpAuthStrategyDefault.sendFirstRequest(NafHttpAuthStrategyDefault.java:487)
E/APACHE HTTP (thCr=15) - CurrentCipherSuiteExtractorFromDefaultRequestDirector( 2633): 	at org.apache.http.impl.client.naf.auth.NafHttpAuthStrategyDefault.performAuthExecutionUnsafe(NafHttpAuthStrategyDefault.java:388)
E/APACHE HTTP (thCr=15) - CurrentCipherSuiteExtractorFromDefaultRequestDirector( 2633): 	at org.apache.http.impl.client.naf.auth.NafHttpAuthStrategyDefault.performAuthExecution(NafHttpAuthStrategyDefault.java:200)
E/APACHE HTTP (thCr=15) - CurrentCipherSuiteExtractorFromDefaultRequestDirector( 2633): 	at org.apache.http.impl.client.AbstractHttpClient.execute(AbstractHttpClient.java:568)
E/APACHE HTTP (thCr=15) - CurrentCipherSuiteExtractorFromDefaultRequestDirector( 2633): 	at org.apache.http.impl.client.AbstractHttpClient.execute(AbstractHttpClient.java:515)
E/APACHE HTTP (thCr=15) - CurrentCipherSuiteExtractorFromDefaultRequestDirector( 2633): 	at com.google.android.volley.AndroidHttpClient.execute(AndroidHttpClient.java:308)
E/APACHE HTTP (thCr=15) - CurrentCipherSuiteExtractorFromDefaultRequestDirector( 2633): 	at com.google.android.volley.GoogleHttpClient.executeWithoutRewriting(GoogleHttpClient.java:217)
E/APACHE HTTP (thCr=15) - CurrentCipherSuiteExtractorFromDefaultRequestDirector( 2633): 	at com.google.android.volley.GoogleHttpClient.execute(GoogleHttpClient.java:259)
E/APACHE HTTP (thCr=15) - CurrentCipherSuiteExtractorFromDefaultRequestDirector( 2633): 	at com.google.android.volley.GoogleHttpClient.execute(GoogleHttpClient.java:316)
E/APACHE HTTP (thCr=15) - CurrentCipherSuiteExtractorFromDefaultRequestDirector( 2633): 	at com.android.volley.toolbox.HttpClientStack.performRequest(HttpClientStack.java:83)
E/APACHE HTTP (thCr=15) - CurrentCipherSuiteExtractorFromDefaultRequestDirector( 2633): 	at com.android.volley.toolbox.BasicNetwork.performRequest(BasicNetwork.java:93)
E/APACHE HTTP (thCr=15) - CurrentCipherSuiteExtractorFromDefaultRequestDirector( 2633): 	at com.android.volley.NetworkDispatcher.run(NetworkDispatcher.java:98)
I/AndroidHttpClient$2( 2633): execute()   finalHttpResponse.getStatusLine()=HTTP/1.1 200 OK
I/AndroidHttpClient$2( 2633): execute()#finished
E/AlarmManagerService( 1701): android_server_AlarmManagerService_set to type=0, 1383661017.376000000
V/AlarmManager( 1701): <-- waitForAlarm(mDescriptor); result = 1
I/InputReader( 1701): dispatchTouch::touch event's action is 1, pending(waiting finished signal)=0
I/InputDispatcher( 1701): Delivering touch to current input target: action: 1
I/InputDispatcher( 1701): Delivering touch to current input target: action: 1
I/InputDispatcher( 1701): Delivering touch to current input target: action: 1
V/AlarmManager( 1701): --> waitForAlarm(mDescriptor);
E/power   ( 1701): acquire_dvfs_lock : ERROR : NOT SUPPORT DVFS LOCK 
E/power   ( 1701): acquire_dvfs_lock_old() : acquire : return -1
D/Instrumentation( 1956): checkStartActivityResult  :Intent { act=com.jiubang.intent.action.SHOW_FUNCMENU flg=0x10000000 }
D/Instrumentation( 1956): checkStartActivityResult  inent is instance of inent:
D/PowerManagerService( 1701): acquireDVFSlock : level : 1,    timeMS : 3000
I/ApplicationPolicy( 1701): isIntentDisabled start :Intent { act=com.jiubang.intent.action.SHOW_FUNCMENU flg=0x10000000 }
I/ApplicationPolicy( 1701): isIntentDisabled resolve info :null
I/ApplicationPolicy( 1701): isIntentDisabled return :true
W/WifiStateTracker( 1701): ------ msg.what =8
I/APACHE HTTP (thCr=1) - NafHttpAuthStrategyDefault( 2633): (thUse=14)    cached value : gbaSupportIsPossible=false
I/APACHE HTTP (thCr=1) - NafHttpAuthStrategyDefault( 2633): (thUse=14) It is impossible to support GBA now (many possible reasons: no Android Context, current client is GBA service, etc.), then it will be just usual HTTP.
I/APACHE HTTP (thCr=14) - NafRequestExecutorWrapperRedirectionHandler( 2633): (thUse=14)    It isn't GBA flow, redirection responses are not handled.
I/AndroidHttpClient$2( 2633): executeRequestSending()   director.getClass()=class com.google.android.volley.elegant.ElegantRequestDirector
I/global  ( 2633): Loaded time zone names for en_US in 1138ms.
D/        ( 1701): 
D/        ( 1701):  set_light_touchkey is called!!!
D/        ( 1701): 
D/        ( 1701):  light_touchkey on/off = 0
W/PowerManagerService( 1701): Timer 0x7->0x3|0x0
I/PowerManagerService( 1701): Ulight 7->3|0
D/PowerManagerService( 1701): setLightBrightness : mButtonLight : 0
E/APACHE HTTP (thCr=14) - CurrentCipherSuiteExtractorFromDefaultRequestDirector( 2633): (thUse=14) managedConn
E/APACHE HTTP (thCr=14) - CurrentCipherSuiteExtractorFromDefaultRequestDirector( 2633): java.lang.NoSuchFieldException: managedConn
E/APACHE HTTP (thCr=14) - CurrentCipherSuiteExtractorFromDefaultRequestDirector( 2633): 	at java.lang.ClassCache.findFieldByName(ClassCache.java:446)
E/APACHE HTTP (thCr=14) - CurrentCipherSuiteExtractorFromDefaultRequestDirector( 2633): 	at java.lang.Class.getDeclaredField(Class.java:666)
E/APACHE HTTP (thCr=14) - CurrentCipherSuiteExtractorFromDefaultRequestDirector( 2633): 	at org.apache.http.impl.client.naf.ciphersuite.extractors.CurrentCipherSuiteExtractorFromDefaultRequestDirector.obtainUnsafe(CurrentCipherSuiteExtractorFromDefaultRequestDirector.java:83)
E/APACHE HTTP (thCr=14) - CurrentCipherSuiteExtractorFromDefaultRequestDirector( 2633): 	at org.apache.http.impl.client.naf.ciphersuite.extractors.CurrentCipherSuiteExtractorFromDefaultRequestDirector.extractCurrentCipherSuiteName(CurrentCipherSuiteExtractorFromDefaultRequestDirector.java:47)
E/APACHE HTTP (thCr=14) - CurrentCipherSuiteExtractorFromDefaultRequestDirector( 2633): 	at org.apache.http.impl.client.naf.ciphersuite.extractors.CurrentCipherSuiteExtractorCompound.extractCurrentCipherSuiteName(CurrentCipherSuiteExtractorCompound.java:59)
E/APACHE HTTP (thCr=14) - CurrentCipherSuiteExtractorFromDefaultRequestDirector( 2633): 	at org.apache.http.impl.client.AbstractHttpClient$1.executeRequestSending(AbstractHttpClient.java:628)
E/APACHE HTTP (thCr=14) - CurrentCipherSuiteExtractorFromDefaultRequestDirector( 2633): 	at org.apache.http.impl.client.naf.redirect.NafRequestExecutorWrapperRedirectionHandler.executeRequestSendingUsual(NafRequestExecutorWrapperRedirectionHandler.java:96)
E/APACHE HTTP (thCr=14) - CurrentCipherSuiteExtractorFromDefaultRequestDirector( 2633): 	at org.apache.http.impl.client.naf.redirect.NafRequestExecutorWrapperRedirectionHandler.executeRequestSending(NafRequestExecutorWrapperRedirectionHandler.java:73)
E/APACHE HTTP (thCr=14) - CurrentCipherSuiteExtractorFromDefaultRequestDirector( 2633): 	at org.apache.http.impl.client.naf.auth.NafHttpAuthStrategyDefault.sendFirstRequest(NafHttpAuthStrategyDefault.java:487)
E/APACHE HTTP (thCr=14) - CurrentCipherSuiteExtractorFromDefaultRequestDirector( 2633): 	at org.apache.http.impl.client.naf.auth.NafHttpAuthStrategyDefault.performAuthExecutionUnsafe(NafHttpAuthStrategyDefault.java:388)
E/APACHE HTTP (thCr=14) - CurrentCipherSuiteExtractorFromDefaultRequestDirector( 2633): 	at org.apache.http.impl.client.naf.auth.NafHttpAuthStrategyDefault.performAuthExecution(NafHttpAuthStrategyDefault.java:200)
E/APACHE HTTP (thCr=14) - CurrentCipherSuiteExtractorFromDefaultRequestDirector( 2633): 	at org.apache.http.impl.client.AbstractHttpClient.execute(AbstractHttpClient.java:568)
E/APACHE HTTP (thCr=14) - CurrentCipherSuiteExtractorFromDefaultRequestDirector( 2633): 	at org.apache.http.impl.client.AbstractHttpClient.execute(AbstractHttpClient.java:515)
E/APACHE HTTP (thCr=14) - CurrentCipherSuiteExtractorFromDefaultRequestDirector( 2633): 	at com.google.android.volley.AndroidHttpClient.execute(AndroidHttpClient.java:308)
E/APACHE HTTP (thCr=14) - CurrentCipherSuiteExtractorFromDefaultRequestDirector( 2633): 	at com.google.android.volley.GoogleHttpClient.executeWithoutRewriting(GoogleHttpClient.java:217)
E/APACHE HTTP (thCr=14) - CurrentCipherSuiteExtractorFromDefaultRequestDirector( 2633): 	at com.google.android.volley.GoogleHttpClient.execute(GoogleHttpClient.java:274)
E/APACHE HTTP (thCr=14) - CurrentCipherSuiteExtractorFromDefaultRequestDirector( 2633): 	at com.google.android.volley.GoogleHttpClient.execute(GoogleHttpClient.java:316)
E/APACHE HTTP (thCr=14) - CurrentCipherSuiteExtractorFromDefaultRequestDirector( 2633): 	at com.android.volley.toolbox.HttpClientStack.performRequest(HttpClientStack.java:83)
E/APACHE HTTP (thCr=14) - CurrentCipherSuiteExtractorFromDefaultRequestDirector( 2633): 	at com.android.volley.toolbox.BasicNetwork.performRequest(BasicNetwork.java:93)
E/APACHE HTTP (thCr=14) - CurrentCipherSuiteExtractorFromDefaultRequestDirector( 2633): 	at com.android.volley.NetworkDispatcher.run(NetworkDispatcher.java:98)
I/AndroidHttpClient$2( 2633): execute()   finalHttpResponse.getStatusLine()=HTTP/1.1 200 OK
I/AndroidHttpClient$2( 2633): execute()#finished
D/Finsky  ( 2633): [1] 5.onFinished: Installation state replication succeeded.
D/dalvikvm( 2633): GC_CONCURRENT freed 2799K, 43% free 7192K/12423K, external 3037K/3850K, paused 5ms+5ms
I/InputReader( 1701): dispatchTouch::touch event's action is 0, pending(waiting finished signal)=0
I/InputDispatcher( 1701): Delivering touch to current input target: action: 0
I/InputDispatcher( 1701): Delivering touch to current input target: action: 0
I/InputDispatcher( 1701): Delivering touch to current input target: action: 0
D/        ( 1701): 
D/        ( 1701):  set_light_touchkey is called!!!
D/        ( 1701): 
D/        ( 1701):  light_touchkey on/off = 1
I/PowerManagerService( 1701): Ulight 3->7|0
D/PowerManagerService( 1701): setLightBrightness : mButtonLight : 79
I/InputReader( 1701): dispatchTouch::touch event's action is 1, pending(waiting finished signal)=0
I/InputDispatcher( 1701): Delivering touch to current input target: action: 1
I/InputDispatcher( 1701): Delivering touch to current input target: action: 1
I/InputDispatcher( 1701): Delivering touch to current input target: action: 1
E/power   ( 1701): acquire_dvfs_lock : ERROR : NOT SUPPORT DVFS LOCK 
E/power   ( 1701): acquire_dvfs_lock_old() : acquire : return -1
D/PowerManagerService( 1701): acquireDVFSlock : level : 1,    timeMS : 3000
I/GLThread( 1956): onPause tid=21
I/Main thread( 1956): onPause waiting for mPaused.
I/GLThread( 1956): mPaused is now true tid=21
I/GLThread( 1956): releasing EGL surface because paused tid=21
W/EglHelper( 1956): destroySurface()  tid=21
W/EglHelper( 1956): finish() tid=21
I/GLThread( 1956): releasing EGL context because paused tid=21
I/OrientationDebug( 1701): [pwm] in updateOrientationListenerLp()
V/OrientationDebug( 1701): in updateOrientationListenerLp(), Screen status=true, current orientation=-1, SensorEnabled=false
I/OrientationDebug( 1701): [pwm] needSensorRunningLp(), return false #3
V/SurfaceView( 1956): com.go.gl.view.GLContentView@40650b20 got app visibiltiy is changed: false
V/StatusBar( 1701): Showing status bar panel[1]
V/StatusBar( 1701): Showing status bar panel[0]
I/GLThread( 1956): noticed surfaceView surface lost tid=21
D/dalvikvm( 6400): GC_EXTERNAL_ALLOC freed 39K, 49% free 2771K/5379K, external 0K/0K, paused 45ms
E/power   ( 1701): acquire_dvfs_lock : ERROR : NOT SUPPORT DVFS LOCK 
E/power   ( 1701): acquire_dvfs_lock_old : release : acquire_dvfs_lock() return -1
D/PowerManagerService( 1701): acquireDVFSlock : level : -1,    timeMS : 100
I/WindowManager( 1701): mAppToken is null , so we can't use SF_BYPASS
D/CLIPBOARD( 1956): Hide Clipboard dialog at Starting input: finished by someone else... !
D/PowerManagerService( 1701): acquireWakeLock flags=0xa tag=KEEP_SCREEN_ON_FLAG uid=1000 pid=1701   myUID=1000 myPID=1701 myTID=1921
D/CLIPBOARD( 6400): Hide Clipboard dialog at Starting input: finished by someone else... !
D/dalvikvm( 6400): GC_CONCURRENT freed 84K, 45% free 3118K/5639K, external 464K/1286K, paused 2ms+2ms
W/WifiStateTracker( 1701): ------ msg.what =8
D/        ( 1701): 
D/        ( 1701):  set_light_touchkey is called!!!
D/        ( 1701): 
D/        ( 1701):  light_touchkey on/off = 0
W/PowerManagerService( 1701): Timer 0x7->0x3|0x3
I/PowerManagerService( 1701): Ulight 7->3|0
D/PowerManagerService( 1701): setLightBrightness : mButtonLight : 0
D/dalvikvm( 6400): GC_CONCURRENT freed 132K, 42% free 3497K/6023K, external 464K/1286K, paused 2ms+4ms
D/dalvikvm( 6400): GC_CONCURRENT freed 522K, 47% free 3443K/6407K, external 464K/1286K, paused 2ms+4ms
D/dalvikvm( 6400): GC_CONCURRENT freed 150K, 41% free 3804K/6407K, external 464K/1286K, paused 4ms+3ms
D/dalvikvm( 6400): GC_CONCURRENT freed 59K, 37% free 4246K/6727K, external 464K/1286K, paused 2ms+3ms
D/dalvikvm( 6400): GC_CONCURRENT freed 353K, 38% free 4531K/7303K, external 464K/1286K, paused 2ms+4ms
D/dalvikvm( 6400): GC_CONCURRENT freed 549K, 39% free 4704K/7687K, external 464K/1286K, paused 2ms+6ms
V/AlarmManager( 1701): <-- waitForAlarm(mDescriptor); result = 2
E/AlarmManagerService( 1701): android_server_AlarmManagerService_set to type=1, 1383660251.757000000
V/AlarmManager( 1701): --> waitForAlarm(mDescriptor);
V/AlarmManager( 1701): ClockReceiver onReceive intent = Intent { act=android.intent.action.TIME_TICK flg=0x40000004 (has extras) }
D/DigitalClock( 2429): DigitalClockAppWidgetService. action :  android.intent.action.TIME_TICK
D/DigitalClock( 2429): DigitalClockAppWidget. : updateClock =  [I@40518550
D/DigitalClock( 2429): DigitalClockAppWidget. : drawMinute mm1_ 0mm2_4
D/PowerManagerService( 1701): releaseWakeLockLocked flags=0x0 tag=KEEP_SCREEN_ON_FLAG myUID=1000 myPID=1701 myTID=1751
W/WifiStateTracker( 1701): ------ msg.what =8
W/PowerManagerService( 1701): Timer 0x3->0x3|0x0
D/InputReader( 1701): Input event: value=1
D/        ( 1701): 
D/        ( 1701):  set_light_touchkey is called!!!
D/        ( 1701): 
D/        ( 1701):  light_touchkey on/off = 1
I/PowerManagerService( 1701): Ulight 3->7|0
D/PowerManagerService( 1701): setLightBrightness : mButtonLight : 79
I/InputDispatcher( 1701): Delivering key to current input target: action: 0
I/InputDispatcher( 1701): Delivering key to current input target: action: 0
W/KeyCharacterMap( 6400): Can't open keycharmap file
W/KeyCharacterMap( 6400): Using default keymap: /system/usr/keychars/qwerty.kcm.bin
D/InputReader( 1701): Input event: value=0
I/InputDispatcher( 1701): Delivering key to current input target: action: 1
I/InputDispatcher( 1701): Delivering key to current input target: action: 1
D/dalvikvm( 6400): GC_CONCURRENT freed 1796K, 54% free 3687K/7943K, external 657K/1286K, paused 8ms+8ms
W/WifiStateTracker( 1701): ------ msg.what =8
D/        ( 1701): 
D/        ( 1701):  set_light_touchkey is called!!!
D/        ( 1701): 
D/        ( 1701):  light_touchkey on/off = 0
W/PowerManagerService( 1701): Timer 0x7->0x3|0x0
I/PowerManagerService( 1701): Ulight 7->3|0
D/PowerManagerService( 1701): setLightBrightness : mButtonLight : 0
D/InputReader( 1701): Input event: value=1
I/ScreenCaptureAction( 1701): updateHomeKeyPressed(), pressed = true
D/RestrictionPolicy( 1701): isHomeKeyEnabled :true
I/HomeKeyDoubleClick( 1701): addAction() is called.  action = 0  canceled = false
I/HomeKeyDoubleClick( 1701): in addAction(), now add
I/HomeKeyDoubleClick( 1701): in addAction(), inside if when list size is less than 4
I/HomeKeyDoubleClick( 1701): in addAction(), down event. now call postCheckRunnable().
I/HomeKeyDoubleClick( 1701): postCheckRunnable() is called
I/HomeKeyDoubleClick( 1701): in postCheckRunnable(), now posting.
I/HomeKeyDoubleClick( 1701): in postCheckRunnable(), posting success.
D/InputReader( 1701): Input event: value=0
I/ScreenCaptureAction( 1701): updateHomeKeyPressed(), pressed = false
D/RestrictionPolicy( 1701): isHomeKeyEnabled :true
I/HomeKeyDoubleClick( 1701): addAction() is called.  action = 1  canceled = false
I/HomeKeyDoubleClick( 1701): in addAction(), now add
I/HomeKeyDoubleClick( 1701): in addAction(), inside if when list size is less than 4
I/HomeKeyDoubleClick( 1701): run() is called *****************************************************
I/HomeKeyDoubleClick( 1701): isSingleClick() is called
I/HomeKeyDoubleClick( 1701): list value =   (0) 0  (1) 1
I/HomeKeyDoubleClick( 1701): in isSingleClick() true
I/HomeKeyDoubleClick( 1701): -------------------------------single clicked
I/HomeKeyDoubleClick( 1701): singleClickJob() is called.
I/HomeKeyDoubleClick( 1701):   in singleClickJob(), mSentHomeDownToApp is false. Now call launchHomeFromHotKey()
I/HomeKeyDoubleClick( 1701): launchHomeFromHotKey() is called.
I/HomeKeyDoubleClick( 1701):   in launchHomeFromHotKey(), now call startDockOrHome(), #2
D/StatusBarService( 1829): animateCollapse() - updateViewLayout
E/power   ( 1701): acquire_dvfs_lock : ERROR : NOT SUPPORT DVFS LOCK 
E/power   ( 1701): acquire_dvfs_lock_old() : acquire : return -1
I/HomeKeyDoubleClick( 1701): reset() is called
I/HomeKeyDoubleClick( 1701): in reset()  after reset, mPosted = false  mHomeActionList.size() = 0
D/PowerManagerService( 1701): acquireDVFSlock : level : 1,    timeMS : 3000
W/InputManagerService( 1701): Window already focused, ignoring focus gain of: com.android.internal.view.IInputMethodClient$Stub$Proxy@40f36120
V/SurfaceView( 1956): com.go.gl.view.GLContentView@40650b20 got app visibiltiy is changed: true
I/OrientationDebug( 1701): [pwm] in updateOrientationListenerLp()
V/OrientationDebug( 1701): in updateOrientationListenerLp(), Screen status=true, current orientation=1, SensorEnabled=false
I/OrientationDebug( 1701): [pwm] needSensorRunningLp(), return false #3
E/WallpaperService( 1701): setDimensionHints ! w=960
I/GLThread( 1956): onResume tid=21
I/Main thread( 1956): onResume waiting for !mPaused.
I/GLThread( 1956): mPaused is now false tid=21
I/LicenseChecker( 1956): Using cached license response
I/GLThread( 1956): noticed surfaceView surface acquired tid=21
W/EglHelper( 1956): start() tid=21
I/Mali-EGL( 1956): Mali libraries compiled on Feb 21 2012, at 16:16:24
W/EglHelper( 1956): createContext com.google.android.gles_jni.EGLContextImpl@40785268 tid=21
W/GLThread( 1956): egl createSurface
W/EglHelper( 1956): createSurface()  tid=21
I/Main thread( 1956): onWindowResize waiting for render complete from tid=21
W/GLThread( 1956): onSurfaceCreated
W/GLThread( 1956): onSurfaceChanged(480, 800)
I/GLThread( 1956): noticing that we want render notification tid=21
W/GLThread( 1956): onSurfaceChanged(480, 800)
I/Main thread( 1956): onWindowResize waiting for render complete from tid=21
I/GLThread( 1956): sending render notification tid=21
V/StatusBar( 1701): Hiding status bar panel[1]
V/StatusBar( 1701): Hiding status bar panel[0]
V/StatusBar( 1701): collapse
D/StatusBarService( 1829): animateCollapse() - updateViewLayout
D/StatusBarService( 1829): animateCollapse() - updateViewLayout
D/CLIPBOARD( 6400): Hide Clipboard dialog at Starting input: finished by someone else... !
I/ActivityManager( 1701): No longer want com.sec.android.app.samsungapps.una2 (pid 4117): hidden #21
E/power   ( 1701): acquire_dvfs_lock : ERROR : NOT SUPPORT DVFS LOCK 
E/power   ( 1701): acquire_dvfs_lock_old : release : acquire_dvfs_lock() return -1
D/PowerManagerService( 1701): acquireDVFSlock : level : -1,    timeMS : 100
W/PowerManagerService( 1701): Timer 0x3->0x3|0x0
W/WifiStateTracker( 1701): ------ msg.what =8
I/InputReader( 1701): dispatchTouch::touch event's action is 0, pending(waiting finished signal)=0
I/InputDispatcher( 1701): Delivering touch to current input target: action: 0
I/InputDispatcher( 1701): Delivering touch to current input target: action: 0
I/InputDispatcher( 1701): Delivering touch to current input target: action: 0
D/        ( 1701): 
D/        ( 1701):  set_light_touchkey is called!!!
D/        ( 1701): 
D/        ( 1701):  light_touchkey on/off = 1
I/PowerManagerService( 1701): Ulight 3->7|0
D/PowerManagerService( 1701): setLightBrightness : mButtonLight : 79
I/InputReader( 1701): dispatchTouch::touch event's action is 1, pending(waiting finished signal)=0
I/InputDispatcher( 1701): Delivering touch to current input target: action: 1
I/InputDispatcher( 1701): Delivering touch to current input target: action: 1
I/InputDispatcher( 1701): Delivering touch to current input target: action: 1
I/InputReader( 1701): dispatchTouch::touch event's action is 0, pending(waiting finished signal)=0
I/InputDispatcher( 1701): Delivering touch to current input target: action: 0
I/InputDispatcher( 1701): Delivering touch to current input target: action: 0
I/InputDispatcher( 1701): Delivering touch to current input target: action: 0
I/InputReader( 1701): dispatchTouch::touch event's action is 1, pending(waiting finished signal)=0
I/InputDispatcher( 1701): Delivering touch to current input target: action: 1
I/InputDispatcher( 1701): Delivering touch to current input target: action: 1
I/InputDispatcher( 1701): Delivering touch to current input target: action: 1
E/power   ( 1701): acquire_dvfs_lock : ERROR : NOT SUPPORT DVFS LOCK 
E/power   ( 1701): acquire_dvfs_lock_old() : acquire : return -1
D/PowerManagerService( 1701): acquireDVFSlock : level : 1,    timeMS : 3000
I/OrientationDebug( 1701): [pwm] in updateOrientationListenerLp()
V/OrientationDebug( 1701): in updateOrientationListenerLp(), Screen status=true, current orientation=-1, SensorEnabled=false
I/OrientationDebug( 1701): [pwm] needSensorRunningLp(), return false #3
V/SurfaceView( 1956): com.go.gl.view.GLContentView@40650b20 got app visibiltiy is changed: false
V/StatusBar( 1701): Showing status bar panel[1]
V/StatusBar( 1701): Showing status bar panel[0]
I/GLThread( 1956): onPause tid=21
I/Main thread( 1956): onPause waiting for mPaused.
W/GLThread( 1956): [egl.swap] mRequestPaused = true ,surface.valid = true
I/GLThread( 1956): mPaused is now true tid=21
I/GLThread( 1956): releasing EGL surface because paused tid=21
W/EglHelper( 1956): destroySurface()  tid=21
W/EglHelper( 1956): finish() tid=21
I/GLThread( 1956): releasing EGL context because paused tid=21
I/GLThread( 1956): noticed surfaceView surface lost tid=21
D/app.zxtune.fs.zxtunes.RemoteCatalog( 4479): Set useragent to ZXTune beta/r2705
D/app.zxtune.ui.BrowserFragment( 4479): Load persistent state
D/app.zxtune.fs.zxtunes.Database( 4479): queryAuthors(530)
D/app.zxtune.ui.PlaylistFragment( 4479): Loading persistent state
D/app.zxtune.PlaybackServiceConnection( 4479): Connecting to service
I/dalvikvm( 4479): Jit: resizing JitTable from 4096 to 8192
D/app.zxtune.MainService( 4488): StartCommand called
D/app.zxtune.playlist.Database( 4479): queryPlaylistItems(null) called
D/app.zxtune.PlaybackServiceConnection( 4479): Connected!
D/app.zxtune.ui.NowPlayingFragment( 4479): Subscribe to service events
D/app.zxtune.ui.PlaylistFragment( 4479): Subscribe to service events
D/CLIPBOARD( 1956): Hide Clipboard dialog at Starting input: finished by someone else... !
E/power   ( 1701): acquire_dvfs_lock : ERROR : NOT SUPPORT DVFS LOCK 
E/power   ( 1701): acquire_dvfs_lock_old : release : acquire_dvfs_lock() return -1
D/PowerManagerService( 1701): acquireDVFSlock : level : -1,    timeMS : 100
D/        ( 1701): 
D/        ( 1701):  set_light_touchkey is called!!!
D/        ( 1701): 
D/        ( 1701):  light_touchkey on/off = 0
W/PowerManagerService( 1701): Timer 0x7->0x3|0x0
I/PowerManagerService( 1701): Ulight 7->3|0
D/PowerManagerService( 1701): setLightBrightness : mButtonLight : 0
W/WifiStateTracker( 1701): ------ msg.what =8
I/InputReader( 1701): dispatchTouch::touch event's action is 0, pending(waiting finished signal)=0
I/InputDispatcher( 1701): Delivering touch to current input target: action: 0
I/InputDispatcher( 1701): Delivering touch to current input target: action: 0
D/        ( 1701): 
D/        ( 1701):  set_light_touchkey is called!!!
D/        ( 1701): 
D/        ( 1701):  light_touchkey on/off = 1
I/PowerManagerService( 1701): Ulight 3->7|0
D/PowerManagerService( 1701): setLightBrightness : mButtonLight : 79
I/InputReader( 1701): dispatchTouch::touch event's action is 1, pending(waiting finished signal)=1
I/InputDispatcher( 1701): Delivering touch to current input target: action: 1
I/InputDispatcher( 1701): Delivering touch to current input target: action: 1
I/InputReader( 1701): dispatchTouch::touch event's action is 0, pending(waiting finished signal)=0
I/InputDispatcher( 1701): Delivering touch to current input target: action: 0
I/InputDispatcher( 1701): Delivering touch to current input target: action: 0
I/InputReader( 1701): dispatchTouch::touch event's action is 1, pending(waiting finished signal)=1
I/InputDispatcher( 1701): Delivering touch to current input target: action: 1
I/InputDispatcher( 1701): Delivering touch to current input target: action: 1
E/AlarmManagerService( 1701): android_server_AlarmManagerService_set to type=1, 1383660300.000000000
V/AlarmManager( 1701): <-- waitForAlarm(mDescriptor); result = 2
E/AlarmManagerService( 1701): android_server_AlarmManagerService_set to type=1, 1383660280.769000000
V/AlarmManager( 1701): --> waitForAlarm(mDescriptor);
D/        ( 1701): 
D/        ( 1701):  set_light_touchkey is called!!!
D/        ( 1701): 
D/        ( 1701):  light_touchkey on/off = 0
W/PowerManagerService( 1701): Timer 0x7->0x3|0x0
I/PowerManagerService( 1701): Ulight 7->3|0
D/PowerManagerService( 1701): setLightBrightness : mButtonLight : 0
W/WifiStateTracker( 1701): ------ msg.what =8
I/InputReader( 1701): dispatchTouch::touch event's action is 0, pending(waiting finished signal)=0
I/InputDispatcher( 1701): Delivering touch to current input target: action: 0
I/InputDispatcher( 1701): Delivering touch to current input target: action: 0
D/        ( 1701): 
D/        ( 1701):  set_light_touchkey is called!!!
D/        ( 1701): 
D/        ( 1701):  light_touchkey on/off = 1
I/PowerManagerService( 1701): Ulight 3->7|0
D/PowerManagerService( 1701): setLightBrightness : mButtonLight : 79
I/InputReader( 1701): dispatchTouch::touch event's action is 1, pending(waiting finished signal)=0
I/InputDispatcher( 1701): Delivering touch to current input target: action: 1
I/InputDispatcher( 1701): Delivering touch to current input target: action: 1
D/app.zxtune.ui.BrowserFragment( 4479): Set current path to zxtunes:
I/InputReader( 1701): dispatchTouch::touch event's action is 0, pending(waiting finished signal)=0
I/InputDispatcher( 1701): Delivering touch to current input target: action: 0
I/InputDispatcher( 1701): Delivering touch to current input target: action: 0
D/dalvikvm( 4453): GC_EXPLICIT freed 59K, 49% free 2750K/5379K, external 0K/0K, paused 54ms
I/InputReader( 1701): dispatchTouch::touch event's action is 1, pending(waiting finished signal)=0
I/InputDispatcher( 1701): Delivering touch to current input target: action: 1
I/InputDispatcher( 1701): Delivering touch to current input target: action: 1
D/app.zxtune.ui.BrowserFragment( 4479): Set current path to zxtunes:/%D0%90%D0%B2%D1%82%D0%BE%D1%80%D1%8B
D/app.zxtune.fs.zxtunes.Database( 4479): queryAuthors(null)
D/dalvikvm( 4479): GC_CONCURRENT freed 436K, 44% free 3826K/6791K, external 2347K/2881K, paused 2ms+7ms
D/        ( 1701): 
D/        ( 1701):  set_light_touchkey is called!!!
D/        ( 1701): 
D/        ( 1701):  light_touchkey on/off = 0
W/PowerManagerService( 1701): Timer 0x7->0x3|0x0
I/PowerManagerService( 1701): Ulight 7->3|0
D/PowerManagerService( 1701): setLightBrightness : mButtonLight : 0
I/InputReader( 1701): dispatchTouch::touch event's action is 0, pending(waiting finished signal)=0
I/InputDispatcher( 1701): Delivering touch to current input target: action: 0
I/InputDispatcher( 1701): Delivering touch to current input target: action: 0
D/        ( 1701): 
D/        ( 1701):  set_light_touchkey is called!!!
D/        ( 1701): 
D/        ( 1701):  light_touchkey on/off = 1
I/PowerManagerService( 1701): Ulight 3->7|0
D/PowerManagerService( 1701): setLightBrightness : mButtonLight : 79
D/dalvikvm( 4479): GC_EXTERNAL_ALLOC freed 71K, 45% free 3764K/6791K, external 2860K/2881K, paused 54ms
W/WifiStateTracker( 1701): ------ msg.what =8
I/InputReader( 1701): dispatchTouch::touch event's action is 1, pending(waiting finished signal)=0
I/InputDispatcher( 1701): Delivering touch to current input target: action: 1
I/InputDispatcher( 1701): Delivering touch to current input target: action: 1
I/InputReader( 1701): dispatchTouch::touch event's action is 0, pending(waiting finished signal)=0
I/InputDispatcher( 1701): Delivering touch to current input target: action: 0
I/InputDispatcher( 1701): Delivering touch to current input target: action: 0
I/InputReader( 1701): dispatchTouch::touch event's action is 1, pending(waiting finished signal)=1
I/InputDispatcher( 1701): Delivering touch to current input target: action: 1
I/InputDispatcher( 1701): Delivering touch to current input target: action: 1
I/InputReader( 1701): dispatchTouch::touch event's action is 0, pending(waiting finished signal)=0
I/InputDispatcher( 1701): Delivering touch to current input target: action: 0
I/InputDispatcher( 1701): Delivering touch to current input target: action: 0
I/InputReader( 1701): dispatchTouch::touch event's action is 1, pending(waiting finished signal)=1
I/InputDispatcher( 1701): Delivering touch to current input target: action: 1
I/InputDispatcher( 1701): Delivering touch to current input target: action: 1
I/InputReader( 1701): dispatchTouch::touch event's action is 0, pending(waiting finished signal)=0
I/InputDispatcher( 1701): Delivering touch to current input target: action: 0
I/InputDispatcher( 1701): Delivering touch to current input target: action: 0
W/WifiStateTracker( 1701): ------ msg.what =8
D/dalvikvm( 4461): GC_EXPLICIT freed 59K, 48% free 2800K/5379K, external 0K/0K, paused 40ms
I/InputReader( 1701): dispatchTouch::touch event's action is 1, pending(waiting finished signal)=0
I/InputDispatcher( 1701): Delivering touch to current input target: action: 1
I/InputDispatcher( 1701): Delivering touch to current input target: action: 1
D/        ( 1701): 
D/        ( 1701):  set_light_touchkey is called!!!
D/        ( 1701): 
D/        ( 1701):  light_touchkey on/off = 0
W/PowerManagerService( 1701): Timer 0x7->0x3|0x0
I/PowerManagerService( 1701): Ulight 7->3|0
D/PowerManagerService( 1701): setLightBrightness : mButtonLight : 0
I/InputReader( 1701): dispatchTouch::touch event's action is 0, pending(waiting finished signal)=0
I/InputDispatcher( 1701): Delivering touch to current input target: action: 0
I/InputDispatcher( 1701): Delivering touch to current input target: action: 0
D/        ( 1701): 
D/        ( 1701):  set_light_touchkey is called!!!
D/        ( 1701): 
D/        ( 1701):  light_touchkey on/off = 1
I/PowerManagerService( 1701): Ulight 3->7|0
D/PowerManagerService( 1701): setLightBrightness : mButtonLight : 79
I/InputReader( 1701): dispatchTouch::touch event's action is 1, pending(waiting finished signal)=0
I/InputDispatcher( 1701): Delivering touch to current input target: action: 1
I/InputDispatcher( 1701): Delivering touch to current input target: action: 1
D/app.zxtune.ui.BrowserFragment( 4479): Set current path to zxtunes:/%D0%90%D0%B2%D1%82%D0%BE%D1%80%D1%8B/Graf?author=222
D/app.zxtune.fs.zxtunes.CachingCatalog( 4479): Tracks cache is empty for id=null author=222
W/WifiStateTracker( 1701): ------ msg.what =8
D/app.zxtune.fs.zxtunes.RemoteCatalog( 4479): Fetch 795 bytes via http://www.zxtunes.com/xml.php?scope=tracks&fields=filename,title,duration,date&author_id=222
D/app.zxtune.fs.zxtunes.CachingCatalog( 4479): Cached 5 tracks
D/        ( 1701): 
D/        ( 1701):  set_light_touchkey is called!!!
D/        ( 1701): 
D/        ( 1701):  light_touchkey on/off = 0
W/PowerManagerService( 1701): Timer 0x7->0x3|0x0
I/PowerManagerService( 1701): Ulight 7->3|0
D/PowerManagerService( 1701): setLightBrightness : mButtonLight : 0
I/InputReader( 1701): dispatchTouch::touch event's action is 0, pending(waiting finished signal)=0
I/InputDispatcher( 1701): Delivering touch to current input target: action: 0
I/InputDispatcher( 1701): Delivering touch to current input target: action: 0
D/        ( 1701): 
D/        ( 1701):  set_light_touchkey is called!!!
D/        ( 1701): 
D/        ( 1701):  light_touchkey on/off = 1
I/PowerManagerService( 1701): Ulight 3->7|0
D/PowerManagerService( 1701): setLightBrightness : mButtonLight : 79
I/InputReader( 1701): dispatchTouch::touch event's action is 1, pending(waiting finished signal)=0
I/InputDispatcher( 1701): Delivering touch to current input target: action: 1
I/InputDispatcher( 1701): Delivering touch to current input target: action: 1
D/app.zxtune.ui.BrowserFragment( 4479): Set current path to zxtunes:/%D0%90%D0%B2%D1%82%D0%BE%D1%80%D1%8B/Graf/1997?author=222
D/dalvikvm( 4468): GC_EXPLICIT freed 397K, 51% free 3118K/6343K, external 0K/0K, paused 81ms
I/InputReader( 1701): dispatchTouch::touch event's action is 0, pending(waiting finished signal)=0
I/InputDispatcher( 1701): Delivering touch to current input target: action: 0
I/InputDispatcher( 1701): Delivering touch to current input target: action: 0
I/InputReader( 1701): dispatchTouch::touch event's action is 1, pending(waiting finished signal)=0
I/InputDispatcher( 1701): Delivering touch to current input target: action: 1
I/InputDispatcher( 1701): Delivering touch to current input target: action: 1
D/app.zxtune.fs.zxtunes.RemoteCatalog( 4488): Set useragent to ZXTune beta/r2705
D/app.zxtune.fs.zxtunes.Database( 4488): queryAuthors(222)
W/WifiStateTracker( 1701): ------ msg.what =8
D/app.zxtune.fs.zxtunes.RemoteCatalog( 4488): Fetch 4485 bytes via http://www.zxtunes.com/downloads.php?id=10175
W/app.zxtune.playback.PlaybackServiceLocal( 4488): setNowPlaying()
W/app.zxtune.playback.PlaybackServiceLocal( 4488): java.io.IOException: No items to play
W/app.zxtune.playback.PlaybackServiceLocal( 4488): 	at app.zxtune.playback.FileIterator.<init>(FileIterator.java:39)
W/app.zxtune.playback.PlaybackServiceLocal( 4488): 	at app.zxtune.playback.IteratorFactory.createIterator(IteratorFactory.java:37)
W/app.zxtune.playback.PlaybackServiceLocal( 4488): 	at app.zxtune.playback.IteratorFactory.createIterator(IteratorFactory.java:52)
W/app.zxtune.playback.PlaybackServiceLocal( 4488): 	at app.zxtune.playback.PlaybackServiceLocal$SetNowPlayingCommand.run(PlaybackServiceLocal.java:78)
W/app.zxtune.playback.PlaybackServiceLocal( 4488): 	at java.util.concurrent.ThreadPoolExecutor.runWorker(ThreadPoolExecutor.java:1088)
W/app.zxtune.playback.PlaybackServiceLocal( 4488): 	at java.util.concurrent.ThreadPoolExecutor$Worker.run(ThreadPoolExecutor.java:581)
W/app.zxtune.playback.PlaybackServiceLocal( 4488): 	at java.lang.Thread.run(Thread.java:1019)
D/        ( 1701): 
D/        ( 1701):  set_light_touchkey is called!!!
D/        ( 1701): 
D/        ( 1701):  light_touchkey on/off = 0
W/PowerManagerService( 1701): Timer 0x7->0x3|0x0
I/PowerManagerService( 1701): Ulight 7->3|0
D/PowerManagerService( 1701): setLightBrightness : mButtonLight : 0
I/InputReader( 1701): dispatchTouch::touch event's action is 0, pending(waiting finished signal)=0
I/InputDispatcher( 1701): Delivering touch to current input target: action: 0
I/InputDispatcher( 1701): Delivering touch to current input target: action: 0
D/        ( 1701): 
D/        ( 1701):  set_light_touchkey is called!!!
D/        ( 1701): 
D/        ( 1701):  light_touchkey on/off = 1
I/PowerManagerService( 1701): Ulight 3->7|0
D/PowerManagerService( 1701): setLightBrightness : mButtonLight : 79
I/InputReader( 1701): dispatchTouch::touch event's action is 1, pending(waiting finished signal)=0
I/InputDispatcher( 1701): Delivering touch to current input target: action: 1
I/InputDispatcher( 1701): Delivering touch to current input target: action: 1
D/app.zxtune.fs.zxtunes.RemoteCatalog( 4488): Set useragent to ZXTune beta/r2705
D/app.zxtune.fs.zxtunes.Database( 4488): queryAuthors(222)
D/app.zxtune.fs.zxtunes.RemoteCatalog( 4488): Fetch 4485 bytes via http://www.zxtunes.com/downloads.php?id=10175
W/app.zxtune.playback.PlaybackServiceLocal( 4488): setNowPlaying()
W/app.zxtune.playback.PlaybackServiceLocal( 4488): java.io.IOException: No items to play
W/app.zxtune.playback.PlaybackServiceLocal( 4488): 	at app.zxtune.playback.FileIterator.<init>(FileIterator.java:39)
W/app.zxtune.playback.PlaybackServiceLocal( 4488): 	at app.zxtune.playback.IteratorFactory.createIterator(IteratorFactory.java:37)
W/app.zxtune.playback.PlaybackServiceLocal( 4488): 	at app.zxtune.playback.IteratorFactory.createIterator(IteratorFactory.java:52)
W/app.zxtune.playback.PlaybackServiceLocal( 4488): 	at app.zxtune.playback.PlaybackServiceLocal$SetNowPlayingCommand.run(PlaybackServiceLocal.java:78)
W/app.zxtune.playback.PlaybackServiceLocal( 4488): 	at java.util.concurrent.ThreadPoolExecutor.runWorker(ThreadPoolExecutor.java:1088)
W/app.zxtune.playback.PlaybackServiceLocal( 4488): 	at java.util.concurrent.ThreadPoolExecutor$Worker.run(ThreadPoolExecutor.java:581)
W/app.zxtune.playback.PlaybackServiceLocal( 4488): 	at java.lang.Thread.run(Thread.java:1019)
I/InputReader( 1701): dispatchTouch::touch event's action is 0, pending(waiting finished signal)=0
I/InputDispatcher( 1701): Delivering touch to current input target: action: 0
I/InputDispatcher( 1701): Delivering touch to current input target: action: 0
I/InputReader( 1701): dispatchTouch::touch event's action is 1, pending(waiting finished signal)=0
I/InputDispatcher( 1701): Delivering touch to current input target: action: 1
I/InputDispatcher( 1701): Delivering touch to current input target: action: 1
D/app.zxtune.fs.zxtunes.RemoteCatalog( 4488): Set useragent to ZXTune beta/r2705
D/app.zxtune.fs.zxtunes.Database( 4488): queryAuthors(222)
D/app.zxtune.fs.zxtunes.RemoteCatalog( 4488): Fetch 2345 bytes via http://www.zxtunes.com/downloads.php?id=10176
W/app.zxtune.playback.PlaybackServiceLocal( 4488): setNowPlaying()
W/app.zxtune.playback.PlaybackServiceLocal( 4488): java.io.IOException: No items to play
W/app.zxtune.playback.PlaybackServiceLocal( 4488): 	at app.zxtune.playback.FileIterator.<init>(FileIterator.java:39)
W/app.zxtune.playback.PlaybackServiceLocal( 4488): 	at app.zxtune.playback.IteratorFactory.createIterator(IteratorFactory.java:37)
W/app.zxtune.playback.PlaybackServiceLocal( 4488): 	at app.zxtune.playback.IteratorFactory.createIterator(IteratorFactory.java:52)
W/app.zxtune.playback.PlaybackServiceLocal( 4488): 	at app.zxtune.playback.PlaybackServiceLocal$SetNowPlayingCommand.run(PlaybackServiceLocal.java:78)
W/app.zxtune.playback.PlaybackServiceLocal( 4488): 	at java.util.concurrent.ThreadPoolExecutor.runWorker(ThreadPoolExecutor.java:1088)
W/app.zxtune.playback.PlaybackServiceLocal( 4488): 	at java.util.concurrent.ThreadPoolExecutor$Worker.run(ThreadPoolExecutor.java:581)
