W/app.zxtune.playback.PlaybackServiceLocal( 4488): 	at java.lang.Thread.run(Thread.java:1019)
I/InputReader( 1701): dispatchTouch::touch event's action is 0, pending(waiting finished signal)=0
I/InputDispatcher( 1701): Delivering touch to current input target: action: 0
I/InputDispatcher( 1701): Delivering touch to current input target: action: 0
W/WifiStateTracker( 1701): ------ msg.what =8
I/InputReader( 1701): dispatchTouch::touch event's action is 1, pending(waiting finished signal)=0
I/InputDispatcher( 1701): Delivering touch to current input target: action: 1
I/InputDispatcher( 1701): Delivering touch to current input target: action: 1
D/app.zxtune.fs.zxtunes.RemoteCatalog( 4488): Set useragent to ZXTune beta/r2705
D/app.zxtune.fs.zxtunes.Database( 4488): queryAuthors(222)
D/app.zxtune.fs.zxtunes.RemoteCatalog( 4488): Fetch 2345 bytes via http://www.zxtunes.com/downloads.php?id=10176
W/app.zxtune.playback.PlaybackServiceLocal( 4488): setNowPlaying()
W/app.zxtune.playback.PlaybackServiceLocal( 4488): java.io.IOException: No items to play
W/app.zxtune.playback.PlaybackServiceLocal( 4488): 	at app.zxtune.playback.FileIterator.<init>(FileIterator.java:39)
W/app.zxtune.playback.PlaybackServiceLocal( 4488): 	at app.zxtune.playback.IteratorFactory.createIterator(IteratorFactory.java:37)
W/app.zxtune.playback.PlaybackServiceLocal( 4488): 	at app.zxtune.playback.IteratorFactory.createIterator(IteratorFactory.java:52)
W/app.zxtune.playback.PlaybackServiceLocal( 4488): 	at app.zxtune.playback.PlaybackServiceLocal$SetNowPlayingCommand.run(PlaybackServiceLocal.java:78)
W/app.zxtune.playback.PlaybackServiceLocal( 4488): 	at java.util.concurrent.ThreadPoolExecutor.runWorker(ThreadPoolExecutor.java:1088)
W/app.zxtune.playback.PlaybackServiceLocal( 4488): 	at java.util.concurrent.ThreadPoolExecutor$Worker.run(ThreadPoolExecutor.java:581)
W/app.zxtune.playback.PlaybackServiceLocal( 4488): 	at java.lang.Thread.run(Thread.java:1019)
D/dalvikvm( 3710): GC_EXPLICIT freed 17K, 43% free 3711K/6407K, external 0K/1280K, paused 91ms
I/InputReader( 1701): dispatchTouch::touch event's action is 0, pending(waiting finished signal)=0
I/InputDispatcher( 1701): Delivering touch to current input target: action: 0
I/InputDispatcher( 1701): Delivering touch to current input target: action: 0
I/InputReader( 1701): dispatchTouch::touch event's action is 1, pending(waiting finished signal)=0
I/InputDispatcher( 1701): Delivering touch to current input target: action: 1
I/InputDispatcher( 1701): Delivering touch to current input target: action: 1
D/app.zxtune.fs.zxtunes.RemoteCatalog( 4488): Set useragent to ZXTune beta/r2705
D/app.zxtune.fs.zxtunes.Database( 4488): queryAuthors(222)
I/InputReader( 1701): dispatchTouch::touch event's action is 0, pending(waiting finished signal)=0
I/InputDispatcher( 1701): Delivering touch to current input target: action: 0
I/InputDispatcher( 1701): Delivering touch to current input target: action: 0
I/InputReader( 1701): dispatchTouch::touch event's action is 1, pending(waiting finished signal)=0
I/InputDispatcher( 1701): Delivering touch to current input target: action: 1
I/InputDispatcher( 1701): Delivering touch to current input target: action: 1
D/app.zxtune.fs.zxtunes.RemoteCatalog( 4488): Fetch 2345 bytes via http://www.zxtunes.com/downloads.php?id=10176
W/app.zxtune.playback.PlaybackServiceLocal( 4488): setNowPlaying()
W/app.zxtune.playback.PlaybackServiceLocal( 4488): java.io.IOException: No items to play
W/app.zxtune.playback.PlaybackServiceLocal( 4488): 	at app.zxtune.playback.FileIterator.<init>(FileIterator.java:39)
W/app.zxtune.playback.PlaybackServiceLocal( 4488): 	at app.zxtune.playback.IteratorFactory.createIterator(IteratorFactory.java:37)
W/app.zxtune.playback.PlaybackServiceLocal( 4488): 	at app.zxtune.playback.IteratorFactory.createIterator(IteratorFactory.java:52)
W/app.zxtune.playback.PlaybackServiceLocal( 4488): 	at app.zxtune.playback.PlaybackServiceLocal$SetNowPlayingCommand.run(PlaybackServiceLocal.java:78)
W/app.zxtune.playback.PlaybackServiceLocal( 4488): 	at java.util.concurrent.ThreadPoolExecutor.runWorker(ThreadPoolExecutor.java:1088)
W/app.zxtune.playback.PlaybackServiceLocal( 4488): 	at java.util.concurrent.ThreadPoolExecutor$Worker.run(ThreadPoolExecutor.java:581)
W/app.zxtune.playback.PlaybackServiceLocal( 4488): 	at java.lang.Thread.run(Thread.java:1019)
D/app.zxtune.fs.zxtunes.RemoteCatalog( 4488): Set useragent to ZXTune beta/r2705
D/app.zxtune.fs.zxtunes.Database( 4488): queryAuthors(222)
D/dalvikvm( 4488): GC_CONCURRENT freed 368K, 50% free 2940K/5831K, external 25K/1283K, paused 7ms+2ms
D/app.zxtune.fs.zxtunes.RemoteCatalog( 4488): Fetch 2345 bytes via http://www.zxtunes.com/downloads.php?id=10176
W/app.zxtune.playback.PlaybackServiceLocal( 4488): setNowPlaying()
W/app.zxtune.playback.PlaybackServiceLocal( 4488): java.io.IOException: No items to play
W/app.zxtune.playback.PlaybackServiceLocal( 4488): 	at app.zxtune.playback.FileIterator.<init>(FileIterator.java:39)
W/app.zxtune.playback.PlaybackServiceLocal( 4488): 	at app.zxtune.playback.IteratorFactory.createIterator(IteratorFactory.java:37)
W/app.zxtune.playback.PlaybackServiceLocal( 4488): 	at app.zxtune.playback.IteratorFactory.createIterator(IteratorFactory.java:52)
W/app.zxtune.playback.PlaybackServiceLocal( 4488): 	at app.zxtune.playback.PlaybackServiceLocal$SetNowPlayingCommand.run(PlaybackServiceLocal.java:78)
W/app.zxtune.playback.PlaybackServiceLocal( 4488): 	at java.util.concurrent.ThreadPoolExecutor.runWorker(ThreadPoolExecutor.java:1088)
W/app.zxtune.playback.PlaybackServiceLocal( 4488): 	at java.util.concurrent.ThreadPoolExecutor$Worker.run(ThreadPoolExecutor.java:581)
W/app.zxtune.playback.PlaybackServiceLocal( 4488): 	at java.lang.Thread.run(Thread.java:1019)
I/InputReader( 1701): dispatchTouch::touch event's action is 0, pending(waiting finished signal)=0
I/InputDispatcher( 1701): Delivering touch to current input target: action: 0
I/InputDispatcher( 1701): Delivering touch to current input target: action: 0
W/WifiStateTracker( 1701): ------ msg.what =8
I/InputReader( 1701): dispatchTouch::touch event's action is 1, pending(waiting finished signal)=0
I/InputDispatcher( 1701): Delivering touch to current input target: action: 1
I/InputDispatcher( 1701): Delivering touch to current input target: action: 1
I/InputReader( 1701): dispatchTouch::touch event's action is 0, pending(waiting finished signal)=0
I/InputDispatcher( 1701): Delivering touch to current input target: action: 0
I/InputDispatcher( 1701): Delivering touch to current input target: action: 0
I/InputReader( 1701): dispatchTouch::touch event's action is 1, pending(waiting finished signal)=0
I/InputDispatcher( 1701): Delivering touch to current input target: action: 1
I/InputDispatcher( 1701): Delivering touch to current input target: action: 1
I/InputReader( 1701): dispatchTouch::touch event's action is 0, pending(waiting finished signal)=0
I/InputDispatcher( 1701): Delivering touch to current input target: action: 0
I/InputDispatcher( 1701): Delivering touch to current input target: action: 0
I/InputReader( 1701): dispatchTouch::touch event's action is 1, pending(waiting finished signal)=0
I/InputDispatcher( 1701): Delivering touch to current input target: action: 1
I/InputDispatcher( 1701): Delivering touch to current input target: action: 1
D/app.zxtune.fs.zxtunes.RemoteCatalog( 4488): Set useragent to ZXTune beta/r2705
D/app.zxtune.fs.zxtunes.Database( 4488): queryAuthors(222)
W/InputManagerService( 1701): Window already focused, ignoring focus gain of: com.android.internal.view.IInputMethodClient$Stub$Proxy@40ce2ae8
D/app.zxtune.fs.zxtunes.RemoteCatalog( 4488): Fetch 2345 bytes via http://www.zxtunes.com/downloads.php?id=10176
W/app.zxtune.playback.PlaybackServiceLocal( 4488): setNowPlaying()
W/app.zxtune.playback.PlaybackServiceLocal( 4488): java.io.IOException: No items to play
W/app.zxtune.playback.PlaybackServiceLocal( 4488): 	at app.zxtune.playback.FileIterator.<init>(FileIterator.java:39)
W/app.zxtune.playback.PlaybackServiceLocal( 4488): 	at app.zxtune.playback.IteratorFactory.createIterator(IteratorFactory.java:37)
W/app.zxtune.playback.PlaybackServiceLocal( 4488): 	at app.zxtune.playback.IteratorFactory.createIterator(IteratorFactory.java:52)
W/app.zxtune.playback.PlaybackServiceLocal( 4488): 	at app.zxtune.playback.PlaybackServiceLocal$SetNowPlayingCommand.run(PlaybackServiceLocal.java:78)
W/app.zxtune.playback.PlaybackServiceLocal( 4488): 	at java.util.concurrent.ThreadPoolExecutor.runWorker(ThreadPoolExecutor.java:1088)
W/app.zxtune.playback.PlaybackServiceLocal( 4488): 	at java.util.concurrent.ThreadPoolExecutor$Worker.run(ThreadPoolExecutor.java:581)
W/app.zxtune.playback.PlaybackServiceLocal( 4488): 	at java.lang.Thread.run(Thread.java:1019)
W/WifiStateTracker( 1701): ------ msg.what =8
D/        ( 1701): 
D/        ( 1701):  set_light_touchkey is called!!!
D/        ( 1701): 
D/        ( 1701):  light_touchkey on/off = 0
W/PowerManagerService( 1701): Timer 0x7->0x3|0x0
I/PowerManagerService( 1701): Ulight 7->3|0
D/PowerManagerService( 1701): setLightBrightness : mButtonLight : 0
I/InputReader( 1701): dispatchTouch::touch event's action is 0, pending(waiting finished signal)=0
I/InputDispatcher( 1701): Delivering touch to current input target: action: 0
I/InputDispatcher( 1701): Delivering touch to current input target: action: 0
D/        ( 1701): 
D/        ( 1701):  set_light_touchkey is called!!!
D/        ( 1701): 
D/        ( 1701):  light_touchkey on/off = 1
I/PowerManagerService( 1701): Ulight 3->7|0
D/PowerManagerService( 1701): setLightBrightness : mButtonLight : 79
I/InputReader( 1701): dispatchTouch::touch event's action is 1, pending(waiting finished signal)=0
I/InputDispatcher( 1701): Delivering touch to current input target: action: 1
I/InputDispatcher( 1701): Delivering touch to current input target: action: 1
I/InputReader( 1701): dispatchTouch::touch event's action is 0, pending(waiting finished signal)=0
I/InputDispatcher( 1701): Delivering touch to current input target: action: 0
I/InputDispatcher( 1701): Delivering touch to current input target: action: 0
I/InputReader( 1701): dispatchTouch::touch event's action is 1, pending(waiting finished signal)=0
I/InputDispatcher( 1701): Delivering touch to current input target: action: 1
I/InputDispatcher( 1701): Delivering touch to current input target: action: 1
W/WifiStateTracker( 1701): ------ msg.what =8
I/InputReader( 1701): dispatchTouch::touch event's action is 0, pending(waiting finished signal)=0
I/InputDispatcher( 1701): Delivering touch to current input target: action: 0
I/InputDispatcher( 1701): Delivering touch to current input target: action: 0
I/InputReader( 1701): dispatchTouch::touch event's action is 1, pending(waiting finished signal)=0
I/InputDispatcher( 1701): Delivering touch to current input target: action: 1
I/InputDispatcher( 1701): Delivering touch to current input target: action: 1
D/app.zxtune.ScanService.InsertItemsThread( 4488): started
D/app.zxtune.ScanService( 4488): scan on zxtunes:/%D0%90%D0%B2%D1%82%D0%BE%D1%80%D1%8B/Graf/1997/HORSES.pt2?author=222&track=10176
D/app.zxtune.fs.zxtunes.RemoteCatalog( 4488): Set useragent to ZXTune beta/r2705
D/app.zxtune.fs.zxtunes.Database( 4488): queryAuthors(222)
W/InputManagerService( 1701): Window already focused, ignoring focus gain of: com.android.internal.view.IInputMethodClient$Stub$Proxy@405a4448
D/app.zxtune.fs.zxtunes.RemoteCatalog( 4488): Fetch 2345 bytes via http://www.zxtunes.com/downloads.php?id=10176
D/app.zxtune.ScanService( 4488): Scan canceled
D/app.zxtune.ScanService( 4488): java.io.IOException: No items to play
D/app.zxtune.ScanService( 4488): 	at app.zxtune.playback.FileIterator.<init>(FileIterator.java:39)
D/app.zxtune.ScanService( 4488): 	at app.zxtune.playback.IteratorFactory.createIterator(IteratorFactory.java:37)
D/app.zxtune.ScanService( 4488): 	at app.zxtune.playback.IteratorFactory.createIterator(IteratorFactory.java:52)
D/app.zxtune.ScanService( 4488): 	at app.zxtune.ScanService.scan(ScanService.java:107)
D/app.zxtune.ScanService( 4488): 	at app.zxtune.ScanService.scan(ScanService.java:99)
D/app.zxtune.ScanService( 4488): 	at app.zxtune.ScanService.onHandleIntent(ScanService.java:91)
D/app.zxtune.ScanService( 4488): 	at android.app.IntentService$ServiceHandler.handleMessage(IntentService.java:59)
D/app.zxtune.ScanService( 4488): 	at android.os.Handler.dispatchMessage(Handler.java:99)
D/app.zxtune.ScanService( 4488): 	at android.os.Looper.loop(Looper.java:130)
D/app.zxtune.ScanService( 4488): 	at android.os.HandlerThread.run(HandlerThread.java:60)
D/app.zxtune.ScanService.InsertItemsThread( 4488): cancel()
D/app.zxtune.ScanService.InsertItemsThread( 4488): interrupted
D/app.zxtune.ScanService.InsertItemsThread( 4488): stopping
D/app.zxtune.ScanService.InsertItemsThread( 4488): waitForFinish()
D/        ( 1701): 
D/        ( 1701):  set_light_touchkey is called!!!
D/        ( 1701): 
D/        ( 1701):  light_touchkey on/off = 0
W/PowerManagerService( 1701): Timer 0x7->0x3|0x0
I/PowerManagerService( 1701): Ulight 7->3|0
D/PowerManagerService( 1701): setLightBrightness : mButtonLight : 0
D/[FT]-Stack( 3399): 35000_true
D/[FT]-Stack( 3399): device announce
W/WifiStateTracker( 1701): ------ msg.what =8
D/[FT]-Stack( 3399): device announce
I/InputReader( 1701): dispatchTouch::touch event's action is 0, pending(waiting finished signal)=0
I/InputDispatcher( 1701): Delivering touch to current input target: action: 0
I/InputDispatcher( 1701): Delivering touch to current input target: action: 0
D/        ( 1701): 
D/        ( 1701):  set_light_touchkey is called!!!
D/        ( 1701): 
D/        ( 1701):  light_touchkey on/off = 1
I/PowerManagerService( 1701): Ulight 3->7|0
D/PowerManagerService( 1701): setLightBrightness : mButtonLight : 79
I/InputReader( 1701): dispatchTouch::touch event's action is 1, pending(waiting finished signal)=1
I/InputDispatcher( 1701): Delivering touch to current input target: action: 1
I/InputDispatcher( 1701): Delivering touch to current input target: action: 1
I/InputReader( 1701): dispatchTouch::touch event's action is 0, pending(waiting finished signal)=0
I/InputDispatcher( 1701): Delivering touch to current input target: action: 0
I/InputDispatcher( 1701): Delivering touch to current input target: action: 0
E/AlarmManagerService( 1701): android_server_AlarmManagerService_set to type=1, 1383660300.000000000
V/AlarmManager( 1701): <-- waitForAlarm(mDescriptor); result = 2
V/AlarmManager( 1701): --> waitForAlarm(mDescriptor);
I/InputReader( 1701): dispatchTouch::touch event's action is 1, pending(waiting finished signal)=0
I/InputDispatcher( 1701): Delivering touch to current input target: action: 1
I/InputDispatcher( 1701): Delivering touch to current input target: action: 1
I/InputReader( 1701): dispatchTouch::touch event's action is 0, pending(waiting finished signal)=0
I/InputDispatcher( 1701): Delivering touch to current input target: action: 0
I/InputDispatcher( 1701): Delivering touch to current input target: action: 0
D/dalvikvm( 4034): GC_EXPLICIT freed 13K, 49% free 2792K/5379K, external 20K/1300K, paused 69ms
I/InputReader( 1701): dispatchTouch::touch event's action is 1, pending(waiting finished signal)=0
I/InputDispatcher( 1701): Delivering touch to current input target: action: 1
I/InputDispatcher( 1701): Delivering touch to current input target: action: 1
I/InputReader( 1701): dispatchTouch::touch event's action is 0, pending(waiting finished signal)=0
I/InputDispatcher( 1701): Delivering touch to current input target: action: 0
I/InputDispatcher( 1701): Delivering touch to current input target: action: 0
I/InputReader( 1701): dispatchTouch::touch event's action is 1, pending(waiting finished signal)=0
I/InputDispatcher( 1701): Delivering touch to current input target: action: 1
I/InputDispatcher( 1701): Delivering touch to current input target: action: 1
I/InputReader( 1701): dispatchTouch::touch event's action is 0, pending(waiting finished signal)=0
I/InputDispatcher( 1701): Delivering touch to current input target: action: 0
I/InputDispatcher( 1701): Delivering touch to current input target: action: 0
I/InputReader( 1701): dispatchTouch::touch event's action is 1, pending(waiting finished signal)=0
I/InputDispatcher( 1701): Delivering touch to current input target: action: 1
I/InputDispatcher( 1701): Delivering touch to current input target: action: 1
W/WifiStateTracker( 1701): ------ msg.what =8
I/InputReader( 1701): dispatchTouch::touch event's action is 0, pending(waiting finished signal)=0
I/InputDispatcher( 1701): Delivering touch to current input target: action: 0
I/InputDispatcher( 1701): Delivering touch to current input target: action: 0
I/InputReader( 1701): dispatchTouch::touch event's action is 1, pending(waiting finished signal)=1
I/InputDispatcher( 1701): Delivering touch to current input target: action: 1
I/InputDispatcher( 1701): Delivering touch to current input target: action: 1
I/InputReader( 1701): dispatchTouch::touch event's action is 0, pending(waiting finished signal)=0
I/InputDispatcher( 1701): Delivering touch to current input target: action: 0
I/InputDispatcher( 1701): Delivering touch to current input target: action: 0
I/InputReader( 1701): dispatchTouch::touch event's action is 1, pending(waiting finished signal)=1
I/InputDispatcher( 1701): Delivering touch to current input target: action: 1
I/InputDispatcher( 1701): Delivering touch to current input target: action: 1
W/WifiStateTracker( 1701): ------ msg.what =8
D/        ( 1701): 
D/        ( 1701):  set_light_touchkey is called!!!
D/        ( 1701): 
D/        ( 1701):  light_touchkey on/off = 0
W/PowerManagerService( 1701): Timer 0x7->0x3|0x0
I/PowerManagerService( 1701): Ulight 7->3|0
D/PowerManagerService( 1701): setLightBrightness : mButtonLight : 0
D/InputReader( 1701): Input event: value=1
D/        ( 1701): 
D/        ( 1701):  set_light_touchkey is called!!!
D/        ( 1701): 
D/        ( 1701):  light_touchkey on/off = 1
I/PowerManagerService( 1701): Ulight 3->7|0
D/PowerManagerService( 1701): setLightBrightness : mButtonLight : 79
I/InputDispatcher( 1701): Delivering key to current input target: action: 0
I/InputDispatcher( 1701): Delivering key to current input target: action: 0
W/KeyCharacterMap( 4479): Can't open keycharmap file
W/KeyCharacterMap( 4479): Using default keymap: /system/usr/keychars/qwerty.kcm.bin
D/InputReader( 1701): Input event: value=0
I/InputDispatcher( 1701): Delivering key to current input target: action: 1
I/InputDispatcher( 1701): Delivering key to current input target: action: 1
I/InputReader( 1701): dispatchTouch::touch event's action is 0, pending(waiting finished signal)=0
I/InputDispatcher( 1701): Delivering touch to current input target: action: 0
I/InputDispatcher( 1701): Delivering touch to current input target: action: 0
I/InputReader( 1701): dispatchTouch::touch event's action is 1, pending(waiting finished signal)=0
I/InputDispatcher( 1701): Delivering touch to current input target: action: 1
I/InputDispatcher( 1701): Delivering touch to current input target: action: 1
D/app.zxtune.PlaybackServiceConnection( 4479): Disconnecting from service
D/app.zxtune.MainService( 4488): Destroying
D/app.zxtune.MainService$ChangedSettingsReceiver( 4488): Unregistered
D/app.zxtune.PhoneCallHandler( 4488): Unregistered
E/power   ( 1701): acquire_dvfs_lock : ERROR : NOT SUPPORT DVFS LOCK 
E/power   ( 1701): acquire_dvfs_lock_old() : acquire : return -1
D/PowerManagerService( 1701): acquireDVFSlock : level : 1,    timeMS : 3000
V/SurfaceView( 1956): com.go.gl.view.GLContentView@40650b20 got app visibiltiy is changed: true
I/OrientationDebug( 1701): [pwm] in updateOrientationListenerLp()
V/OrientationDebug( 1701): in updateOrientationListenerLp(), Screen status=true, current orientation=1, SensorEnabled=false
I/OrientationDebug( 1701): [pwm] needSensorRunningLp(), return false #3
E/WallpaperService( 1701): setDimensionHints ! w=960
I/GLThread( 1956): onResume tid=21
I/Main thread( 1956): onResume waiting for !mPaused.
I/GLThread( 1956): mPaused is now false tid=21
I/LicenseChecker( 1956): Using cached license response
I/GLThread( 1956): noticed surfaceView surface acquired tid=21
W/EglHelper( 1956): start() tid=21
I/Mali-EGL( 1956): Mali libraries compiled on Feb 21 2012, at 16:16:24
W/EglHelper( 1956): createContext com.google.android.gles_jni.EGLContextImpl@4090df20 tid=21
W/GLThread( 1956): egl createSurface
W/EglHelper( 1956): createSurface()  tid=21
I/Main thread( 1956): onWindowResize waiting for render complete from tid=21
W/GLThread( 1956): onSurfaceCreated
W/GLThread( 1956): onSurfaceChanged(480, 800)
I/GLThread( 1956): noticing that we want render notification tid=21
I/Main thread( 1956): onWindowResize waiting for render complete from tid=21
W/GLThread( 1956): onSurfaceChanged(480, 800)
I/GLThread( 1956): sending render notification tid=21
D/CLIPBOARD( 4479): Hide Clipboard dialog at Starting input: finished by someone else... !
V/StatusBar( 1701): Hiding status bar panel[1]
V/StatusBar( 1701): Hiding status bar panel[0]
V/StatusBar( 1701): collapse
D/StatusBarService( 1829): animateCollapse() - updateViewLayout
D/StatusBarService( 1829): animateCollapse() - updateViewLayout
E/power   ( 1701): acquire_dvfs_lock : ERROR : NOT SUPPORT DVFS LOCK 
E/power   ( 1701): acquire_dvfs_lock_old : release : acquire_dvfs_lock() return -1
D/PowerManagerService( 1701): acquireDVFSlock : level : -1,    timeMS : 100
I/ActivityManager( 1701): No longer want com.android.packageinstaller (pid 4093): hidden #21
D/app.zxtune.ui.NowPlayingFragment( 4479): Unsubscribe from service events
D/app.zxtune.ui.BrowserFragment( 4479): Saving persistent state
D/app.zxtune.ui.PlaylistFragment( 4479): Saving persistent state
D/app.zxtune.ui.PlaylistFragment( 4479): Unsubscribe from service events
W/WifiStateTracker( 1701): ------ msg.what =8
D/        ( 1701): 
D/        ( 1701):  set_light_touchkey is called!!!
D/        ( 1701): 
D/        ( 1701):  light_touchkey on/off = 0
W/PowerManagerService( 1701): Timer 0x7->0x3|0x0
I/PowerManagerService( 1701): Ulight 7->3|0
D/PowerManagerService( 1701): setLightBrightness : mButtonLight : 0
I/InputReader( 1701): dispatchTouch::touch event's action is 0, pending(waiting finished signal)=0
I/InputDispatcher( 1701): Delivering touch to current input target: action: 0
I/InputDispatcher( 1701): Delivering touch to current input target: action: 0
I/InputDispatcher( 1701): Delivering touch to current input target: action: 0
D/        ( 1701): 
D/        ( 1701):  set_light_touchkey is called!!!
D/        ( 1701): 
D/        ( 1701):  light_touchkey on/off = 1
I/PowerManagerService( 1701): Ulight 3->7|0
D/PowerManagerService( 1701): setLightBrightness : mButtonLight : 79
V/StatusBar( 1701): Showing status bar panel[1]
V/StatusBar( 1701): Showing status bar panel[0]
I/InputReader( 1701): dispatchTouch::touch event's action is 1, pending(waiting finished signal)=0
I/InputDispatcher( 1701): Delivering touch to current input target: action: 1
I/InputDispatcher( 1701): Delivering touch to current input target: action: 1
I/InputDispatcher( 1701): Delivering touch to current input target: action: 1
I/WindowManager( 1701): mAppToken is null , so we can't use SF_BYPASS
I/InputReader( 1701): dispatchTouch::touch event's action is 0, pending(waiting finished signal)=0
I/InputDispatcher( 1701): Delivering touch to current input target: action: 0
I/InputDispatcher( 1701): Delivering touch to current input target: action: 0
I/InputReader( 1701): dispatchTouch::touch event's action is 1, pending(waiting finished signal)=0
I/InputDispatcher( 1701): Delivering touch to current input target: action: 1
I/InputDispatcher( 1701): Delivering touch to current input target: action: 1
E/power   ( 1701): acquire_dvfs_lock : ERROR : NOT SUPPORT DVFS LOCK 
E/power   ( 1701): acquire_dvfs_lock_old() : acquire : return -1
D/PowerManagerService( 1701): acquireDVFSlock : level : 1,    timeMS : 3000
I/OrientationDebug( 1701): [pwm] in updateOrientationListenerLp()
V/OrientationDebug( 1701): in updateOrientationListenerLp(), Screen status=true, current orientation=-1, SensorEnabled=false
I/OrientationDebug( 1701): [pwm] needSensorRunningLp(), return false #3
I/GLThread( 1956): onPause tid=21
I/Main thread( 1956): onPause waiting for mPaused.
I/GLThread( 1956): mPaused is now true tid=21
I/GLThread( 1956): releasing EGL surface because paused tid=21
W/EglHelper( 1956): destroySurface()  tid=21
W/EglHelper( 1956): finish() tid=21
I/GLThread( 1956): releasing EGL context because paused tid=21
E/power   ( 1701): acquire_dvfs_lock : ERROR : NOT SUPPORT DVFS LOCK 
E/power   ( 1701): acquire_dvfs_lock_old : release : acquire_dvfs_lock() return -1
V/SurfaceView( 1956): com.go.gl.view.GLContentView@40650b20 got app visibiltiy is changed: false
I/GLThread( 1956): noticed surfaceView surface lost tid=21
D/PowerManagerService( 1701): acquireDVFSlock : level : -1,    timeMS : 100
I/WindowManager( 1701): mAppToken is null , so we can't use SF_BYPASS
D/PowerManagerService( 1701): acquireWakeLock flags=0xa tag=KEEP_SCREEN_ON_FLAG uid=1000 pid=1701   myUID=1000 myPID=1701 myTID=1953
D/CLIPBOARD( 1956): Hide Clipboard dialog at Starting input: finished by someone else... !
D/dalvikvm( 6400): GC_CONCURRENT freed 981K, 61% free 3144K/7943K, external 689K/1286K, paused 2ms+3ms
W/WifiStateTracker( 1701): ------ msg.what =8
D/dalvikvm( 6400): GC_CONCURRENT freed 166K, 56% free 3501K/7943K, external 689K/1286K, paused 3ms+4ms
D/InputReader( 1701): Input event: value=1
I/InputDispatcher( 1701): Delivering key to current input target: action: 0
I/InputDispatcher( 1701): Delivering key to current input target: action: 0
W/KeyCharacterMap( 6400): Can't open keycharmap file
W/KeyCharacterMap( 6400): Using default keymap: /system/usr/keychars/qwerty.kcm.bin
D/dalvikvm( 6400): GC_CONCURRENT freed 465K, 57% free 3489K/7943K, external 689K/1286K, paused 3ms+6ms
D/InputReader( 1701): Input event: value=0
I/InputDispatcher( 1701): Delivering key to current input target: action: 1
I/InputDispatcher( 1701): Delivering key to current input target: action: 1
D/dalvikvm( 6400): GC_CONCURRENT freed 283K, 54% free 3717K/7943K, external 689K/1286K, paused 2ms+3ms
D/dalvikvm( 6400): GC_CONCURRENT freed 59K, 48% free 4192K/7943K, external 689K/1286K, paused 3ms+3ms
