I/HomeKeyDoubleClick( 1701): addAction() is called.  action = 0  canceled = false
I/HomeKeyDoubleClick( 1701): in addAction(), action is canceled OR repeatCount is not zero. now call reset()
I/HomeKeyDoubleClick( 1701): reset() is called
I/HomeKeyDoubleClick( 1701): in reset()  after reset, mPosted = false  mHomeActionList.size() = 0
D/InputReader( 1701): Input event: value=0
I/ScreenCaptureAction( 1701): updateHomeKeyPressed(), pressed = false
D/RestrictionPolicy( 1701): isHomeKeyEnabled :true
I/HomeKeyDoubleClick( 1701): addAction() is called.  action = 0  canceled = false
I/HomeKeyDoubleClick( 1701): in addAction(), action is canceled OR repeatCount is not zero. now call reset()
I/HomeKeyDoubleClick( 1701): reset() is called
I/HomeKeyDoubleClick( 1701): in reset()  after reset, mPosted = false  mHomeActionList.size() = 0
D/RestrictionPolicy( 1701): isHomeKeyEnabled :true
I/HomeKeyDoubleClick( 1701): addAction() is called.  action = 1  canceled = false
I/WindowOrientationListener( 1701): orientation = 1 Tilt = 59 -- 0 ,  5 ,  8
D/dalvikvm( 2331): GC_CONCURRENT freed 1822K, 58% free 3356K/7879K, external 496K/1286K, paused 3ms+12ms
D/dalvikvm( 1701): GC_CONCURRENT freed 1816K, 41% free 9494K/15943K, external 5011K/5438K, paused 14ms+12ms
I/InputReader( 1701): dispatchTouch::touch event's action is 0, pending(waiting finished signal)=0
I/InputDispatcher( 1701): Delivering touch to current input target: action: 0
D/        ( 1701): 
D/        ( 1701):  set_light_touchkey is called!!!
D/        ( 1701): 
D/        ( 1701):  light_touchkey on/off = 1
I/PowerManagerService( 1701): Ulight 3->7|0
D/PowerManagerService( 1701): setLightBrightness : mButtonLight : 79
I/InputReader( 1701): dispatchTouch::touch event's action is 1, pending(waiting finished signal)=0
I/InputDispatcher( 1701): Delivering touch to current input target: action: 1
E/power   ( 1701): acquire_dvfs_lock : ERROR : NOT SUPPORT DVFS LOCK 
E/power   ( 1701): acquire_dvfs_lock_old() : acquire : return -1
D/PowerManagerService( 1701): acquireDVFSlock : level : 1,    timeMS : 3000
D/app.zxtune.fs.zxtunes.RemoteCatalog( 2410): Set useragent to ZXTune beta/r2706M
D/app.zxtune.ui.BrowserFragment( 2410): Load persistent state
D/app.zxtune.fs.zxtunes.Database( 2410): queryAuthors(386)
D/app.zxtune.ui.PlaylistFragment( 2410): Loading persistent state
D/app.zxtune.PlaybackServiceConnection( 2410): Connecting to service
I/WindowOrientationListener( 1701): orientation = 0 Tilt = 53 -- 0 ,  5 ,  8
D/app.zxtune.playlist.Database( 2410): queryPlaylistItems(null) called
D/CLIPBOARD( 2331): Hide Clipboard dialog at Starting input: finished by someone else... !
E/power   ( 1701): acquire_dvfs_lock : ERROR : NOT SUPPORT DVFS LOCK 
E/power   ( 1701): acquire_dvfs_lock_old : release : acquire_dvfs_lock() return -1
D/PowerManagerService( 1701): acquireDVFSlock : level : -1,    timeMS : 100
D/app.zxtune.MainService( 2532): Creating
D/app.zxtune.PhoneCallHandler( 2532): Registered
D/app.zxtune.MainService( 2532): connectMediaButtons = false
D/app.zxtune.MainService( 2532): connectHeadPhonesPluggins = false
D/app.zxtune.MainService$ChangedSettingsReceiver( 2532): Registered
D/app.zxtune.MainService( 2532): onBind called
D/app.zxtune.MainService( 2532): StartCommand called
D/app.zxtune.PhoneCallHandler( 2532): Process call state to 0
D/app.zxtune.PlaybackServiceConnection( 2410): Connected!
D/app.zxtune.ui.NowPlayingFragment( 2410): Subscribe to service events
D/dalvikvm( 2532): Trying to load lib /data/data/app.zxtune/lib/libzxtune.so 0x4051d930
D/dalvikvm( 2410): GC_CONCURRENT freed 299K, 47% free 3538K/6663K, external 1486K/2155K, paused 2ms+6ms
D/dalvikvm( 2532): Added shared lib /data/data/app.zxtune/lib/libzxtune.so 0x4051d930
D/dalvikvm( 2532): No JNI_OnLoad found in /data/data/app.zxtune/lib/libzxtune.so 0x4051d930, skipping init
D/app.zxtune.ui.PlaylistFragment( 2410): Subscribe to service events
D/FastDormancy( 1925):  before ======= ENTER DORMANCY =======
I/WindowOrientationListener( 1701): orientation = 0 Tilt = 57 -- 0 ,  5 ,  8
I/InputReader( 1701): dispatchTouch::touch event's action is 0, pending(waiting finished signal)=0
I/InputDispatcher( 1701): Delivering touch to current input target: action: 0
I/InputReader( 1701): dispatchTouch::touch event's action is 1, pending(waiting finished signal)=0
I/InputDispatcher( 1701): Delivering touch to current input target: action: 1
I/InputReader( 1701): dispatchTouch::touch event's action is 0, pending(waiting finished signal)=0
I/InputDispatcher( 1701): Delivering touch to current input target: action: 0
I/InputReader( 1701): dispatchTouch::touch event's action is 1, pending(waiting finished signal)=1
I/InputDispatcher( 1701): Delivering touch to current input target: action: 1
I/WindowOrientationListener( 1701): orientation = 358 Tilt = 58 -- 0 ,  5 ,  8
I/WindowOrientationListener( 1701): orientation = 358 Tilt = 52 -- 0 ,  6 ,  7
D/        ( 1701): 
D/        ( 1701):  set_light_touchkey is called!!!
D/        ( 1701): 
D/        ( 1701):  light_touchkey on/off = 0
I/InputReader( 1701): dispatchTouch::touch event's action is 0, pending(waiting finished signal)=0
I/InputDispatcher( 1701): Delivering touch to current input target: action: 0
W/PowerManagerService( 1701): Timer 0x7->0x3|0x0
I/PowerManagerService( 1701): Ulight 7->3|0
D/PowerManagerService( 1701): setLightBrightness : mButtonLight : 0
D/        ( 1701): 
D/        ( 1701):  set_light_touchkey is called!!!
D/        ( 1701): 
D/        ( 1701):  light_touchkey on/off = 1
I/PowerManagerService( 1701): Ulight 3->7|0
D/PowerManagerService( 1701): setLightBrightness : mButtonLight : 79
I/InputReader( 1701): dispatchTouch::touch event's action is 1, pending(waiting finished signal)=0
I/InputDispatcher( 1701): Delivering touch to current input target: action: 1
D/app.zxtune.ui.BrowserFragment( 2410): Set current path to 
I/WindowOrientationListener( 1701): orientation = 353 Tilt = 52 -- 0 ,  5 ,  7
I/InputReader( 1701): dispatchTouch::touch event's action is 0, pending(waiting finished signal)=0
I/InputDispatcher( 1701): Delivering touch to current input target: action: 0
I/InputReader( 1701): dispatchTouch::touch event's action is 1, pending(waiting finished signal)=0
I/InputDispatcher( 1701): Delivering touch to current input target: action: 1
D/app.zxtune.ui.BrowserFragment( 2410): Set current path to zxtunes:
I/WindowOrientationListener( 1701): orientation = 354 Tilt = 54 -- 0 ,  5 ,  8
I/InputReader( 1701): dispatchTouch::touch event's action is 0, pending(waiting finished signal)=0
I/InputDispatcher( 1701): Delivering touch to current input target: action: 0
D/dalvikvm( 2331): GC_EXPLICIT freed 302K, 61% free 3125K/7879K, external 496K/1286K, paused 56ms
I/InputReader( 1701): dispatchTouch::touch event's action is 1, pending(waiting finished signal)=0
I/InputDispatcher( 1701): Delivering touch to current input target: action: 1
D/app.zxtune.ui.BrowserFragment( 2410): Set current path to zxtunes:/%D0%90%D0%B2%D1%82%D0%BE%D1%80%D1%8B
D/FastDormancy( 1925):  before ======= ENTER DORMANCY =======
D/app.zxtune.fs.zxtunes.Database( 2410): queryAuthors(null)
I/WindowOrientationListener( 1701): orientation = 356 Tilt = 54 -- 0 ,  5 ,  8
I/InputReader( 1701): dispatchTouch::touch event's action is 0, pending(waiting finished signal)=0
I/InputDispatcher( 1701): Delivering touch to current input target: action: 0
I/InputReader( 1701): dispatchTouch::touch event's action is 1, pending(waiting finished signal)=1
I/InputDispatcher( 1701): Delivering touch to current input target: action: 1
I/WindowOrientationListener( 1701): orientation = 356 Tilt = 54 -- 0 ,  5 ,  8
I/InputReader( 1701): dispatchTouch::touch event's action is 0, pending(waiting finished signal)=0
I/InputDispatcher( 1701): Delivering touch to current input target: action: 0
I/WindowOrientationListener( 1701): orientation = 358 Tilt = 56 -- 0 ,  5 ,  8
I/InputReader( 1701): dispatchTouch::touch event's action is 1, pending(waiting finished signal)=0
I/InputDispatcher( 1701): Delivering touch to current input target: action: 1
I/WindowOrientationListener( 1701): orientation = 359 Tilt = 56 -- 0 ,  5 ,  8
I/InputReader( 1701): dispatchTouch::touch event's action is 0, pending(waiting finished signal)=0
I/InputDispatcher( 1701): Delivering touch to current input target: action: 0
I/InputReader( 1701): dispatchTouch::touch event's action is 1, pending(waiting finished signal)=0
I/InputDispatcher( 1701): Delivering touch to current input target: action: 1
D/app.zxtune.ui.BrowserFragment( 2410): Set current path to zxtunes:/%D0%90%D0%B2%D1%82%D0%BE%D1%80%D1%8B/Kent?author=476
D/app.zxtune.fs.zxtunes.CachingCatalog( 2410): Tracks cache is empty for id=null author=476
I/WindowOrientationListener( 1701): orientation = 358 Tilt = 57 -- 0 ,  5 ,  8
I/TelephonyRegistry( 1701): notifyDataConnection: state=2 activeState=2 isDataConnectivityPossible=true reason=networkTypeChanged apn=internet interfaceName=pdp0 networkType=3
D/MobileDataStateTracker( 1701): replacing old mInterfaceName (pdp0) with pdp0 for hipri
D/MobileDataStateTracker( 1701): replacing old mInterfaceName (pdp0) with pdp0 for supl
D/MobileDataStateTracker( 1701): i'm MMS so do nothing about available
D/MobileDataStateTracker( 1701): default Received state= CONNECTED, old= CONNECTED, reason= networkTypeChanged, apnTypeList= default,supl
D/PhoneApp( 1925): CONNECTED - hideDataDisconnectedRoaming()
I/WindowOrientationListener( 1701): orientation = 359 Tilt = 56 -- 0 ,  5 ,  8
D/        ( 1701): 
D/        ( 1701):  set_light_touchkey is called!!!
D/        ( 1701): 
D/        ( 1701):  light_touchkey on/off = 0
W/PowerManagerService( 1701): Timer 0x7->0x3|0x0
I/PowerManagerService( 1701): Ulight 7->3|0
D/PowerManagerService( 1701): setLightBrightness : mButtonLight : 0
I/TelephonyRegistry( 1701): notifyDataConnection: state=2 activeState=2 isDataConnectivityPossible=true reason=networkTypeChanged apn=internet interfaceName=pdp0 networkType=8
D/MobileDataStateTracker( 1701): replacing old mInterfaceName (pdp0) with pdp0 for hipri
D/MobileDataStateTracker( 1701): replacing old mInterfaceName (pdp0) with pdp0 for supl
D/MobileDataStateTracker( 1701): i'm MMS so do nothing about available
D/MobileDataStateTracker( 1701): default Received state= CONNECTED, old= CONNECTED, reason= networkTypeChanged, apnTypeList= default,supl
D/PhoneApp( 1925): CONNECTED - hideDataDisconnectedRoaming()
D/app.zxtune.fs.zxtunes.RemoteCatalog( 2410): Fetch -1 bytes via http://www.zxtunes.com/xml.php?scope=tracks&fields=filename,title,duration,date&author_id=476
I/WindowOrientationListener( 1701): orientation = 359 Tilt = 57 -- 0 ,  5 ,  8
D/dalvikvm( 2410): GC_CONCURRENT freed 494K, 44% free 3806K/6727K, external 1816K/2155K, paused 8ms+4ms
D/app.zxtune.fs.zxtunes.CachingCatalog( 2410): Cached 63 tracks
I/WindowOrientationListener( 1701): orientation = 358 Tilt = 57 -- 0 ,  5 ,  8
I/InputReader( 1701): dispatchTouch::touch event's action is 0, pending(waiting finished signal)=0
I/InputDispatcher( 1701): Delivering touch to current input target: action: 0
D/        ( 1701): 
D/        ( 1701):  set_light_touchkey is called!!!
D/        ( 1701): 
D/        ( 1701):  light_touchkey on/off = 1
I/PowerManagerService( 1701): Ulight 3->7|0
D/PowerManagerService( 1701): setLightBrightness : mButtonLight : 79
I/InputReader( 1701): dispatchTouch::touch event's action is 1, pending(waiting finished signal)=0
I/InputDispatcher( 1701): Delivering touch to current input target: action: 1
D/app.zxtune.fs.zxtunes.RemoteCatalog( 2532): Set useragent to ZXTune beta/r2706M
D/app.zxtune.fs.zxtunes.Database( 2532): queryAuthors(476)
I/WindowOrientationListener( 1701): orientation = 357 Tilt = 57 -- 0 ,  5 ,  8
D/app.zxtune.fs.zxtunes.RemoteCatalog( 2532): Fetch 2205 bytes via http://www.zxtunes.com/downloads.php?id=12374
D/dalvikvm( 2532): GC_EXTERNAL_ALLOC freed 142K, 47% free 2922K/5511K, external 0K/0K, paused 43ms
W/dalvikvm( 2532): threadid=8: thread exiting with uncaught exception (group=0x4001e578)
E/AndroidRuntime( 2532): FATAL EXCEPTION: pool-1-thread-1
E/AndroidRuntime( 2532): java.lang.UnsupportedOperationException
E/AndroidRuntime( 2532): 	at java.nio.DirectByteBuffer.protectedArray(DirectByteBuffer.java:289)
E/AndroidRuntime( 2532): 	at java.nio.ByteBuffer.array(ByteBuffer.java:139)
E/AndroidRuntime( 2532): 	at app.zxtune.fs.zxtunes.RemoteCatalog.getContent(RemoteCatalog.java:288)
E/AndroidRuntime( 2532): 	at app.zxtune.fs.zxtunes.RemoteCatalog.getTrackContent(RemoteCatalog.java:96)
E/AndroidRuntime( 2532): 	at app.zxtune.fs.zxtunes.CachingCatalog.getTrackContent(CachingCatalog.java:94)
E/AndroidRuntime( 2532): 	at app.zxtune.fs.VfsRootZxtunes$TrackFile.getContent(VfsRootZxtunes.java:492)
E/AndroidRuntime( 2532): 	at app.zxtune.playback.FileIterator.loadModule(FileIterator.java:123)
E/AndroidRuntime( 2532): 	at app.zxtune.playback.FileIterator.loadItem(FileIterator.java:118)
E/AndroidRuntime( 2532): 	at app.zxtune.playback.FileIterator.loadNextItem(FileIterator.java:82)
E/AndroidRuntime( 2532): 	at app.zxtune.playback.FileIterator.next(FileIterator.java:60)
E/AndroidRuntime( 2532): 	at app.zxtune.playback.FileIterator.<init>(FileIterator.java:43)
E/AndroidRuntime( 2532): 	at app.zxtune.playback.IteratorFactory.createIterator(IteratorFactory.java:37)
E/AndroidRuntime( 2532): 	at app.zxtune.playback.IteratorFactory.createIterator(IteratorFactory.java:52)
E/AndroidRuntime( 2532): 	at app.zxtune.playback.PlaybackServiceLocal$SetNowPlayingCommand.run(PlaybackServiceLocal.java:77)
E/AndroidRuntime( 2532): 	at java.util.concurrent.ThreadPoolExecutor.runWorker(ThreadPoolExecutor.java:1088)
E/AndroidRuntime( 2532): 	at java.util.concurrent.ThreadPoolExecutor$Worker.run(ThreadPoolExecutor.java:581)
E/AndroidRuntime( 2532): 	at java.lang.Thread.run(Thread.java:1019)
E/        ( 1701): Dumpstate > /data/log/dumpstate_app_error
D/ActivityManager( 1701): ccr - SHOW_ERROR_MSG
I/dumpstate( 2551): begin
E/AlarmManagerService( 1701): android_server_AlarmManagerService_set to type=1, 1383700383.720000000
V/AlarmManager( 1701): <-- waitForAlarm(mDescriptor); result = 2
I/WindowOrientationListener( 1701): orientation = 358 Tilt = 57 -- 0 ,  5 ,  8
D/        ( 1701): 
D/        ( 1701):  set_light_touchkey is called!!!
D/        ( 1701): 
D/        ( 1701):  light_touchkey on/off = 0
W/PowerManagerService( 1701): Timer 0x7->0x3|0x0
I/PowerManagerService( 1701): Ulight 7->3|0
D/PowerManagerService( 1701): setLightBrightness : mButtonLight : 0
I/WindowOrientationListener( 1701): orientation = 358 Tilt = 56 -- 0 ,  5 ,  8
I/WindowOrientationListener( 1701): orientation = 358 Tilt = 57 -- 0 ,  5 ,  8
D/VoldCmdListener( 1518): asec list
D/VoldCmdListener( 1518): CommandListener::AsecCmd::runCommand -> 'rubberbigpepper.VideoRegAddon-1' 
D/VoldCmdListener( 1518): CommandListener::AsecCmd::runCommand -> 'com.navitel-1' 
D/VoldCmdListener( 1518): CommandListener::AsecCmd::runCommand -> 'com.IMStudio.PocketRally-1' 
D/VoldCmdListener( 1518): CommandListener::AsecCmd::runCommand -> 'net.fishlabs.GalaxyonFire2-1' 
D/VoldCmdListener( 1518): CommandListener::AsecCmd::runCommand -> 'com.getsetgames.megajump-1' 
D/VoldCmdListener( 1518): CommandListener::AsecCmd::runCommand -> 'com.dotemu.rtype-1' 
D/VoldCmdListener( 1518): CommandListener::AsecCmd::runCommand -> 'com.kiloo.subwaysurf-1' 
D/VoldCmdListener( 1518): CommandListener::AsecCmd::runCommand -> 'ru.dublgis.dgismobile-1' 
D/VoldCmdListener( 1518): CommandListener::AsecCmd::runCommand -> 'co.kica.tapdancer-1' 
D/VoldCmdListener( 1518): CommandListener::AsecCmd::runCommand -> -- 
D/BatteryService( 1701): update start
D/BatteryService( 1701): updateBattery level:39 scale:100 status:3 health:2 present:true voltage: 3722 temperature: 330 technology: Li-ion AC powered:false USB powered:false icon:17302212
I/dumpstate( 2551): done
D/FastDormancy( 1925):  before ======= ENTER DORMANCY =======
D/FastDormancy( 1925): [FD] ON default: true
D/FastDormancy( 1925): Before mDormFlag: true in getCapaDormancy()
D/FastDormancy( 1925): After mDormFlag: true in getCapaDormancy()
W/FastDormancy( 1925): ======= ENTER DORMANCY =======
D/FastDormancy( 1925): ======= FAST DORMANCY Enter =======
E/AlarmManagerService( 1701): android_server_AlarmManagerService_set to type=1, 1383700456.360000000
V/AlarmManager( 1701): --> waitForAlarm(mDescriptor);
V/AlarmManager( 1701): <-- waitForAlarm(mDescriptor); result = 2
I/WindowOrientationListener( 1701): orientation = 359 Tilt = 57 -- 0 ,  5 ,  8
I/WindowOrientationListener( 1701): orientation = 358 Tilt = 57 -- 0 ,  5 ,  8
I/WindowOrientationListener( 1701): orientation = 358 Tilt = 57 -- 0 ,  5 ,  8
I/WindowOrientationListener( 1701): orientation = 358 Tilt = 57 -- 0 ,  5 ,  8
V/AlarmManager( 1701): --> waitForAlarm(mDescriptor);
E/AlarmManagerService( 1701): android_server_AlarmManagerService_set to type=1, 1383700415.524000000
I/WindowManager( 1701): mAppToken is null , so we can't use SF_BYPASS
V/AlarmManager( 1701): ClockReceiver onReceive intent = Intent { act=android.intent.action.TIME_TICK flg=0x40000004 (has extras) }
D/DigitalClock(29568): DigitalClockAppWidgetService. action :  android.intent.action.TIME_TICK
D/DigitalClock(29568): DigitalClockAppWidget. : updateClock =  [I@4051eef8
D/DigitalClock(29568): DigitalClockAppWidget. : drawMinute mm1_ 1mm2_3
I/WindowOrientationListener( 1701): orientation = 358 Tilt = 57 -- 0 ,  5 ,  8
I/WindowOrientationListener( 1701): orientation = 358 Tilt = 57 -- 0 ,  5 ,  8
I/InputReader( 1701): dispatchTouch::touch event's action is 0, pending(waiting finished signal)=0
I/InputDispatcher( 1701): Delivering touch to current input target: action: 0
D/        ( 1701): 
D/        ( 1701):  set_light_touchkey is called!!!
D/        ( 1701): 
D/        ( 1701):  light_touchkey on/off = 1
I/PowerManagerService( 1701): Ulight 3->7|0
D/PowerManagerService( 1701): setLightBrightness : mButtonLight : 79
I/InputReader( 1701): dispatchTouch::touch event's action is 1, pending(waiting finished signal)=0
I/InputDispatcher( 1701): Delivering touch to current input target: action: 1
I/Process ( 2532): Sending signal. PID: 2532 SIG: 9
I/ActivityManager( 1701): Process app.zxtune:service (pid 2532) has died.
W/ActivityManager( 1701): Scheduling restart of crashed service app.zxtune/.MainService in 5000ms
W/InputManagerService( 1701): Window already focused, ignoring focus gain of: com.android.internal.view.IInputMethodClient$Stub$Proxy@40b2e520
D/app.zxtune.PlaybackServiceConnection( 2410): Disconnected!
D/app.zxtune.ui.NowPlayingFragment( 2410): Subscribe to service events
D/app.zxtune.ui.PlaylistFragment( 2410): Subscribe to service events
I/WindowOrientationListener( 1701): orientation = 357 Tilt = 58 -- 0 ,  5 ,  8
D/InputReader( 1701): Input event: value=1
I/InputDispatcher( 1701): Delivering key to current input target: action: 0
W/KeyCharacterMap( 2410): Can't open keycharmap file
W/KeyCharacterMap( 2410): Using default keymap: /system/usr/keychars/qwerty.kcm.bin
D/InputReader( 1701): Input event: value=0
I/InputDispatcher( 1701): Delivering key to current input target: action: 1
I/WindowOrientationListener( 1701): orientation = 358 Tilt = 60 -- 0 ,  4 ,  8
D/        ( 1701): 
D/        ( 1701):  set_light_touchkey is called!!!
D/        ( 1701): 
D/        ( 1701):  light_touchkey on/off = 0
W/PowerManagerService( 1701): Timer 0x7->0x3|0x0
I/PowerManagerService( 1701): Ulight 7->3|0
D/PowerManagerService( 1701): setLightBrightness : mButtonLight : 0
D/FastDormancy( 1925):  before ======= ENTER DORMANCY =======
I/InputReader( 1701): dispatchTouch::touch event's action is 0, pending(waiting finished signal)=0
I/InputDispatcher( 1701): Delivering touch to current input target: action: 0
D/        ( 1701): 
D/        ( 1701):  set_light_touchkey is called!!!
D/        ( 1701): 
D/        ( 1701):  light_touchkey on/off = 1
I/PowerManagerService( 1701): Ulight 3->7|0
D/PowerManagerService( 1701): setLightBrightness : mButtonLight : 79
I/WindowOrientationListener( 1701): orientation = 359 Tilt = 61 -- 0 ,  4 ,  8
I/InputReader( 1701): dispatchTouch::touch event's action is 1, pending(waiting finished signal)=0
I/InputDispatcher( 1701): Delivering touch to current input target: action: 1
D/app.zxtune.PlaybackServiceConnection( 2410): Disconnecting from service
E/power   ( 1701): acquire_dvfs_lock : ERROR : NOT SUPPORT DVFS LOCK 
E/power   ( 1701): acquire_dvfs_lock_old() : acquire : return -1
D/PowerManagerService( 1701): acquireDVFSlock : level : 1,    timeMS : 3000
D/CLIPBOARD( 2410): Hide Clipboard dialog at Starting input: finished by someone else... !
I/WindowManager( 1701): mAppToken is null , so we can't use SF_BYPASS
D/PowerManagerService( 1701): acquireWakeLock flags=0xa tag=KEEP_SCREEN_ON_FLAG uid=1000 pid=1701   myUID=1000 myPID=1701 myTID=1947
E/power   ( 1701): acquire_dvfs_lock : ERROR : NOT SUPPORT DVFS LOCK 
E/power   ( 1701): acquire_dvfs_lock_old : release : acquire_dvfs_lock() return -1
D/app.zxtune.ui.NowPlayingFragment( 2410): Unsubscribe from service events
D/app.zxtune.ui.BrowserFragment( 2410): Saving persistent state
D/PowerManagerService( 1701): acquireDVFSlock : level : -1,    timeMS : 100
D/app.zxtune.ui.PlaylistFragment( 2410): Saving persistent state
D/app.zxtune.ui.PlaylistFragment( 2410): Unsubscribe from service events
I/WindowOrientationListener( 1701): orientation = 358 Tilt = 60 -- 0 ,  4 ,  8
D/dalvikvm( 2331): GC_CONCURRENT freed 353K, 60% free 3170K/7879K, external 464K/1286K, paused 2ms+4ms
D/dalvikvm( 2331): GC_CONCURRENT freed 149K, 56% free 3532K/7879K, external 464K/1286K, paused 2ms+4ms
D/dalvikvm( 2331): GC_CONCURRENT freed 155K, 51% free 3889K/7879K, external 464K/1286K, paused 2ms+4ms
D/        ( 1701): 
D/        ( 1701):  set_light_touchkey is called!!!
D/        ( 1701): 
D/        ( 1701):  light_touchkey on/off = 0
W/PowerManagerService( 1701): Timer 0x7->0x3|0x3
I/PowerManagerService( 1701): Ulight 7->3|0
D/PowerManagerService( 1701): setLightBrightness : mButtonLight : 0
D/dalvikvm( 2331): GC_CONCURRENT freed 185K, 47% free 4244K/7879K, external 464K/1286K, paused 2ms+3ms
D/dalvikvm( 2331): GC_CONCURRENT freed 168K, 40% free 4734K/7879K, external 464K/1286K, paused 2ms+4ms
I/WindowOrientationListener( 1701): orientation = 359 Tilt = 61 -- 0 ,  4 ,  8
D/dalvikvm( 2331): GC_CONCURRENT freed 901K, 42% free 4671K/8007K, external 464K/1286K, paused 3ms+9ms
D/PowerManagerService( 1701): releaseWakeLockLocked flags=0x0 tag=KEEP_SCREEN_ON_FLAG myUID=1000 myPID=1701 myTID=1751
D/InputReader( 1701): Input event: value=1
D/        ( 1701): 
D/        ( 1701):  set_light_touchkey is called!!!
D/        ( 1701): 
D/        ( 1701):  light_touchkey on/off = 1
I/InputDispatcher( 1701): Delivering key to current input target: action: 0
I/PowerManagerService( 1701): Ulight 3->7|0
D/PowerManagerService( 1701): setLightBrightness : mButtonLight : 79
D/InputReader( 1701): Input event: value=0
I/WindowOrientationListener( 1701): orientation = 359 Tilt = 61 -- 0 ,  4 ,  8
D/dalvikvm( 2331): GC_CONCURRENT freed 784K, 43% free 4606K/8007K, external 464K/1286K, paused 2ms+6ms
W/KeyCharacterMap( 2331): Can't open keycharmap file
W/KeyCharacterMap( 2331): Using default keymap: /system/usr/keychars/qwerty.kcm.bin
I/InputDispatcher( 1701): Delivering key to current input target: action: 1
D/dalvikvm( 2331): GC_FOR_MALLOC freed 1536K, 61% free 3167K/8007K, external 657K/1286K, paused 61ms
I/WindowOrientationListener( 1701): orientation = 0 Tilt = 60 -- 0 ,  4 ,  8
I/InputReader( 1701): dispatchTouch::touch event's action is 0, pending(waiting finished signal)=0
I/InputDispatcher( 1701): Delivering touch to current input target: action: 0
