I/WindowOrientationListener( 1701): orientation = 350 Tilt = 47 -- -1 ,  6 ,  7
D/app.zxtune.ui.BrowserFragment( 2410): Set current path to zxtunes:/%D0%90%D0%B2%D1%82%D0%BE%D1%80%D1%8B
D/app.zxtune.fs.zxtunes.Database( 2410): queryAuthors(null)
D/dalvikvm( 2410): GC_CONCURRENT freed 231K, 45% free 3334K/5959K, external 760K/1281K, paused 2ms+4ms
I/WindowOrientationListener( 1701): orientation = 353 Tilt = 53 -- 0 ,  5 ,  8
D/        ( 1701): 
D/        ( 1701):  set_light_touchkey is called!!!
D/        ( 1701): 
D/        ( 1701):  light_touchkey on/off = 0
W/PowerManagerService( 1701): Timer 0x7->0x3|0x0
I/PowerManagerService( 1701): Ulight 7->3|0
D/PowerManagerService( 1701): setLightBrightness : mButtonLight : 0
I/InputReader( 1701): dispatchTouch::touch event's action is 0, pending(waiting finished signal)=0
I/InputDispatcher( 1701): Delivering touch to current input target: action: 0
D/        ( 1701): 
D/        ( 1701):  set_light_touchkey is called!!!
D/        ( 1701): 
D/        ( 1701):  light_touchkey on/off = 1
I/PowerManagerService( 1701): Ulight 3->7|0
D/PowerManagerService( 1701): setLightBrightness : mButtonLight : 79
I/InputReader( 1701): dispatchTouch::touch event's action is 1, pending(waiting finished signal)=1
D/dalvikvm( 2410): GC_EXTERNAL_ALLOC freed 54K, 44% free 3369K/5959K, external 1273K/1281K, paused 48ms
I/InputDispatcher( 1701): Delivering touch to current input target: action: 1
I/WindowOrientationListener( 1701): orientation = 357 Tilt = 55 -- 0 ,  5 ,  8
I/InputReader( 1701): dispatchTouch::touch event's action is 0, pending(waiting finished signal)=0
I/InputDispatcher( 1701): Delivering touch to current input target: action: 0
I/WindowOrientationListener( 1701): orientation = 358 Tilt = 54 -- 0 ,  5 ,  8
D/dalvikvm( 2270): GC_EXPLICIT freed 129K, 43% free 3827K/6599K, external 1414K/2573K, paused 71ms
D/FastDormancy( 1925):  before ======= ENTER DORMANCY =======
D/FastDormancy( 1925): [FD] ON default: true
D/FastDormancy( 1925): Before mDormFlag: true in getCapaDormancy()
D/FastDormancy( 1925): After mDormFlag: true in getCapaDormancy()
W/FastDormancy( 1925): ======= ENTER DORMANCY =======
D/FastDormancy( 1925): ======= FAST DORMANCY Enter =======
I/WindowOrientationListener( 1701): orientation = 358 Tilt = 55 -- 0 ,  5 ,  8
I/InputReader( 1701): dispatchTouch::touch event's action is 1, pending(waiting finished signal)=0
I/InputDispatcher( 1701): Delivering touch to current input target: action: 1
I/WindowOrientationListener( 1701): orientation = 359 Tilt = 55 -- 0 ,  5 ,  8
I/InputReader( 1701): dispatchTouch::touch event's action is 0, pending(waiting finished signal)=0
I/InputDispatcher( 1701): Delivering touch to current input target: action: 0
E/AlarmManagerService( 1701): android_server_AlarmManagerService_set to type=1, 1383700320.000000000
V/AlarmManager( 1701): <-- waitForAlarm(mDescriptor); result = 2
V/AlarmManager( 1701): --> waitForAlarm(mDescriptor);
I/InputReader( 1701): dispatchTouch::touch event's action is 1, pending(waiting finished signal)=0
I/InputDispatcher( 1701): Delivering touch to current input target: action: 1
I/WindowOrientationListener( 1701): orientation = 358 Tilt = 56 -- 0 ,  5 ,  8
I/InputReader( 1701): dispatchTouch::touch event's action is 0, pending(waiting finished signal)=0
I/InputDispatcher( 1701): Delivering touch to current input target: action: 0
I/InputReader( 1701): dispatchTouch::touch event's action is 1, pending(waiting finished signal)=0
I/InputDispatcher( 1701): Delivering touch to current input target: action: 1
D/app.zxtune.ui.BrowserFragment( 2410): Set current path to zxtunes:/%D0%90%D0%B2%D1%82%D0%BE%D1%80%D1%8B/Klav?author=479
D/app.zxtune.fs.zxtunes.CachingCatalog( 2410): Tracks cache is empty for id=null author=479
I/WindowOrientationListener( 1701): orientation = 356 Tilt = 56 -- 0 ,  5 ,  8
I/TelephonyRegistry( 1701): notifyDataConnection: state=2 activeState=2 isDataConnectivityPossible=true reason=networkTypeChanged apn=internet interfaceName=pdp0 networkType=3
D/MobileDataStateTracker( 1701): replacing old mInterfaceName (pdp0) with pdp0 for hipri
D/MobileDataStateTracker( 1701): replacing old mInterfaceName (pdp0) with pdp0 for supl
D/MobileDataStateTracker( 1701): i'm MMS so do nothing about available
D/MobileDataStateTracker( 1701): default Received state= CONNECTED, old= CONNECTED, reason= networkTypeChanged, apnTypeList= default,supl
D/PhoneApp( 1925): CONNECTED - hideDataDisconnectedRoaming()
D/        ( 1701): 
D/        ( 1701):  set_light_touchkey is called!!!
D/        ( 1701): 
D/        ( 1701):  light_touchkey on/off = 0
W/PowerManagerService( 1701): Timer 0x7->0x3|0x0
I/PowerManagerService( 1701): Ulight 7->3|0
D/PowerManagerService( 1701): setLightBrightness : mButtonLight : 0
I/WindowOrientationListener( 1701): orientation = 357 Tilt = 56 -- 0 ,  5 ,  8
I/TelephonyRegistry( 1701): notifyDataConnection: state=2 activeState=2 isDataConnectivityPossible=true reason=networkTypeChanged apn=internet interfaceName=pdp0 networkType=8
D/MobileDataStateTracker( 1701): replacing old mInterfaceName (pdp0) with pdp0 for hipri
D/MobileDataStateTracker( 1701): replacing old mInterfaceName (pdp0) with pdp0 for supl
D/MobileDataStateTracker( 1701): i'm MMS so do nothing about available
D/MobileDataStateTracker( 1701): default Received state= CONNECTED, old= CONNECTED, reason= networkTypeChanged, apnTypeList= default,supl
D/PhoneApp( 1925): CONNECTED - hideDataDisconnectedRoaming()
D/app.zxtune.fs.zxtunes.RemoteCatalog( 2410): Fetch -1 bytes via http://www.zxtunes.com/xml.php?scope=tracks&fields=filename,title,duration,date&author_id=479
D/app.zxtune.fs.zxtunes.CachingCatalog( 2410): Cached 29 tracks
D/dalvikvm( 2410): GC_CONCURRENT freed 318K, 45% free 3456K/6215K, external 1081K/2361K, paused 7ms+4ms
I/WindowOrientationListener( 1701): orientation = 357 Tilt = 56 -- 0 ,  5 ,  8
I/WindowOrientationListener( 1701): orientation = 358 Tilt = 56 -- 0 ,  5 ,  8
I/WindowOrientationListener( 1701): orientation = 358 Tilt = 56 -- 0 ,  5 ,  8
I/InputReader( 1701): dispatchTouch::touch event's action is 0, pending(waiting finished signal)=0
I/InputDispatcher( 1701): Delivering touch to current input target: action: 0
D/        ( 1701): 
D/        ( 1701):  set_light_touchkey is called!!!
D/        ( 1701): 
D/        ( 1701):  light_touchkey on/off = 1
I/PowerManagerService( 1701): Ulight 3->7|0
D/PowerManagerService( 1701): setLightBrightness : mButtonLight : 79
I/InputReader( 1701): dispatchTouch::touch event's action is 1, pending(waiting finished signal)=0
I/InputDispatcher( 1701): Delivering touch to current input target: action: 1
D/app.zxtune.fs.zxtunes.RemoteCatalog( 2360): Set useragent to ZXTune beta/r2706M
D/app.zxtune.fs.zxtunes.Database( 2360): queryAuthors(479)
I/WindowOrientationListener( 1701): orientation = 357 Tilt = 55 -- 0 ,  5 ,  8
D/app.zxtune.fs.zxtunes.RemoteCatalog( 2360): Fetch 3896 bytes via http://www.zxtunes.com/downloads.php?id=13009
D/dalvikvm( 2360): GC_EXTERNAL_ALLOC freed 139K, 47% free 2922K/5447K, external 0K/0K, paused 37ms
W/dalvikvm( 2360): threadid=9: thread exiting with uncaught exception (group=0x4001e578)
E/AndroidRuntime( 2360): FATAL EXCEPTION: pool-1-thread-1
E/AndroidRuntime( 2360): java.lang.UnsupportedOperationException
E/AndroidRuntime( 2360): 	at java.nio.DirectByteBuffer.protectedArray(DirectByteBuffer.java:289)
E/AndroidRuntime( 2360): 	at java.nio.ByteBuffer.array(ByteBuffer.java:139)
E/AndroidRuntime( 2360): 	at app.zxtune.fs.zxtunes.RemoteCatalog.getContent(RemoteCatalog.java:288)
E/AndroidRuntime( 2360): 	at app.zxtune.fs.zxtunes.RemoteCatalog.getTrackContent(RemoteCatalog.java:96)
E/AndroidRuntime( 2360): 	at app.zxtune.fs.zxtunes.CachingCatalog.getTrackContent(CachingCatalog.java:94)
E/AndroidRuntime( 2360): 	at app.zxtune.fs.VfsRootZxtunes$TrackFile.getContent(VfsRootZxtunes.java:492)
E/AndroidRuntime( 2360): 	at app.zxtune.playback.FileIterator.loadModule(FileIterator.java:123)
E/AndroidRuntime( 2360): 	at app.zxtune.playback.FileIterator.loadItem(FileIterator.java:118)
E/AndroidRuntime( 2360): 	at app.zxtune.playback.FileIterator.loadNextItem(FileIterator.java:82)
E/AndroidRuntime( 2360): 	at app.zxtune.playback.FileIterator.next(FileIterator.java:60)
E/AndroidRuntime( 2360): 	at app.zxtune.playback.FileIterator.<init>(FileIterator.java:43)
E/AndroidRuntime( 2360): 	at app.zxtune.playback.IteratorFactory.createIterator(IteratorFactory.java:37)
E/AndroidRuntime( 2360): 	at app.zxtune.playback.IteratorFactory.createIterator(IteratorFactory.java:52)
E/AndroidRuntime( 2360): 	at app.zxtune.playback.PlaybackServiceLocal$SetNowPlayingCommand.run(PlaybackServiceLocal.java:77)
E/AndroidRuntime( 2360): 	at java.util.concurrent.ThreadPoolExecutor.runWorker(ThreadPoolExecutor.java:1088)
E/AndroidRuntime( 2360): 	at java.util.concurrent.ThreadPoolExecutor$Worker.run(ThreadPoolExecutor.java:581)
E/AndroidRuntime( 2360): 	at java.lang.Thread.run(Thread.java:1019)
E/        ( 1701): Dumpstate > /data/log/dumpstate_app_error
D/ActivityManager( 1701): ccr - SHOW_ERROR_MSG
I/dumpstate( 2447): begin
D/        ( 1701): 
D/        ( 1701):  set_light_touchkey is called!!!
D/        ( 1701): 
D/        ( 1701):  light_touchkey on/off = 0
W/PowerManagerService( 1701): Timer 0x7->0x3|0x0
I/PowerManagerService( 1701): Ulight 7->3|0
D/PowerManagerService( 1701): setLightBrightness : mButtonLight : 0
I/WindowOrientationListener( 1701): orientation = 358 Tilt = 56 -- 0 ,  5 ,  8
I/WindowOrientationListener( 1701): orientation = 358 Tilt = 55 -- 0 ,  5 ,  8
I/WindowOrientationListener( 1701): orientation = 357 Tilt = 54 -- 0 ,  5 ,  8
I/InputReader( 1701): dispatchTouch::touch event's action is 0, pending(waiting finished signal)=0
I/InputDispatcher( 1701): Delivering touch to current input target: action: 0
D/        ( 1701): 
D/        ( 1701):  set_light_touchkey is called!!!
D/        ( 1701): 
D/        ( 1701):  light_touchkey on/off = 1
I/PowerManagerService( 1701): Ulight 3->7|0
D/PowerManagerService( 1701): setLightBrightness : mButtonLight : 79
I/InputReader( 1701): dispatchTouch::touch event's action is 1, pending(waiting finished signal)=0
I/InputDispatcher( 1701): Delivering touch to current input target: action: 1
D/app.zxtune.ui.BrowserFragment( 2410): Set current path to zxtunes:/%D0%90%D0%B2%D1%82%D0%BE%D1%80%D1%8B/Klav/1995?author=479
I/WindowOrientationListener( 1701): orientation = 357 Tilt = 53 -- 0 ,  5 ,  8
D/VoldCmdListener( 1518): asec list
D/VoldCmdListener( 1518): CommandListener::AsecCmd::runCommand -> 'rubberbigpepper.VideoRegAddon-1' 
D/VoldCmdListener( 1518): CommandListener::AsecCmd::runCommand -> 'com.navitel-1' 
D/VoldCmdListener( 1518): CommandListener::AsecCmd::runCommand -> 'com.IMStudio.PocketRally-1' 
D/VoldCmdListener( 1518): CommandListener::AsecCmd::runCommand -> 'net.fishlabs.GalaxyonFire2-1' 
D/VoldCmdListener( 1518): CommandListener::AsecCmd::runCommand -> 'com.getsetgames.megajump-1' 
D/VoldCmdListener( 1518): CommandListener::AsecCmd::runCommand -> 'com.dotemu.rtype-1' 
D/VoldCmdListener( 1518): CommandListener::AsecCmd::runCommand -> 'com.kiloo.subwaysurf-1' 
D/VoldCmdListener( 1518): CommandListener::AsecCmd::runCommand -> 'ru.dublgis.dgismobile-1' 
D/VoldCmdListener( 1518): CommandListener::AsecCmd::runCommand -> 'co.kica.tapdancer-1' 
D/VoldCmdListener( 1518): CommandListener::AsecCmd::runCommand -> -- 
I/InputReader( 1701): dispatchTouch::touch event's action is 0, pending(waiting finished signal)=0
I/InputDispatcher( 1701): Delivering touch to current input target: action: 0
I/WindowOrientationListener( 1701): orientation = 357 Tilt = 54 -- 0 ,  5 ,  8
I/InputReader( 1701): dispatchTouch::touch event's action is 1, pending(waiting finished signal)=0
I/InputDispatcher( 1701): Delivering touch to current input target: action: 1
D/app.zxtune.fs.zxtunes.RemoteCatalog( 2360): Set useragent to ZXTune beta/r2706M
D/app.zxtune.fs.zxtunes.Database( 2360): queryAuthors(479)
D/app.zxtune.fs.zxtunes.RemoteCatalog( 2360): Fetch 3261 bytes via http://www.zxtunes.com/downloads.php?id=13007
W/dalvikvm( 2360): threadid=10: thread exiting with uncaught exception (group=0x4001e578)
D/AndroidRuntime( 2360): uncaughtException : Already handling crash ... So return
I/Process ( 2360): Sending signal. PID: 2360 SIG: 9
D/app.zxtune.PlaybackServiceConnection( 2410): Disconnected!
D/app.zxtune.ui.NowPlayingFragment( 2410): Subscribe to service events
D/app.zxtune.ui.PlaylistFragment( 2410): Subscribe to service events
I/dumpstate( 2447): done
I/WindowOrientationListener( 1701): orientation = 356 Tilt = 53 -- 0 ,  5 ,  8
W/PowerManagerService( 1701): Timer 0x7->0x3|0x0
I/PowerManagerService( 1701): Ulight 7->3|0
D/PowerManagerService( 1701): setLightBrightness : mButtonLight : 0
D/        ( 1701): 
D/        ( 1701):  set_light_touchkey is called!!!
D/        ( 1701): 
D/        ( 1701):  light_touchkey on/off = 0
I/WindowOrientationListener( 1701): orientation = 356 Tilt = 53 -- 0 ,  5 ,  7
I/ActivityManager( 1701): Process app.zxtune:service (pid 2360) has died.
W/ActivityManager( 1701): Scheduling restart of crashed service app.zxtune/.MainService in 5000ms
I/WindowManager( 1701): mAppToken is null , so we can't use SF_BYPASS
I/InputReader( 1701): dispatchTouch::touch event's action is 0, pending(waiting finished signal)=0
I/InputDispatcher( 1701): Delivering touch to current input target: action: 0
D/        ( 1701): 
D/        ( 1701):  set_light_touchkey is called!!!
D/        ( 1701): 
D/        ( 1701):  light_touchkey on/off = 1
I/PowerManagerService( 1701): Ulight 3->7|0
D/PowerManagerService( 1701): setLightBrightness : mButtonLight : 79
I/InputQueue-JNI( 1701): Sending finished signal for input channel since it is being unregistered while an input message is still in progress.
I/InputQueue-JNI( 1701): Ignoring finish signal on channel that is no longer registered.
D/dalvikvm( 2247): GC_EXPLICIT freed 49K, 39% free 4657K/7559K, external 0K/0K, paused 343ms
W/InputManagerService( 1701): Window already focused, ignoring focus gain of: com.android.internal.view.IInputMethodClient$Stub$Proxy@408b63b8
I/InputReader( 1701): dispatchTouch::touch event's action is 1, pending(waiting finished signal)=0
I/WindowOrientationListener( 1701): orientation = 356 Tilt = 52 -- 0 ,  6 ,  7
I/InputReader( 1701): dispatchTouch::touch event's action is 0, pending(waiting finished signal)=0
I/InputDispatcher( 1701): Delivering touch to current input target: action: 0
I/InputReader( 1701): dispatchTouch::touch event's action is 1, pending(waiting finished signal)=0
I/InputDispatcher( 1701): Delivering touch to current input target: action: 1
I/WindowOrientationListener( 1701): orientation = 356 Tilt = 53 -- 0 ,  5 ,  7
I/InputReader( 1701): dispatchTouch::touch event's action is 0, pending(waiting finished signal)=0
I/InputDispatcher( 1701): Delivering touch to current input target: action: 0
I/InputReader( 1701): dispatchTouch::touch event's action is 1, pending(waiting finished signal)=0
I/InputDispatcher( 1701): Delivering touch to current input target: action: 1
I/WindowOrientationListener( 1701): orientation = 357 Tilt = 53 -- 0 ,  5 ,  8
I/InputReader( 1701): dispatchTouch::touch event's action is 0, pending(waiting finished signal)=0
I/InputDispatcher( 1701): Delivering touch to current input target: action: 0
I/InputReader( 1701): dispatchTouch::touch event's action is 1, pending(waiting finished signal)=0
I/InputDispatcher( 1701): Delivering touch to current input target: action: 1
I/WindowOrientationListener( 1701): orientation = 357 Tilt = 53 -- 0 ,  5 ,  7
D/FastDormancy( 1925):  before ======= ENTER DORMANCY =======
D/FastDormancy( 1925): [FD] ON default: true
D/FastDormancy( 1925): Before mDormFlag: true in getCapaDormancy()
D/FastDormancy( 1925): After mDormFlag: true in getCapaDormancy()
W/FastDormancy( 1925): ======= ENTER DORMANCY =======
D/FastDormancy( 1925): ======= FAST DORMANCY Enter =======
I/WindowOrientationListener( 1701): orientation = 356 Tilt = 53 -- 0 ,  5 ,  8
D/        ( 1701): 
D/        ( 1701):  set_light_touchkey is called!!!
D/        ( 1701): 
D/        ( 1701):  light_touchkey on/off = 0
W/PowerManagerService( 1701): Timer 0x7->0x3|0x0
I/PowerManagerService( 1701): Ulight 7->3|0
D/PowerManagerService( 1701): setLightBrightness : mButtonLight : 0
D/app.zxtune.MainService( 2471): Creating
I/InputReader( 1701): dispatchTouch::touch event's action is 0, pending(waiting finished signal)=0
I/InputDispatcher( 1701): Delivering touch to current input target: action: 0
I/PowerManagerService( 1701): Ulight 3->7|0
D/        ( 1701): 
D/        ( 1701):  set_light_touchkey is called!!!
D/        ( 1701): 
D/        ( 1701):  light_touchkey on/off = 1
D/PowerManagerService( 1701): setLightBrightness : mButtonLight : 79
D/app.zxtune.PhoneCallHandler( 2471): Registered
D/app.zxtune.MainService( 2471): connectMediaButtons = false
D/app.zxtune.MainService( 2471): connectHeadPhonesPluggins = false
D/app.zxtune.MainService$ChangedSettingsReceiver( 2471): Registered
D/app.zxtune.MainService( 2471): onBind called
D/app.zxtune.PlaybackServiceConnection( 2410): Connected!
D/app.zxtune.ui.NowPlayingFragment( 2410): Subscribe to service events
D/app.zxtune.PhoneCallHandler( 2471): Process call state to 0
D/dalvikvm( 2471): Trying to load lib /data/data/app.zxtune/lib/libzxtune.so 0x4051ce10
I/InputReader( 1701): dispatchTouch::touch event's action is 1, pending(waiting finished signal)=0
I/InputDispatcher( 1701): Delivering touch to current input target: action: 1
I/WindowOrientationListener( 1701): orientation = 355 Tilt = 49 -- 0 ,  6 ,  7
D/dalvikvm( 2471): Added shared lib /data/data/app.zxtune/lib/libzxtune.so 0x4051ce10
D/dalvikvm( 2471): No JNI_OnLoad found in /data/data/app.zxtune/lib/libzxtune.so 0x4051ce10, skipping init
D/app.zxtune.ui.PlaylistFragment( 2410): Subscribe to service events
D/app.zxtune.ui.BrowserFragment( 2410): Set current path to zxtunes:
I/WindowOrientationListener( 1701): orientation = 351 Tilt = 51 -- 0 ,  6 ,  7
I/InputReader( 1701): dispatchTouch::touch event's action is 0, pending(waiting finished signal)=0
I/InputDispatcher( 1701): Delivering touch to current input target: action: 0
I/InputReader( 1701): dispatchTouch::touch event's action is 1, pending(waiting finished signal)=0
I/InputDispatcher( 1701): Delivering touch to current input target: action: 1
D/app.zxtune.ui.BrowserFragment( 2410): Set current path to zxtunes:/%D0%90%D0%B2%D1%82%D0%BE%D1%80%D1%8B
D/app.zxtune.fs.zxtunes.Database( 2410): queryAuthors(null)
I/WindowOrientationListener( 1701): orientation = 351 Tilt = 51 -- 0 ,  6 ,  8
I/InputReader( 1701): dispatchTouch::touch event's action is 0, pending(waiting finished signal)=0
I/InputDispatcher( 1701): Delivering touch to current input target: action: 0
I/InputReader( 1701): dispatchTouch::touch event's action is 1, pending(waiting finished signal)=0
I/InputDispatcher( 1701): Delivering touch to current input target: action: 1
I/WindowOrientationListener( 1701): orientation = 354 Tilt = 56 -- 0 ,  5 ,  8
I/InputReader( 1701): dispatchTouch::touch event's action is 0, pending(waiting finished signal)=0
I/InputDispatcher( 1701): Delivering touch to current input target: action: 0
D/FastDormancy( 1925):  before ======= ENTER DORMANCY =======
D/dalvikvm( 2410): GC_CONCURRENT freed 463K, 46% free 3506K/6407K, external 1388K/2155K, paused 3ms+5ms
I/WindowOrientationListener( 1701): orientation = 356 Tilt = 56 -- 0 ,  5 ,  8
E/AlarmManagerService( 1701): android_server_AlarmManagerService_set to type=1, 1383700325.657000000
V/AlarmManager( 1701): <-- waitForAlarm(mDescriptor); result = 2
V/AlarmManager( 1701): --> waitForAlarm(mDescriptor);
V/AlarmManager( 1701): ClockReceiver onReceive intent = Intent { act=android.intent.action.TIME_TICK flg=0x40000004 (has extras) }
I/InputReader( 1701): dispatchTouch::touch event's action is 1, pending(waiting finished signal)=0
I/InputDispatcher( 1701): Delivering touch to current input target: action: 1
D/DigitalClock(29568): DigitalClockAppWidgetService. action :  android.intent.action.TIME_TICK
D/DigitalClock(29568): DigitalClockAppWidget. : updateClock =  [I@4052d7a0
D/DigitalClock(29568): DigitalClockAppWidget. : drawMinute mm1_ 1mm2_2
I/WindowOrientationListener( 1701): orientation = 357 Tilt = 56 -- 0 ,  5 ,  8
I/InputReader( 1701): dispatchTouch::touch event's action is 0, pending(waiting finished signal)=0
I/InputDispatcher( 1701): Delivering touch to current input target: action: 0
I/InputReader( 1701): dispatchTouch::touch event's action is 1, pending(waiting finished signal)=0
I/InputDispatcher( 1701): Delivering touch to current input target: action: 1
I/WindowOrientationListener( 1701): orientation = 356 Tilt = 58 -- 0 ,  5 ,  8
I/InputReader( 1701): dispatchTouch::touch event's action is 0, pending(waiting finished signal)=0
I/InputDispatcher( 1701): Delivering touch to current input target: action: 0
I/InputReader( 1701): dispatchTouch::touch event's action is 1, pending(waiting finished signal)=0
I/InputDispatcher( 1701): Delivering touch to current input target: action: 1
I/WindowOrientationListener( 1701): orientation = 355 Tilt = 59 -- 0 ,  5 ,  8
I/InputReader( 1701): dispatchTouch::touch event's action is 0, pending(waiting finished signal)=0
I/InputDispatcher( 1701): Delivering touch to current input target: action: 0
I/WindowOrientationListener( 1701): orientation = 355 Tilt = 58 -- 0 ,  5 ,  8
I/InputReader( 1701): dispatchTouch::touch event's action is 1, pending(waiting finished signal)=0
I/InputDispatcher( 1701): Delivering touch to current input target: action: 1
D/app.zxtune.ui.BrowserFragment( 2410): Set current path to zxtunes:/%D0%90%D0%B2%D1%82%D0%BE%D1%80%D1%8B/Dreamer?author=386
D/app.zxtune.fs.zxtunes.CachingCatalog( 2410): Tracks cache is empty for id=null author=386
I/WindowOrientationListener( 1701): orientation = 356 Tilt = 58 -- 0 ,  5 ,  8
I/TelephonyRegistry( 1701): notifyDataConnection: state=2 activeState=2 isDataConnectivityPossible=true reason=networkTypeChanged apn=internet interfaceName=pdp0 networkType=3
D/MobileDataStateTracker( 1701): replacing old mInterfaceName (pdp0) with pdp0 for hipri
D/MobileDataStateTracker( 1701): replacing old mInterfaceName (pdp0) with pdp0 for supl
D/MobileDataStateTracker( 1701): i'm MMS so do nothing about available
D/MobileDataStateTracker( 1701): default Received state= CONNECTED, old= CONNECTED, reason= networkTypeChanged, apnTypeList= default,supl
D/PhoneApp( 1925): CONNECTED - hideDataDisconnectedRoaming()
D/        ( 1701): 
D/        ( 1701):  set_light_touchkey is called!!!
D/        ( 1701): 
D/        ( 1701):  light_touchkey on/off = 0
W/PowerManagerService( 1701): Timer 0x7->0x3|0x0
I/PowerManagerService( 1701): Ulight 7->3|0
D/PowerManagerService( 1701): setLightBrightness : mButtonLight : 0
E/AlarmManagerService( 1701): android_server_AlarmManagerService_set to type=1, 1383700380.000000000
V/AlarmManager( 1701): <-- waitForAlarm(mDescriptor); result = 2
V/AlarmManager( 1701): --> waitForAlarm(mDescriptor);
E/AlarmManagerService( 1701): android_server_AlarmManagerService_set to type=1, 1383700354.684000000
I/TelephonyRegistry( 1701): notifyDataConnection: state=2 activeState=2 isDataConnectivityPossible=true reason=networkTypeChanged apn=internet interfaceName=pdp0 networkType=8
D/MobileDataStateTracker( 1701): replacing old mInterfaceName (pdp0) with pdp0 for hipri
D/MobileDataStateTracker( 1701): replacing old mInterfaceName (pdp0) with pdp0 for supl
D/MobileDataStateTracker( 1701): i'm MMS so do nothing about available
D/MobileDataStateTracker( 1701): default Received state= CONNECTED, old= CONNECTED, reason= networkTypeChanged, apnTypeList= default,supl
D/PhoneApp( 1925): CONNECTED - hideDataDisconnectedRoaming()
I/WindowOrientationListener( 1701): orientation = 356 Tilt = 57 -- 0 ,  5 ,  8
D/app.zxtune.fs.zxtunes.RemoteCatalog( 2410): Fetch -1 bytes via http://www.zxtunes.com/xml.php?scope=tracks&fields=filename,title,duration,date&author_id=386
D/app.zxtune.fs.zxtunes.CachingCatalog( 2410): Cached 120 tracks
I/WindowOrientationListener( 1701): orientation = 356 Tilt = 57 -- 0 ,  5 ,  8
I/InputReader( 1701): dispatchTouch::touch event's action is 0, pending(waiting finished signal)=0
I/InputDispatcher( 1701): Delivering touch to current input target: action: 0
D/        ( 1701): 
D/        ( 1701):  set_light_touchkey is called!!!
D/        ( 1701): 
D/        ( 1701):  light_touchkey on/off = 1
I/PowerManagerService( 1701): Ulight 3->7|0
D/PowerManagerService( 1701): setLightBrightness : mButtonLight : 79
I/InputReader( 1701): dispatchTouch::touch event's action is 1, pending(waiting finished signal)=0
I/InputDispatcher( 1701): Delivering touch to current input target: action: 1
D/app.zxtune.ui.BrowserFragment( 2410): Set current path to zxtunes:/%D0%90%D0%B2%D1%82%D0%BE%D1%80%D1%8B/Dreamer/1995?author=386
I/WindowOrientationListener( 1701): orientation = 355 Tilt = 55 -- 0 ,  5 ,  8
D/dalvikvm( 2410): GC_CONCURRENT freed 922K, 51% free 3303K/6663K, external 1003K/2155K, paused 4ms+5ms
I/WindowOrientationListener( 1701): orientation = 356 Tilt = 54 -- 0 ,  5 ,  8
I/InputReader( 1701): dispatchTouch::touch event's action is 0, pending(waiting finished signal)=0
I/InputDispatcher( 1701): Delivering touch to current input target: action: 0
I/InputReader( 1701): dispatchTouch::touch event's action is 1, pending(waiting finished signal)=0
I/InputDispatcher( 1701): Delivering touch to current input target: action: 1
D/app.zxtune.fs.zxtunes.RemoteCatalog( 2471): Set useragent to ZXTune beta/r2706M
D/app.zxtune.fs.zxtunes.Database( 2471): queryAuthors(386)
I/WindowOrientationListener( 1701): orientation = 356 Tilt = 54 -- 0 ,  5 ,  8
D/app.zxtune.fs.zxtunes.RemoteCatalog( 2471): Fetch 4214 bytes via http://www.zxtunes.com/downloads.php?id=7633
D/dalvikvm( 2471): GC_EXTERNAL_ALLOC freed 140K, 47% free 2922K/5447K, external 0K/0K, paused 43ms
W/dalvikvm( 2471): threadid=9: thread exiting with uncaught exception (group=0x4001e578)
E/AndroidRuntime( 2471): FATAL EXCEPTION: pool-1-thread-1
E/AndroidRuntime( 2471): java.lang.UnsupportedOperationException
E/AndroidRuntime( 2471): 	at java.nio.DirectByteBuffer.protectedArray(DirectByteBuffer.java:289)
E/AndroidRuntime( 2471): 	at java.nio.ByteBuffer.array(ByteBuffer.java:139)
E/AndroidRuntime( 2471): 	at app.zxtune.fs.zxtunes.RemoteCatalog.getContent(RemoteCatalog.java:288)
E/AndroidRuntime( 2471): 	at app.zxtune.fs.zxtunes.RemoteCatalog.getTrackContent(RemoteCatalog.java:96)
E/AndroidRuntime( 2471): 	at app.zxtune.fs.zxtunes.CachingCatalog.getTrackContent(CachingCatalog.java:94)
E/AndroidRuntime( 2471): 	at app.zxtune.fs.VfsRootZxtunes$TrackFile.getContent(VfsRootZxtunes.java:492)
E/AndroidRuntime( 2471): 	at app.zxtune.playback.FileIterator.loadModule(FileIterator.java:123)
E/AndroidRuntime( 2471): 	at app.zxtune.playback.FileIterator.loadItem(FileIterator.java:118)
E/AndroidRuntime( 2471): 	at app.zxtune.playback.FileIterator.loadNextItem(FileIterator.java:82)
E/AndroidRuntime( 2471): 	at app.zxtune.playback.FileIterator.next(FileIterator.java:60)
E/AndroidRuntime( 2471): 	at app.zxtune.playback.FileIterator.<init>(FileIterator.java:43)
E/AndroidRuntime( 2471): 	at app.zxtune.playback.IteratorFactory.createIterator(IteratorFactory.java:37)
E/AndroidRuntime( 2471): 	at app.zxtune.playback.IteratorFactory.createIterator(IteratorFactory.java:52)
E/AndroidRuntime( 2471): 	at app.zxtune.playback.PlaybackServiceLocal$SetNowPlayingCommand.run(PlaybackServiceLocal.java:77)
E/AndroidRuntime( 2471): 	at java.util.concurrent.ThreadPoolExecutor.runWorker(ThreadPoolExecutor.java:1088)
E/AndroidRuntime( 2471): 	at java.util.concurrent.ThreadPoolExecutor$Worker.run(ThreadPoolExecutor.java:581)
E/AndroidRuntime( 2471): 	at java.lang.Thread.run(Thread.java:1019)
E/        ( 1701): Dumpstate > /data/log/dumpstate_app_error
D/ActivityManager( 1701): ccr - SHOW_ERROR_MSG
I/dumpstate( 2492): begin
D/        ( 1701): 
D/        ( 1701):  set_light_touchkey is called!!!
D/        ( 1701): 
D/        ( 1701):  light_touchkey on/off = 0
W/PowerManagerService( 1701): Timer 0x7->0x3|0x0
I/PowerManagerService( 1701): Ulight 7->3|0
D/PowerManagerService( 1701): setLightBrightness : mButtonLight : 0
I/WindowOrientationListener( 1701): orientation = 357 Tilt = 55 -- 0 ,  5 ,  8
I/WindowOrientationListener( 1701): orientation = 357 Tilt = 55 -- 0 ,  5 ,  8
I/WindowOrientationListener( 1701): orientation = 358 Tilt = 54 -- 0 ,  5 ,  8
I/WindowOrientationListener( 1701): orientation = 357 Tilt = 55 -- 0 ,  5 ,  8
D/VoldCmdListener( 1518): asec list
D/VoldCmdListener( 1518): CommandListener::AsecCmd::runCommand -> 'rubberbigpepper.VideoRegAddon-1' 
D/VoldCmdListener( 1518): CommandListener::AsecCmd::runCommand -> 'com.navitel-1' 
D/VoldCmdListener( 1518): CommandListener::AsecCmd::runCommand -> 'com.IMStudio.PocketRally-1' 
D/VoldCmdListener( 1518): CommandListener::AsecCmd::runCommand -> 'net.fishlabs.GalaxyonFire2-1' 
D/VoldCmdListener( 1518): CommandListener::AsecCmd::runCommand -> 'com.getsetgames.megajump-1' 
D/VoldCmdListener( 1518): CommandListener::AsecCmd::runCommand -> 'com.dotemu.rtype-1' 
D/VoldCmdListener( 1518): CommandListener::AsecCmd::runCommand -> 'com.kiloo.subwaysurf-1' 
D/VoldCmdListener( 1518): CommandListener::AsecCmd::runCommand -> 'ru.dublgis.dgismobile-1' 
D/VoldCmdListener( 1518): CommandListener::AsecCmd::runCommand -> 'co.kica.tapdancer-1' 
D/VoldCmdListener( 1518): CommandListener::AsecCmd::runCommand -> -- 
I/WindowOrientationListener( 1701): orientation = 356 Tilt = 55 -- 0 ,  5 ,  8
D/FastDormancy( 1925):  before ======= ENTER DORMANCY =======
D/FastDormancy( 1925): [FD] ON default: true
D/FastDormancy( 1925): Before mDormFlag: true in getCapaDormancy()
D/FastDormancy( 1925): After mDormFlag: true in getCapaDormancy()
W/FastDormancy( 1925): ======= ENTER DORMANCY =======
D/FastDormancy( 1925): ======= FAST DORMANCY Enter =======
I/dumpstate( 2492): done
I/WindowOrientationListener( 1701): orientation = 356 Tilt = 55 -- 0 ,  5 ,  8
I/WindowManager( 1701): mAppToken is null , so we can't use SF_BYPASS
I/WindowOrientationListener( 1701): orientation = 357 Tilt = 56 -- 0 ,  5 ,  8
D/dalvikvm(29568): GC_EXPLICIT freed 13K, 49% free 2772K/5379K, external 0K/0K, paused 223ms
I/WindowOrientationListener( 1701): orientation = 356 Tilt = 55 -- 0 ,  5 ,  8
I/WindowOrientationListener( 1701): orientation = 357 Tilt = 55 -- 0 ,  5 ,  8
I/WindowOrientationListener( 1701): orientation = 358 Tilt = 56 -- 0 ,  5 ,  8
D/FastDormancy( 1925):  before ======= ENTER DORMANCY =======
I/WindowOrientationListener( 1701): orientation = 2 Tilt = 57 -- 0 ,  5 ,  8
I/WindowOrientationListener( 1701): orientation = 5 Tilt = 58 -- 0 ,  5 ,  8
I/InputReader( 1701): dispatchTouch::touch event's action is 0, pending(waiting finished signal)=0
I/InputDispatcher( 1701): Delivering touch to current input target: action: 0
D/        ( 1701): 
D/        ( 1701):  set_light_touchkey is called!!!
D/        ( 1701): 
D/        ( 1701):  light_touchkey on/off = 1
I/PowerManagerService( 1701): Ulight 3->7|0
D/PowerManagerService( 1701): setLightBrightness : mButtonLight : 79
I/InputReader( 1701): dispatchTouch::touch event's action is 1, pending(waiting finished signal)=0
I/InputDispatcher( 1701): Delivering touch to current input target: action: 1
W/InputManagerService( 1701): Window already focused, ignoring focus gain of: com.android.internal.view.IInputMethodClient$Stub$Proxy@40665f78
I/Process ( 2471): Sending signal. PID: 2471 SIG: 9
D/app.zxtune.PlaybackServiceConnection( 2410): Disconnected!
D/app.zxtune.ui.NowPlayingFragment( 2410): Subscribe to service events
I/ActivityManager( 1701): Process app.zxtune:service (pid 2471) has died.
W/ActivityManager( 1701): Service crashed 2 times, stopping: ServiceRecord{40f09be0 app.zxtune/.MainService}
D/app.zxtune.ui.PlaylistFragment( 2410): Subscribe to service events
I/WindowOrientationListener( 1701): orientation = 4 Tilt = 57 -- 0 ,  5 ,  8
D/InputReader( 1701): Input event: value=1
I/InputDispatcher( 1701): Delivering key to current input target: action: 0
D/InputReader( 1701): Input event: value=0
W/KeyCharacterMap( 2410): Can't open keycharmap file
W/KeyCharacterMap( 2410): Using default keymap: /system/usr/keychars/qwerty.kcm.bin
I/InputDispatcher( 1701): Delivering key to current input target: action: 1
I/WindowOrientationListener( 1701): orientation = 1 Tilt = 61 -- 0 ,  4 ,  8
I/InputReader( 1701): dispatchTouch::touch event's action is 0, pending(waiting finished signal)=0
I/InputDispatcher( 1701): Delivering touch to current input target: action: 0
I/InputReader( 1701): dispatchTouch::touch event's action is 1, pending(waiting finished signal)=0
I/InputDispatcher( 1701): Delivering touch to current input target: action: 1
D/app.zxtune.PlaybackServiceConnection( 2410): Disconnecting from service
I/WindowOrientationListener( 1701): orientation = 1 Tilt = 60 -- 0 ,  4 ,  8
E/power   ( 1701): acquire_dvfs_lock : ERROR : NOT SUPPORT DVFS LOCK 
E/power   ( 1701): acquire_dvfs_lock_old() : acquire : return -1
D/PowerManagerService( 1701): acquireDVFSlock : level : 1,    timeMS : 3000
I/OrientationDebug( 1701): [pwm] in updateOrientationListenerLp()
V/OrientationDebug( 1701): in updateOrientationListenerLp(), Screen status=true, current orientation=1, SensorEnabled=true
I/OrientationDebug( 1701): [pwm] needSensorRunningLp(), return true #4
V/SurfaceView( 1956): com.go.gl.view.GLContentView@40650b20 got app visibiltiy is changed: true
E/WallpaperService( 1701): setDimensionHints ! w=960
I/GLThread( 1956): onResume tid=21
I/Main thread( 1956): onResume waiting for !mPaused.
I/GLThread( 1956): mPaused is now false tid=21
I/LicenseChecker( 1956): Using cached license response
I/GLThread( 1956): noticed surfaceView surface acquired tid=21
W/EglHelper( 1956): start() tid=21
I/Mali-EGL( 1956): Mali libraries compiled on Feb 21 2012, at 16:16:24
W/EglHelper( 1956): createContext com.google.android.gles_jni.EGLContextImpl@40872658 tid=21
W/GLThread( 1956): egl createSurface
W/EglHelper( 1956): createSurface()  tid=21
I/Main thread( 1956): onWindowResize waiting for render complete from tid=21
W/GLThread( 1956): onSurfaceCreated
W/GLThread( 1956): onSurfaceChanged(480, 800)
I/GLThread( 1956): noticing that we want render notification tid=21
W/GLThread( 1956): onSurfaceChanged(480, 800)
I/Main thread( 1956): onWindowResize waiting for render complete from tid=21
I/GLThread( 1956): sending render notification tid=21
D/CLIPBOARD( 2410): Hide Clipboard dialog at Starting input: finished by someone else... !
D/FastDormancy( 1925):  before ======= ENTER DORMANCY =======
V/StatusBar( 1701): Hiding status bar panel[1]
V/StatusBar( 1701): Hiding status bar panel[0]
V/StatusBar( 1701): collapse
D/StatusBarService( 1829): animateCollapse() - updateViewLayout
D/StatusBarService( 1829): animateCollapse() - updateViewLayout
E/power   ( 1701): acquire_dvfs_lock : ERROR : NOT SUPPORT DVFS LOCK 
E/power   ( 1701): acquire_dvfs_lock_old : release : acquire_dvfs_lock() return -1
D/PowerManagerService( 1701): acquireDVFSlock : level : -1,    timeMS : 100
D/app.zxtune.ui.NowPlayingFragment( 2410): Unsubscribe from service events
D/app.zxtune.ui.BrowserFragment( 2410): Saving persistent state
D/app.zxtune.ui.PlaylistFragment( 2410): Saving persistent state
D/app.zxtune.ui.PlaylistFragment( 2410): Unsubscribe from service events
I/WindowOrientationListener( 1701): orientation = 1 Tilt = 60 -- 0 ,  4 ,  8
D/        ( 1701): 
D/        ( 1701):  set_light_touchkey is called!!!
D/        ( 1701): 
D/        ( 1701):  light_touchkey on/off = 0
W/PowerManagerService( 1701): Timer 0x7->0x3|0x0
I/PowerManagerService( 1701): Ulight 7->3|0
D/PowerManagerService( 1701): setLightBrightness : mButtonLight : 0
I/WindowOrientationListener( 1701): orientation = 3 Tilt = 61 -- 0 ,  4 ,  8
I/WindowOrientationListener( 1701): orientation = 4 Tilt = 60 -- 0 ,  4 ,  8
I/InputReader( 1701): dispatchTouch::touch event's action is 0, pending(waiting finished signal)=0
I/InputDispatcher( 1701): Delivering touch to current input target: action: 0
I/InputDispatcher( 1701): Delivering touch to current input target: action: 0
D/        ( 1701): 
D/        ( 1701):  set_light_touchkey is called!!!
D/        ( 1701): 
D/        ( 1701):  light_touchkey on/off = 1
I/PowerManagerService( 1701): Ulight 3->7|0
D/PowerManagerService( 1701): setLightBrightness : mButtonLight : 79
V/StatusBar( 1701): Showing status bar panel[1]
V/StatusBar( 1701): Showing status bar panel[0]
I/WindowOrientationListener( 1701): orientation = 1 Tilt = 55 -- 0 ,  5 ,  8
I/WindowManager( 1701): mAppToken is null , so we can't use SF_BYPASS
I/InputReader( 1701): dispatchTouch::touch event's action is 1, pending(waiting finished signal)=1
I/InputDispatcher( 1701): Delivering touch to current input target: action: 1
I/InputDispatcher( 1701): Delivering touch to current input target: action: 1
I/WindowOrientationListener( 1701): orientation = 4 Tilt = 53 -- 0 ,  5 ,  8
D/FastDormancy( 1925):  before ======= ENTER DORMANCY =======
D/        ( 1701): 
D/        ( 1701):  set_light_touchkey is called!!!
W/PowerManagerService( 1701): Timer 0x7->0x3|0x0
I/PowerManagerService( 1701): Ulight 7->3|0
D/PowerManagerService( 1701): setLightBrightness : mButtonLight : 0
D/        ( 1701): 
D/        ( 1701):  light_touchkey on/off = 0
D/dalvikvm( 2410): GC_EXPLICIT freed 206K, 51% free 3308K/6663K, external 1263K/2155K, paused 104ms
I/WindowOrientationListener( 1701): orientation = 1 Tilt = 55 -- 0 ,  5 ,  8
I/WindowOrientationListener( 1701): orientation = 1 Tilt = 56 -- 0 ,  5 ,  8
I/WindowOrientationListener( 1701): orientation = 0 Tilt = 60 -- 0 ,  4 ,  8
I/WindowOrientationListener( 1701): orientation = 0 Tilt = 61 -- 0 ,  4 ,  8
I/InputReader( 1701): dispatchTouch::touch event's action is 0, pending(waiting finished signal)=0
I/InputDispatcher( 1701): Delivering touch to current input target: action: 0
D/StatusBarService( 1829): interceptTouchEvent() : ACTION_DOWN
D/        ( 1701): 
D/        ( 1701):  set_light_touchkey is called!!!
D/        ( 1701): 
D/        ( 1701):  light_touchkey on/off = 1
I/PowerManagerService( 1701): Ulight 3->7|0
D/PowerManagerService( 1701): setLightBrightness : mButtonLight : 79
D/StatusBarService( 1829): mIsBrightNessMode = 0 mIsAutoBrightNess = false
D/StatusBarService( 1829): interceptTouchEvent() : ACTION_MOVE
D/StatusBarService( 1829): mAnimatingReveal = false minY : 76 y : 776
D/StatusBarService( 1829): interceptTouchEvent() : ACTION_MOVE
D/StatusBarService( 1829): mAnimatingReveal = false minY : 76 y : 764
D/StatusBarService( 1829): interceptTouchEvent() : ACTION_MOVE
D/StatusBarService( 1829): mAnimatingReveal = false minY : 76 y : 739
D/StatusBarService( 1829): interceptTouchEvent() : ACTION_MOVE
D/StatusBarService( 1829): mAnimatingReveal = false minY : 76 y : 594
I/InputReader( 1701): dispatchTouch::touch event's action is 1, pending(waiting finished signal)=1
I/InputDispatcher( 1701): Delivering touch to current input target: action: 1
D/StatusBarService( 1829): interceptTouchEvent() : ACTION_MOVE
D/StatusBarService( 1829): mAnimatingReveal = false minY : 76 y : 566
D/StatusBarService( 1829): interceptTouchEvent() : ACTION_UP
V/StatusBar( 1701): Hiding status bar panel[1]
V/StatusBar( 1701): Hiding status bar panel[0]
V/StatusBar( 1701): collapse
W/InputManagerService( 1701): Window already focused, ignoring focus gain of: com.android.internal.view.IInputMethodClient$Stub$Proxy@405bf388
D/StatusBarService( 1829): animateCollapse() - updateViewLayout
E/AlarmManagerService( 1701): android_server_AlarmManagerService_set to type=1, 1383700380.000000000
V/AlarmManager( 1701): <-- waitForAlarm(mDescriptor); result = 2
V/AlarmManager( 1701): --> waitForAlarm(mDescriptor);
I/WindowOrientationListener( 1701): orientation = 359 Tilt = 60 -- 0 ,  4 ,  8
I/InputReader( 1701): dispatchTouch::touch event's action is 0, pending(waiting finished signal)=0
I/InputDispatcher( 1701): Delivering touch to current input target: action: 0
I/InputDispatcher( 1701): Delivering touch to current input target: action: 0
I/InputReader( 1701): dispatchTouch::touch event's action is 1, pending(waiting finished signal)=0
I/InputDispatcher( 1701): Delivering touch to current input target: action: 1
I/InputDispatcher( 1701): Delivering touch to current input target: action: 1
E/power   ( 1701): acquire_dvfs_lock : ERROR : NOT SUPPORT DVFS LOCK 
E/power   ( 1701): acquire_dvfs_lock_old() : acquire : return -1
D/Instrumentation( 1956): checkStartActivityResult  :Intent { act=com.jiubang.intent.action.SHOW_FUNCMENU flg=0x10000000 }
D/Instrumentation( 1956): checkStartActivityResult  inent is instance of inent:
D/PowerManagerService( 1701): acquireDVFSlock : level : 1,    timeMS : 3000
I/ApplicationPolicy( 1701): isIntentDisabled start :Intent { act=com.jiubang.intent.action.SHOW_FUNCMENU flg=0x10000000 }
I/ApplicationPolicy( 1701): isIntentDisabled resolve info :null
I/ApplicationPolicy( 1701): isIntentDisabled return :true
D/FastDormancy( 1925):  before ======= ENTER DORMANCY =======
I/WindowOrientationListener( 1701): orientation = 357 Tilt = 58 -- 0 ,  5 ,  8
I/InputReader( 1701): dispatchTouch::touch event's action is 0, pending(waiting finished signal)=0
I/InputDispatcher( 1701): Delivering touch to current input target: action: 0
I/InputDispatcher( 1701): Delivering touch to current input target: action: 0
I/InputReader( 1701): dispatchTouch::touch event's action is 1, pending(waiting finished signal)=0
I/InputDispatcher( 1701): Delivering touch to current input target: action: 1
I/InputDispatcher( 1701): Delivering touch to current input target: action: 1
E/power   ( 1701): acquire_dvfs_lock : ERROR : NOT SUPPORT DVFS LOCK 
E/power   ( 1701): acquire_dvfs_lock_old() : acquire : return -1
D/PowerManagerService( 1701): acquireDVFSlock : level : 1,    timeMS : 3000
I/WindowOrientationListener( 1701): orientation = 353 Tilt = 50 -- 0 ,  6 ,  7
I/OrientationDebug( 1701): [pwm] in updateOrientationListenerLp()
V/OrientationDebug( 1701): in updateOrientationListenerLp(), Screen status=true, current orientation=-1, SensorEnabled=true
I/OrientationDebug( 1701): [pwm] needSensorRunningLp(), return true #4
I/GLThread( 1956): onPause tid=21
I/Main thread( 1956): onPause waiting for mPaused.
I/GLThread( 1956): mPaused is now true tid=21
I/GLThread( 1956): releasing EGL surface because paused tid=21
W/EglHelper( 1956): destroySurface()  tid=21
W/EglHelper( 1956): finish() tid=21
I/GLThread( 1956): releasing EGL context because paused tid=21
I/GLThread( 1956): noticed surfaceView surface lost tid=21
V/SurfaceView( 1956): com.go.gl.view.GLContentView@40650b20 got app visibiltiy is changed: false
V/StatusBar( 1701): Showing status bar panel[1]
V/StatusBar( 1701): Showing status bar panel[0]
I/WindowManager( 1701): mAppToken is null , so we can't use SF_BYPASS
D/PowerManagerService( 1701): acquireWakeLock flags=0xa tag=KEEP_SCREEN_ON_FLAG uid=1000 pid=1701   myUID=1000 myPID=1701 myTID=1946
D/CLIPBOARD( 1956): Hide Clipboard dialog at Starting input: finished by someone else... !
E/power   ( 1701): acquire_dvfs_lock : ERROR : NOT SUPPORT DVFS LOCK 
E/power   ( 1701): acquire_dvfs_lock_old : release : acquire_dvfs_lock() return -1
D/PowerManagerService( 1701): acquireDVFSlock : level : -1,    timeMS : 100
D/dalvikvm( 2331): GC_CONCURRENT freed 1891K, 59% free 3282K/7879K, external 496K/1286K, paused 3ms+4ms
I/WindowOrientationListener( 1701): orientation = 354 Tilt = 54 -- 0 ,  5 ,  8
D/dalvikvm( 2331): GC_CONCURRENT freed 255K, 57% free 3464K/7879K, external 496K/1286K, paused 3ms+3ms
D/        ( 1701): 
D/        ( 1701):  set_light_touchkey is called!!!
D/        ( 1701): 
D/        ( 1701):  light_touchkey on/off = 0
W/PowerManagerService( 1701): Timer 0x7->0x3|0x3
I/PowerManagerService( 1701): Ulight 7->3|0
D/PowerManagerService( 1701): setLightBrightness : mButtonLight : 0
D/dalvikvm( 2331): GC_CONCURRENT freed 146K, 52% free 3829K/7879K, external 496K/1286K, paused 3ms+5ms
D/dalvikvm( 2331): GC_CONCURRENT freed 251K, 48% free 4109K/7879K, external 496K/1286K, paused 2ms+3ms
D/dalvikvm( 2331): GC_CONCURRENT freed 227K, 43% free 4506K/7879K, external 496K/1286K, paused 2ms+4ms
I/WindowOrientationListener( 1701): orientation = 356 Tilt = 54 -- 0 ,  5 ,  8
D/dalvikvm( 2331): GC_CONCURRENT freed 889K, 45% free 4373K/7879K, external 496K/1286K, paused 2ms+4ms
D/dalvikvm( 2331): GC_CONCURRENT freed 539K, 43% free 4524K/7879K, external 496K/1286K, paused 2ms+7ms
I/WindowOrientationListener( 1701): orientation = 358 Tilt = 55 -- 0 ,  5 ,  8
D/PowerManagerService( 1701): releaseWakeLockLocked flags=0x0 tag=KEEP_SCREEN_ON_FLAG myUID=1000 myPID=1701 myTID=1751
D/FastDormancy( 1925):  before ======= ENTER DORMANCY =======
I/WindowOrientationListener( 1701): orientation = 359 Tilt = 56 -- 0 ,  5 ,  8
W/PowerManagerService( 1701): Timer 0x3->0x3|0x0
I/WindowOrientationListener( 1701): orientation = 1 Tilt = 59 -- 0 ,  4 ,  8
D/InputReader( 1701): Input event: value=1
I/ScreenCaptureAction( 1701): updateHomeKeyPressed(), pressed = true
D/RestrictionPolicy( 1701): isHomeKeyEnabled :true
I/HomeKeyDoubleClick( 1701): addAction() is called.  action = 0  canceled = false
I/HomeKeyDoubleClick( 1701): in addAction(), now add
I/HomeKeyDoubleClick( 1701): in addAction(), inside if when list size is less than 4
I/HomeKeyDoubleClick( 1701): in addAction(), down event. now call postCheckRunnable().
I/HomeKeyDoubleClick( 1701): postCheckRunnable() is called
I/HomeKeyDoubleClick( 1701): in postCheckRunnable(), now posting.
I/HomeKeyDoubleClick( 1701): in postCheckRunnable(), posting success.
I/WindowOrientationListener( 1701): orientation = 1 Tilt = 60 -- 0 ,  5 ,  9
D/RestrictionPolicy( 1701): isHomeKeyEnabled :true
I/HomeKeyDoubleClick( 1701): addAction() is called.  action = 0  canceled = false
I/HomeKeyDoubleClick( 1701): in addAction(), action is canceled OR repeatCount is not zero. now call reset()
I/HomeKeyDoubleClick( 1701): reset() is called
I/HomeKeyDoubleClick( 1701): in reset()  after reset, mPosted = false  mHomeActionList.size() = 0
D/StatusBarService( 1829): animateCollapse() - updateViewLayout
D/RestrictionPolicy( 1701): isHomeKeyEnabled :true
I/HomeKeyDoubleClick( 1701): addAction() is called.  action = 0  canceled = false
I/HomeKeyDoubleClick( 1701): in addAction(), action is canceled OR repeatCount is not zero. now call reset()
I/HomeKeyDoubleClick( 1701): reset() is called
I/HomeKeyDoubleClick( 1701): in reset()  after reset, mPosted = false  mHomeActionList.size() = 0
D/RestrictionPolicy( 1701): isHomeKeyEnabled :true
I/HomeKeyDoubleClick( 1701): addAction() is called.  action = 0  canceled = false
I/HomeKeyDoubleClick( 1701): in addAction(), action is canceled OR repeatCount is not zero. now call reset()
I/HomeKeyDoubleClick( 1701): reset() is called
I/HomeKeyDoubleClick( 1701): in reset()  after reset, mPosted = false  mHomeActionList.size() = 0
D/RestrictionPolicy( 1701): isHomeKeyEnabled :true
I/HomeKeyDoubleClick( 1701): addAction() is called.  action = 0  canceled = false
I/HomeKeyDoubleClick( 1701): in addAction(), action is canceled OR repeatCount is not zero. now call reset()
I/HomeKeyDoubleClick( 1701): reset() is called
I/HomeKeyDoubleClick( 1701): in reset()  after reset, mPosted = false  mHomeActionList.size() = 0
D/RestrictionPolicy( 1701): isHomeKeyEnabled :true
I/HomeKeyDoubleClick( 1701): addAction() is called.  action = 0  canceled = false
I/HomeKeyDoubleClick( 1701): in addAction(), action is canceled OR repeatCount is not zero. now call reset()
I/HomeKeyDoubleClick( 1701): reset() is called
I/HomeKeyDoubleClick( 1701): in reset()  after reset, mPosted = false  mHomeActionList.size() = 0
D/RestrictionPolicy( 1701): isHomeKeyEnabled :true
I/HomeKeyDoubleClick( 1701): addAction() is called.  action = 0  canceled = false
I/HomeKeyDoubleClick( 1701): in addAction(), action is canceled OR repeatCount is not zero. now call reset()
I/HomeKeyDoubleClick( 1701): reset() is called
I/HomeKeyDoubleClick( 1701): in reset()  after reset, mPosted = false  mHomeActionList.size() = 0
I/WindowManager( 1701): mAppToken is null , so we can't use SF_BYPASS
D/StatusBarService( 1829): animateCollapse() - updateViewLayout
D/RestrictionPolicy( 1701): isHomeKeyEnabled :true
I/HomeKeyDoubleClick( 1701): addAction() is called.  action = 0  canceled = false
I/HomeKeyDoubleClick( 1701): in addAction(), action is canceled OR repeatCount is not zero. now call reset()
I/HomeKeyDoubleClick( 1701): reset() is called
I/HomeKeyDoubleClick( 1701): in reset()  after reset, mPosted = false  mHomeActionList.size() = 0
D/RestrictionPolicy( 1701): isHomeKeyEnabled :true
I/HomeKeyDoubleClick( 1701): addAction() is called.  action = 0  canceled = false
I/HomeKeyDoubleClick( 1701): in addAction(), action is canceled OR repeatCount is not zero. now call reset()
I/HomeKeyDoubleClick( 1701): reset() is called
I/HomeKeyDoubleClick( 1701): in reset()  after reset, mPosted = false  mHomeActionList.size() = 0
D/RestrictionPolicy( 1701): isHomeKeyEnabled :true
I/HomeKeyDoubleClick( 1701): addAction() is called.  action = 0  canceled = false
I/HomeKeyDoubleClick( 1701): in addAction(), action is canceled OR repeatCount is not zero. now call reset()
I/HomeKeyDoubleClick( 1701): reset() is called
I/HomeKeyDoubleClick( 1701): in reset()  after reset, mPosted = false  mHomeActionList.size() = 0
D/RestrictionPolicy( 1701): isHomeKeyEnabled :true
I/HomeKeyDoubleClick( 1701): addAction() is called.  action = 0  canceled = false
I/HomeKeyDoubleClick( 1701): in addAction(), action is canceled OR repeatCount is not zero. now call reset()
I/HomeKeyDoubleClick( 1701): reset() is called
I/HomeKeyDoubleClick( 1701): in reset()  after reset, mPosted = false  mHomeActionList.size() = 0
D/RestrictionPolicy( 1701): isHomeKeyEnabled :true
