D/app.zxtune.playback.FileIterator(11144): 	at app.zxtune.ZXTune.loadModule(ZXTune.java:236)
D/app.zxtune.playback.FileIterator(11144): 	at app.zxtune.playback.FileIterator.loadModule(FileIterator.java:124)
D/app.zxtune.playback.FileIterator(11144): 	at app.zxtune.playback.FileIterator.loadItem(FileIterator.java:118)
D/app.zxtune.playback.FileIterator(11144): 	at app.zxtune.playback.FileIterator.loadNextItem(FileIterator.java:82)
D/app.zxtune.playback.FileIterator(11144): 	at app.zxtune.playback.FileIterator.next(FileIterator.java:60)
D/app.zxtune.playback.FileIterator(11144): 	at app.zxtune.playback.FileIterator.<init>(FileIterator.java:43)
D/app.zxtune.playback.FileIterator(11144): 	at app.zxtune.playback.IteratorFactory.createIterator(IteratorFactory.java:37)
D/app.zxtune.playback.FileIterator(11144): 	at app.zxtune.playback.IteratorFactory.createIterator(IteratorFactory.java:52)
D/app.zxtune.playback.FileIterator(11144): 	at app.zxtune.ScanService.scan(ScanService.java:118)
D/app.zxtune.playback.FileIterator(11144): 	at app.zxtune.ScanService.scan(ScanService.java:110)
D/app.zxtune.playback.FileIterator(11144): 	at app.zxtune.ScanService.onHandleIntent(ScanService.java:102)
D/app.zxtune.playback.FileIterator(11144): 	at android.app.IntentService$ServiceHandler.handleMessage(IntentService.java:59)
D/app.zxtune.playback.FileIterator(11144): 	at android.os.Handler.dispatchMessage(Handler.java:99)
D/app.zxtune.playback.FileIterator(11144): 	at android.os.Looper.loop(Looper.java:130)
D/app.zxtune.playback.FileIterator(11144): 	at android.os.HandlerThread.run(HandlerThread.java:60)
D/dalvikvm(11144): GC_CONCURRENT freed 461K, 49% free 3052K/5959K, external 64K/1312K, paused 7ms+3ms
I/WindowOrientationListener( 1701): orientation = 358 Tilt = 54 -- 0 ,  5 ,  8
D/app.zxtune.fs.zxtunes.RemoteCatalog(11144): Fetch 3021 bytes via http://www.zxtunes.com/downloads.php?id=8020
D/app.zxtune.fs.zxtunes.CachingCatalog(11144): Write content of track 8020 to cache
D/app.zxtune.playback.FileIterator(11144): Skip not a module
D/app.zxtune.playback.FileIterator(11144): java.io.InvalidObjectException: app.zxtune.ZXTune$NativeModule
D/app.zxtune.playback.FileIterator(11144): 	at app.zxtune.ZXTune$NativeObject.<init>(ZXTune.java:248)
D/app.zxtune.playback.FileIterator(11144): 	at app.zxtune.ZXTune$NativeModule.<init>(ZXTune.java:263)
D/app.zxtune.playback.FileIterator(11144): 	at app.zxtune.ZXTune.loadModule(ZXTune.java:236)
D/app.zxtune.playback.FileIterator(11144): 	at app.zxtune.playback.FileIterator.loadModule(FileIterator.java:124)
D/app.zxtune.playback.FileIterator(11144): 	at app.zxtune.playback.FileIterator.loadItem(FileIterator.java:118)
D/app.zxtune.playback.FileIterator(11144): 	at app.zxtune.playback.FileIterator.loadNextItem(FileIterator.java:82)
D/app.zxtune.playback.FileIterator(11144): 	at app.zxtune.playback.FileIterator.next(FileIterator.java:60)
D/app.zxtune.playback.FileIterator(11144): 	at app.zxtune.playback.FileIterator.<init>(FileIterator.java:43)
D/app.zxtune.playback.FileIterator(11144): 	at app.zxtune.playback.IteratorFactory.createIterator(IteratorFactory.java:37)
D/app.zxtune.playback.FileIterator(11144): 	at app.zxtune.playback.IteratorFactory.createIterator(IteratorFactory.java:52)
D/app.zxtune.playback.FileIterator(11144): 	at app.zxtune.ScanService.scan(ScanService.java:118)
D/app.zxtune.playback.FileIterator(11144): 	at app.zxtune.ScanService.scan(ScanService.java:110)
D/app.zxtune.playback.FileIterator(11144): 	at app.zxtune.ScanService.onHandleIntent(ScanService.java:102)
D/app.zxtune.playback.FileIterator(11144): 	at android.app.IntentService$ServiceHandler.handleMessage(IntentService.java:59)
D/app.zxtune.playback.FileIterator(11144): 	at android.os.Handler.dispatchMessage(Handler.java:99)
D/app.zxtune.playback.FileIterator(11144): 	at android.os.Looper.loop(Looper.java:130)
D/app.zxtune.playback.FileIterator(11144): 	at android.os.HandlerThread.run(HandlerThread.java:60)
D/app.zxtune.fs.zxtunes.RemoteCatalog(11144): Fetch 3065 bytes via http://www.zxtunes.com/downloads.php?id=8021
D/app.zxtune.fs.zxtunes.CachingCatalog(11144): Write content of track 8021 to cache
D/app.zxtune.playback.FileIterator(11144): Skip not a module
D/app.zxtune.playback.FileIterator(11144): java.io.InvalidObjectException: app.zxtune.ZXTune$NativeModule
D/app.zxtune.playback.FileIterator(11144): 	at app.zxtune.ZXTune$NativeObject.<init>(ZXTune.java:248)
D/app.zxtune.playback.FileIterator(11144): 	at app.zxtune.ZXTune$NativeModule.<init>(ZXTune.java:263)
D/app.zxtune.playback.FileIterator(11144): 	at app.zxtune.ZXTune.loadModule(ZXTune.java:236)
D/app.zxtune.playback.FileIterator(11144): 	at app.zxtune.playback.FileIterator.loadModule(FileIterator.java:124)
D/app.zxtune.playback.FileIterator(11144): 	at app.zxtune.playback.FileIterator.loadItem(FileIterator.java:118)
D/app.zxtune.playback.FileIterator(11144): 	at app.zxtune.playback.FileIterator.loadNextItem(FileIterator.java:82)
D/app.zxtune.playback.FileIterator(11144): 	at app.zxtune.playback.FileIterator.next(FileIterator.java:60)
D/app.zxtune.playback.FileIterator(11144): 	at app.zxtune.playback.FileIterator.<init>(FileIterator.java:43)
D/app.zxtune.playback.FileIterator(11144): 	at app.zxtune.playback.IteratorFactory.createIterator(IteratorFactory.java:37)
D/app.zxtune.playback.FileIterator(11144): 	at app.zxtune.playback.IteratorFactory.createIterator(IteratorFactory.java:52)
D/app.zxtune.playback.FileIterator(11144): 	at app.zxtune.ScanService.scan(ScanService.java:118)
D/app.zxtune.playback.FileIterator(11144): 	at app.zxtune.ScanService.scan(ScanService.java:110)
D/app.zxtune.playback.FileIterator(11144): 	at app.zxtune.ScanService.onHandleIntent(ScanService.java:102)
D/app.zxtune.playback.FileIterator(11144): 	at android.app.IntentService$ServiceHandler.handleMessage(IntentService.java:59)
D/app.zxtune.playback.FileIterator(11144): 	at android.os.Handler.dispatchMessage(Handler.java:99)
D/app.zxtune.playback.FileIterator(11144): 	at android.os.Looper.loop(Looper.java:130)
D/app.zxtune.playback.FileIterator(11144): 	at android.os.HandlerThread.run(HandlerThread.java:60)
D/app.zxtune.fs.zxtunes.RemoteCatalog(11144): Fetch 3374 bytes via http://www.zxtunes.com/downloads.php?id=8022
D/app.zxtune.fs.zxtunes.CachingCatalog(11144): Write content of track 8022 to cache
D/app.zxtune.playback.FileIterator(11144): Skip not a module
D/app.zxtune.playback.FileIterator(11144): java.io.InvalidObjectException: app.zxtune.ZXTune$NativeModule
D/app.zxtune.playback.FileIterator(11144): 	at app.zxtune.ZXTune$NativeObject.<init>(ZXTune.java:248)
D/app.zxtune.playback.FileIterator(11144): 	at app.zxtune.ZXTune$NativeModule.<init>(ZXTune.java:263)
D/app.zxtune.playback.FileIterator(11144): 	at app.zxtune.ZXTune.loadModule(ZXTune.java:236)
D/app.zxtune.playback.FileIterator(11144): 	at app.zxtune.playback.FileIterator.loadModule(FileIterator.java:124)
D/app.zxtune.playback.FileIterator(11144): 	at app.zxtune.playback.FileIterator.loadItem(FileIterator.java:118)
D/app.zxtune.playback.FileIterator(11144): 	at app.zxtune.playback.FileIterator.loadNextItem(FileIterator.java:82)
D/app.zxtune.playback.FileIterator(11144): 	at app.zxtune.playback.FileIterator.next(FileIterator.java:60)
D/app.zxtune.playback.FileIterator(11144): 	at app.zxtune.playback.FileIterator.<init>(FileIterator.java:43)
D/app.zxtune.playback.FileIterator(11144): 	at app.zxtune.playback.IteratorFactory.createIterator(IteratorFactory.java:37)
D/app.zxtune.playback.FileIterator(11144): 	at app.zxtune.playback.IteratorFactory.createIterator(IteratorFactory.java:52)
D/app.zxtune.playback.FileIterator(11144): 	at app.zxtune.ScanService.scan(ScanService.java:118)
D/app.zxtune.playback.FileIterator(11144): 	at app.zxtune.ScanService.scan(ScanService.java:110)
D/app.zxtune.playback.FileIterator(11144): 	at app.zxtune.ScanService.onHandleIntent(ScanService.java:102)
D/app.zxtune.playback.FileIterator(11144): 	at android.app.IntentService$ServiceHandler.handleMessage(IntentService.java:59)
D/app.zxtune.playback.FileIterator(11144): 	at android.os.Handler.dispatchMessage(Handler.java:99)
D/app.zxtune.playback.FileIterator(11144): 	at android.os.Looper.loop(Looper.java:130)
D/app.zxtune.playback.FileIterator(11144): 	at android.os.HandlerThread.run(HandlerThread.java:60)
I/WindowOrientationListener( 1701): orientation = 357 Tilt = 55 -- 0 ,  5 ,  8
D/app.zxtune.fs.zxtunes.RemoteCatalog(11144): Fetch 4458 bytes via http://www.zxtunes.com/downloads.php?id=8023
D/app.zxtune.fs.zxtunes.CachingCatalog(11144): Write content of track 8023 to cache
D/app.zxtune.playback.FileIterator(11144): Skip not a module
D/app.zxtune.playback.FileIterator(11144): java.io.InvalidObjectException: app.zxtune.ZXTune$NativeModule
D/app.zxtune.playback.FileIterator(11144): 	at app.zxtune.ZXTune$NativeObject.<init>(ZXTune.java:248)
D/app.zxtune.playback.FileIterator(11144): 	at app.zxtune.ZXTune$NativeModule.<init>(ZXTune.java:263)
D/app.zxtune.playback.FileIterator(11144): 	at app.zxtune.ZXTune.loadModule(ZXTune.java:236)
D/app.zxtune.playback.FileIterator(11144): 	at app.zxtune.playback.FileIterator.loadModule(FileIterator.java:124)
D/app.zxtune.playback.FileIterator(11144): 	at app.zxtune.playback.FileIterator.loadItem(FileIterator.java:118)
D/app.zxtune.playback.FileIterator(11144): 	at app.zxtune.playback.FileIterator.loadNextItem(FileIterator.java:82)
D/app.zxtune.playback.FileIterator(11144): 	at app.zxtune.playback.FileIterator.next(FileIterator.java:60)
D/app.zxtune.playback.FileIterator(11144): 	at app.zxtune.playback.FileIterator.<init>(FileIterator.java:43)
D/app.zxtune.playback.FileIterator(11144): 	at app.zxtune.playback.IteratorFactory.createIterator(IteratorFactory.java:37)
D/app.zxtune.playback.FileIterator(11144): 	at app.zxtune.playback.IteratorFactory.createIterator(IteratorFactory.java:52)
D/app.zxtune.playback.FileIterator(11144): 	at app.zxtune.ScanService.scan(ScanService.java:118)
D/app.zxtune.playback.FileIterator(11144): 	at app.zxtune.ScanService.scan(ScanService.java:110)
D/app.zxtune.playback.FileIterator(11144): 	at app.zxtune.ScanService.onHandleIntent(ScanService.java:102)
D/app.zxtune.playback.FileIterator(11144): 	at android.app.IntentService$ServiceHandler.handleMessage(IntentService.java:59)
D/app.zxtune.playback.FileIterator(11144): 	at android.os.Handler.dispatchMessage(Handler.java:99)
D/app.zxtune.playback.FileIterator(11144): 	at android.os.Looper.loop(Looper.java:130)
D/app.zxtune.playback.FileIterator(11144): 	at android.os.HandlerThread.run(HandlerThread.java:60)
D/app.zxtune.fs.zxtunes.RemoteCatalog(11144): Fetch 4160 bytes via http://www.zxtunes.com/downloads.php?id=8024
D/app.zxtune.fs.zxtunes.CachingCatalog(11144): Write content of track 8024 to cache
D/app.zxtune.playback.FileIterator(11144): Skip not a module
D/app.zxtune.playback.FileIterator(11144): java.io.InvalidObjectException: app.zxtune.ZXTune$NativeModule
D/app.zxtune.playback.FileIterator(11144): 	at app.zxtune.ZXTune$NativeObject.<init>(ZXTune.java:248)
D/app.zxtune.playback.FileIterator(11144): 	at app.zxtune.ZXTune$NativeModule.<init>(ZXTune.java:263)
D/app.zxtune.playback.FileIterator(11144): 	at app.zxtune.ZXTune.loadModule(ZXTune.java:236)
D/app.zxtune.playback.FileIterator(11144): 	at app.zxtune.playback.FileIterator.loadModule(FileIterator.java:124)
D/app.zxtune.playback.FileIterator(11144): 	at app.zxtune.playback.FileIterator.loadItem(FileIterator.java:118)
D/app.zxtune.playback.FileIterator(11144): 	at app.zxtune.playback.FileIterator.loadNextItem(FileIterator.java:82)
D/app.zxtune.playback.FileIterator(11144): 	at app.zxtune.playback.FileIterator.next(FileIterator.java:60)
D/app.zxtune.playback.FileIterator(11144): 	at app.zxtune.playback.FileIterator.<init>(FileIterator.java:43)
D/app.zxtune.playback.FileIterator(11144): 	at app.zxtune.playback.IteratorFactory.createIterator(IteratorFactory.java:37)
D/app.zxtune.playback.FileIterator(11144): 	at app.zxtune.playback.IteratorFactory.createIterator(IteratorFactory.java:52)
D/app.zxtune.playback.FileIterator(11144): 	at app.zxtune.ScanService.scan(ScanService.java:118)
D/app.zxtune.playback.FileIterator(11144): 	at app.zxtune.ScanService.scan(ScanService.java:110)
D/app.zxtune.playback.FileIterator(11144): 	at app.zxtune.ScanService.onHandleIntent(ScanService.java:102)
D/app.zxtune.playback.FileIterator(11144): 	at android.app.IntentService$ServiceHandler.handleMessage(IntentService.java:59)
D/app.zxtune.playback.FileIterator(11144): 	at android.os.Handler.dispatchMessage(Handler.java:99)
D/app.zxtune.playback.FileIterator(11144): 	at android.os.Looper.loop(Looper.java:130)
D/app.zxtune.playback.FileIterator(11144): 	at android.os.HandlerThread.run(HandlerThread.java:60)
I/WindowOrientationListener( 1701): orientation = 357 Tilt = 54 -- 0 ,  5 ,  7
D/app.zxtune.fs.zxtunes.RemoteCatalog(11144): Fetch 3007 bytes via http://www.zxtunes.com/downloads.php?id=8025
D/app.zxtune.fs.zxtunes.CachingCatalog(11144): Write content of track 8025 to cache
D/app.zxtune.playback.FileIterator(11144): Skip not a module
D/app.zxtune.playback.FileIterator(11144): java.io.InvalidObjectException: app.zxtune.ZXTune$NativeModule
D/app.zxtune.playback.FileIterator(11144): 	at app.zxtune.ZXTune$NativeObject.<init>(ZXTune.java:248)
D/app.zxtune.playback.FileIterator(11144): 	at app.zxtune.ZXTune$NativeModule.<init>(ZXTune.java:263)
D/app.zxtune.playback.FileIterator(11144): 	at app.zxtune.ZXTune.loadModule(ZXTune.java:236)
D/app.zxtune.playback.FileIterator(11144): 	at app.zxtune.playback.FileIterator.loadModule(FileIterator.java:124)
D/app.zxtune.playback.FileIterator(11144): 	at app.zxtune.playback.FileIterator.loadItem(FileIterator.java:118)
D/app.zxtune.playback.FileIterator(11144): 	at app.zxtune.playback.FileIterator.loadNextItem(FileIterator.java:82)
D/app.zxtune.playback.FileIterator(11144): 	at app.zxtune.playback.FileIterator.next(FileIterator.java:60)
D/app.zxtune.playback.FileIterator(11144): 	at app.zxtune.playback.FileIterator.<init>(FileIterator.java:43)
D/app.zxtune.playback.FileIterator(11144): 	at app.zxtune.playback.IteratorFactory.createIterator(IteratorFactory.java:37)
D/app.zxtune.playback.FileIterator(11144): 	at app.zxtune.playback.IteratorFactory.createIterator(IteratorFactory.java:52)
D/app.zxtune.playback.FileIterator(11144): 	at app.zxtune.ScanService.scan(ScanService.java:118)
D/app.zxtune.playback.FileIterator(11144): 	at app.zxtune.ScanService.scan(ScanService.java:110)
D/app.zxtune.playback.FileIterator(11144): 	at app.zxtune.ScanService.onHandleIntent(ScanService.java:102)
D/app.zxtune.playback.FileIterator(11144): 	at android.app.IntentService$ServiceHandler.handleMessage(IntentService.java:59)
D/app.zxtune.playback.FileIterator(11144): 	at android.os.Handler.dispatchMessage(Handler.java:99)
D/app.zxtune.playback.FileIterator(11144): 	at android.os.Looper.loop(Looper.java:130)
D/app.zxtune.playback.FileIterator(11144): 	at android.os.HandlerThread.run(HandlerThread.java:60)
D/app.zxtune.fs.zxtunes.RemoteCatalog(11144): Fetch 3881 bytes via http://www.zxtunes.com/downloads.php?id=8026
D/app.zxtune.fs.zxtunes.CachingCatalog(11144): Write content of track 8026 to cache
D/app.zxtune.playback.FileIterator(11144): Skip not a module
D/app.zxtune.playback.FileIterator(11144): java.io.InvalidObjectException: app.zxtune.ZXTune$NativeModule
D/app.zxtune.playback.FileIterator(11144): 	at app.zxtune.ZXTune$NativeObject.<init>(ZXTune.java:248)
D/app.zxtune.playback.FileIterator(11144): 	at app.zxtune.ZXTune$NativeModule.<init>(ZXTune.java:263)
D/app.zxtune.playback.FileIterator(11144): 	at app.zxtune.ZXTune.loadModule(ZXTune.java:236)
D/app.zxtune.playback.FileIterator(11144): 	at app.zxtune.playback.FileIterator.loadModule(FileIterator.java:124)
D/app.zxtune.playback.FileIterator(11144): 	at app.zxtune.playback.FileIterator.loadItem(FileIterator.java:118)
D/app.zxtune.playback.FileIterator(11144): 	at app.zxtune.playback.FileIterator.loadNextItem(FileIterator.java:82)
D/app.zxtune.playback.FileIterator(11144): 	at app.zxtune.playback.FileIterator.next(FileIterator.java:60)
D/app.zxtune.playback.FileIterator(11144): 	at app.zxtune.playback.FileIterator.<init>(FileIterator.java:43)
D/app.zxtune.playback.FileIterator(11144): 	at app.zxtune.playback.IteratorFactory.createIterator(IteratorFactory.java:37)
D/app.zxtune.playback.FileIterator(11144): 	at app.zxtune.playback.IteratorFactory.createIterator(IteratorFactory.java:52)
D/app.zxtune.playback.FileIterator(11144): 	at app.zxtune.ScanService.scan(ScanService.java:118)
D/app.zxtune.playback.FileIterator(11144): 	at app.zxtune.ScanService.scan(ScanService.java:110)
D/app.zxtune.playback.FileIterator(11144): 	at app.zxtune.ScanService.onHandleIntent(ScanService.java:102)
D/app.zxtune.playback.FileIterator(11144): 	at android.app.IntentService$ServiceHandler.handleMessage(IntentService.java:59)
D/app.zxtune.playback.FileIterator(11144): 	at android.os.Handler.dispatchMessage(Handler.java:99)
D/app.zxtune.playback.FileIterator(11144): 	at android.os.Looper.loop(Looper.java:130)
D/app.zxtune.playback.FileIterator(11144): 	at android.os.HandlerThread.run(HandlerThread.java:60)
D/app.zxtune.fs.zxtunes.RemoteCatalog(11144): Fetch 2995 bytes via http://www.zxtunes.com/downloads.php?id=8027
D/app.zxtune.fs.zxtunes.CachingCatalog(11144): Write content of track 8027 to cache
D/app.zxtune.playback.FileIterator(11144): Skip not a module
D/app.zxtune.playback.FileIterator(11144): java.io.InvalidObjectException: app.zxtune.ZXTune$NativeModule
D/app.zxtune.playback.FileIterator(11144): 	at app.zxtune.ZXTune$NativeObject.<init>(ZXTune.java:248)
D/app.zxtune.playback.FileIterator(11144): 	at app.zxtune.ZXTune$NativeModule.<init>(ZXTune.java:263)
D/app.zxtune.playback.FileIterator(11144): 	at app.zxtune.ZXTune.loadModule(ZXTune.java:236)
D/app.zxtune.playback.FileIterator(11144): 	at app.zxtune.playback.FileIterator.loadModule(FileIterator.java:124)
D/app.zxtune.playback.FileIterator(11144): 	at app.zxtune.playback.FileIterator.loadItem(FileIterator.java:118)
D/app.zxtune.playback.FileIterator(11144): 	at app.zxtune.playback.FileIterator.loadNextItem(FileIterator.java:82)
D/app.zxtune.playback.FileIterator(11144): 	at app.zxtune.playback.FileIterator.next(FileIterator.java:60)
D/app.zxtune.playback.FileIterator(11144): 	at app.zxtune.playback.FileIterator.<init>(FileIterator.java:43)
D/app.zxtune.playback.FileIterator(11144): 	at app.zxtune.playback.IteratorFactory.createIterator(IteratorFactory.java:37)
D/app.zxtune.playback.FileIterator(11144): 	at app.zxtune.playback.IteratorFactory.createIterator(IteratorFactory.java:52)
D/app.zxtune.playback.FileIterator(11144): 	at app.zxtune.ScanService.scan(ScanService.java:118)
D/app.zxtune.playback.FileIterator(11144): 	at app.zxtune.ScanService.scan(ScanService.java:110)
D/app.zxtune.playback.FileIterator(11144): 	at app.zxtune.ScanService.onHandleIntent(ScanService.java:102)
D/app.zxtune.playback.FileIterator(11144): 	at android.app.IntentService$ServiceHandler.handleMessage(IntentService.java:59)
D/app.zxtune.playback.FileIterator(11144): 	at android.os.Handler.dispatchMessage(Handler.java:99)
D/app.zxtune.playback.FileIterator(11144): 	at android.os.Looper.loop(Looper.java:130)
D/app.zxtune.playback.FileIterator(11144): 	at android.os.HandlerThread.run(HandlerThread.java:60)
D/dalvikvm(11144): GC_CONCURRENT freed 411K, 49% free 3043K/5959K, external 64K/1312K, paused 11ms+3ms
I/WindowOrientationListener( 1701): orientation = 357 Tilt = 54 -- 0 ,  5 ,  8
D/app.zxtune.fs.zxtunes.RemoteCatalog(11144): Fetch 2337 bytes via http://www.zxtunes.com/downloads.php?id=8028
D/app.zxtune.fs.zxtunes.CachingCatalog(11144): Write content of track 8028 to cache
D/app.zxtune.playback.FileIterator(11144): Skip not a module
D/app.zxtune.playback.FileIterator(11144): java.io.InvalidObjectException: app.zxtune.ZXTune$NativeModule
D/app.zxtune.playback.FileIterator(11144): 	at app.zxtune.ZXTune$NativeObject.<init>(ZXTune.java:248)
D/app.zxtune.playback.FileIterator(11144): 	at app.zxtune.ZXTune$NativeModule.<init>(ZXTune.java:263)
D/app.zxtune.playback.FileIterator(11144): 	at app.zxtune.ZXTune.loadModule(ZXTune.java:236)
D/app.zxtune.playback.FileIterator(11144): 	at app.zxtune.playback.FileIterator.loadModule(FileIterator.java:124)
D/app.zxtune.playback.FileIterator(11144): 	at app.zxtune.playback.FileIterator.loadItem(FileIterator.java:118)
D/app.zxtune.playback.FileIterator(11144): 	at app.zxtune.playback.FileIterator.loadNextItem(FileIterator.java:82)
D/app.zxtune.playback.FileIterator(11144): 	at app.zxtune.playback.FileIterator.next(FileIterator.java:60)
D/app.zxtune.playback.FileIterator(11144): 	at app.zxtune.playback.FileIterator.<init>(FileIterator.java:43)
D/app.zxtune.playback.FileIterator(11144): 	at app.zxtune.playback.IteratorFactory.createIterator(IteratorFactory.java:37)
D/app.zxtune.playback.FileIterator(11144): 	at app.zxtune.playback.IteratorFactory.createIterator(IteratorFactory.java:52)
D/app.zxtune.playback.FileIterator(11144): 	at app.zxtune.ScanService.scan(ScanService.java:118)
D/app.zxtune.playback.FileIterator(11144): 	at app.zxtune.ScanService.scan(ScanService.java:110)
D/app.zxtune.playback.FileIterator(11144): 	at app.zxtune.ScanService.onHandleIntent(ScanService.java:102)
D/app.zxtune.playback.FileIterator(11144): 	at android.app.IntentService$ServiceHandler.handleMessage(IntentService.java:59)
D/app.zxtune.playback.FileIterator(11144): 	at android.os.Handler.dispatchMessage(Handler.java:99)
D/app.zxtune.playback.FileIterator(11144): 	at android.os.Looper.loop(Looper.java:130)
D/app.zxtune.playback.FileIterator(11144): 	at android.os.HandlerThread.run(HandlerThread.java:60)
D/app.zxtune.fs.zxtunes.RemoteCatalog(11144): Fetch 4004 bytes via http://www.zxtunes.com/downloads.php?id=8029
D/app.zxtune.fs.zxtunes.CachingCatalog(11144): Write content of track 8029 to cache
D/app.zxtune.playback.FileIterator(11144): Skip not a module
D/app.zxtune.playback.FileIterator(11144): java.io.InvalidObjectException: app.zxtune.ZXTune$NativeModule
D/app.zxtune.playback.FileIterator(11144): 	at app.zxtune.ZXTune$NativeObject.<init>(ZXTune.java:248)
D/app.zxtune.playback.FileIterator(11144): 	at app.zxtune.ZXTune$NativeModule.<init>(ZXTune.java:263)
D/app.zxtune.playback.FileIterator(11144): 	at app.zxtune.ZXTune.loadModule(ZXTune.java:236)
D/app.zxtune.playback.FileIterator(11144): 	at app.zxtune.playback.FileIterator.loadModule(FileIterator.java:124)
D/app.zxtune.playback.FileIterator(11144): 	at app.zxtune.playback.FileIterator.loadItem(FileIterator.java:118)
D/app.zxtune.playback.FileIterator(11144): 	at app.zxtune.playback.FileIterator.loadNextItem(FileIterator.java:82)
D/app.zxtune.playback.FileIterator(11144): 	at app.zxtune.playback.FileIterator.next(FileIterator.java:60)
D/app.zxtune.playback.FileIterator(11144): 	at app.zxtune.playback.FileIterator.<init>(FileIterator.java:43)
D/app.zxtune.playback.FileIterator(11144): 	at app.zxtune.playback.IteratorFactory.createIterator(IteratorFactory.java:37)
D/app.zxtune.playback.FileIterator(11144): 	at app.zxtune.playback.IteratorFactory.createIterator(IteratorFactory.java:52)
D/app.zxtune.playback.FileIterator(11144): 	at app.zxtune.ScanService.scan(ScanService.java:118)
D/app.zxtune.playback.FileIterator(11144): 	at app.zxtune.ScanService.scan(ScanService.java:110)
D/app.zxtune.playback.FileIterator(11144): 	at app.zxtune.ScanService.onHandleIntent(ScanService.java:102)
D/app.zxtune.playback.FileIterator(11144): 	at android.app.IntentService$ServiceHandler.handleMessage(IntentService.java:59)
D/app.zxtune.playback.FileIterator(11144): 	at android.os.Handler.dispatchMessage(Handler.java:99)
D/app.zxtune.playback.FileIterator(11144): 	at android.os.Looper.loop(Looper.java:130)
D/app.zxtune.playback.FileIterator(11144): 	at android.os.HandlerThread.run(HandlerThread.java:60)
I/WindowOrientationListener( 1701): orientation = 358 Tilt = 54 -- 0 ,  5 ,  7
D/app.zxtune.fs.zxtunes.RemoteCatalog(11144): Fetch 2633 bytes via http://www.zxtunes.com/downloads.php?id=8030
D/app.zxtune.fs.zxtunes.CachingCatalog(11144): Write content of track 8030 to cache
D/app.zxtune.playback.FileIterator(11144): Skip not a module
D/app.zxtune.playback.FileIterator(11144): java.io.InvalidObjectException: app.zxtune.ZXTune$NativeModule
D/app.zxtune.playback.FileIterator(11144): 	at app.zxtune.ZXTune$NativeObject.<init>(ZXTune.java:248)
D/app.zxtune.playback.FileIterator(11144): 	at app.zxtune.ZXTune$NativeModule.<init>(ZXTune.java:263)
D/app.zxtune.playback.FileIterator(11144): 	at app.zxtune.ZXTune.loadModule(ZXTune.java:236)
D/app.zxtune.playback.FileIterator(11144): 	at app.zxtune.playback.FileIterator.loadModule(FileIterator.java:124)
D/app.zxtune.playback.FileIterator(11144): 	at app.zxtune.playback.FileIterator.loadItem(FileIterator.java:118)
D/app.zxtune.playback.FileIterator(11144): 	at app.zxtune.playback.FileIterator.loadNextItem(FileIterator.java:82)
D/app.zxtune.playback.FileIterator(11144): 	at app.zxtune.playback.FileIterator.next(FileIterator.java:60)
D/app.zxtune.playback.FileIterator(11144): 	at app.zxtune.playback.FileIterator.<init>(FileIterator.java:43)
D/app.zxtune.playback.FileIterator(11144): 	at app.zxtune.playback.IteratorFactory.createIterator(IteratorFactory.java:37)
D/app.zxtune.playback.FileIterator(11144): 	at app.zxtune.playback.IteratorFactory.createIterator(IteratorFactory.java:52)
D/app.zxtune.playback.FileIterator(11144): 	at app.zxtune.ScanService.scan(ScanService.java:118)
D/app.zxtune.playback.FileIterator(11144): 	at app.zxtune.ScanService.scan(ScanService.java:110)
D/app.zxtune.playback.FileIterator(11144): 	at app.zxtune.ScanService.onHandleIntent(ScanService.java:102)
D/app.zxtune.playback.FileIterator(11144): 	at android.app.IntentService$ServiceHandler.handleMessage(IntentService.java:59)
D/app.zxtune.playback.FileIterator(11144): 	at android.os.Handler.dispatchMessage(Handler.java:99)
D/app.zxtune.playback.FileIterator(11144): 	at android.os.Looper.loop(Looper.java:130)
D/app.zxtune.playback.FileIterator(11144): 	at android.os.HandlerThread.run(HandlerThread.java:60)
D/app.zxtune.fs.zxtunes.RemoteCatalog(11144): Fetch 1667 bytes via http://www.zxtunes.com/downloads.php?id=8031
D/app.zxtune.fs.zxtunes.CachingCatalog(11144): Write content of track 8031 to cache
D/app.zxtune.playback.FileIterator(11144): Skip not a module
D/app.zxtune.playback.FileIterator(11144): java.io.InvalidObjectException: app.zxtune.ZXTune$NativeModule
D/app.zxtune.playback.FileIterator(11144): 	at app.zxtune.ZXTune$NativeObject.<init>(ZXTune.java:248)
D/app.zxtune.playback.FileIterator(11144): 	at app.zxtune.ZXTune$NativeModule.<init>(ZXTune.java:263)
D/app.zxtune.playback.FileIterator(11144): 	at app.zxtune.ZXTune.loadModule(ZXTune.java:236)
D/app.zxtune.playback.FileIterator(11144): 	at app.zxtune.playback.FileIterator.loadModule(FileIterator.java:124)
D/app.zxtune.playback.FileIterator(11144): 	at app.zxtune.playback.FileIterator.loadItem(FileIterator.java:118)
D/app.zxtune.playback.FileIterator(11144): 	at app.zxtune.playback.FileIterator.loadNextItem(FileIterator.java:82)
D/app.zxtune.playback.FileIterator(11144): 	at app.zxtune.playback.FileIterator.next(FileIterator.java:60)
D/app.zxtune.playback.FileIterator(11144): 	at app.zxtune.playback.FileIterator.<init>(FileIterator.java:43)
D/app.zxtune.playback.FileIterator(11144): 	at app.zxtune.playback.IteratorFactory.createIterator(IteratorFactory.java:37)
D/app.zxtune.playback.FileIterator(11144): 	at app.zxtune.playback.IteratorFactory.createIterator(IteratorFactory.java:52)
D/app.zxtune.playback.FileIterator(11144): 	at app.zxtune.ScanService.scan(ScanService.java:118)
D/app.zxtune.playback.FileIterator(11144): 	at app.zxtune.ScanService.scan(ScanService.java:110)
D/app.zxtune.playback.FileIterator(11144): 	at app.zxtune.ScanService.onHandleIntent(ScanService.java:102)
D/app.zxtune.playback.FileIterator(11144): 	at android.app.IntentService$ServiceHandler.handleMessage(IntentService.java:59)
D/app.zxtune.playback.FileIterator(11144): 	at android.os.Handler.dispatchMessage(Handler.java:99)
D/app.zxtune.playback.FileIterator(11144): 	at android.os.Looper.loop(Looper.java:130)
D/app.zxtune.playback.FileIterator(11144): 	at android.os.HandlerThread.run(HandlerThread.java:60)
D/app.zxtune.fs.zxtunes.RemoteCatalog(11144): Fetch 1604 bytes via http://www.zxtunes.com/downloads.php?id=8032
D/app.zxtune.fs.zxtunes.CachingCatalog(11144): Write content of track 8032 to cache
D/app.zxtune.playback.FileIterator(11144): Skip not a module
D/app.zxtune.playback.FileIterator(11144): java.io.InvalidObjectException: app.zxtune.ZXTune$NativeModule
D/app.zxtune.playback.FileIterator(11144): 	at app.zxtune.ZXTune$NativeObject.<init>(ZXTune.java:248)
D/app.zxtune.playback.FileIterator(11144): 	at app.zxtune.ZXTune$NativeModule.<init>(ZXTune.java:263)
D/app.zxtune.playback.FileIterator(11144): 	at app.zxtune.ZXTune.loadModule(ZXTune.java:236)
D/app.zxtune.playback.FileIterator(11144): 	at app.zxtune.playback.FileIterator.loadModule(FileIterator.java:124)
D/app.zxtune.playback.FileIterator(11144): 	at app.zxtune.playback.FileIterator.loadItem(FileIterator.java:118)
D/app.zxtune.playback.FileIterator(11144): 	at app.zxtune.playback.FileIterator.loadNextItem(FileIterator.java:82)
D/app.zxtune.playback.FileIterator(11144): 	at app.zxtune.playback.FileIterator.next(FileIterator.java:60)
D/app.zxtune.playback.FileIterator(11144): 	at app.zxtune.playback.FileIterator.<init>(FileIterator.java:43)
D/app.zxtune.playback.FileIterator(11144): 	at app.zxtune.playback.IteratorFactory.createIterator(IteratorFactory.java:37)
D/app.zxtune.playback.FileIterator(11144): 	at app.zxtune.playback.IteratorFactory.createIterator(IteratorFactory.java:52)
D/app.zxtune.playback.FileIterator(11144): 	at app.zxtune.ScanService.scan(ScanService.java:118)
D/app.zxtune.playback.FileIterator(11144): 	at app.zxtune.ScanService.scan(ScanService.java:110)
D/app.zxtune.playback.FileIterator(11144): 	at app.zxtune.ScanService.onHandleIntent(ScanService.java:102)
D/app.zxtune.playback.FileIterator(11144): 	at android.app.IntentService$ServiceHandler.handleMessage(IntentService.java:59)
D/app.zxtune.playback.FileIterator(11144): 	at android.os.Handler.dispatchMessage(Handler.java:99)
D/app.zxtune.playback.FileIterator(11144): 	at android.os.Looper.loop(Looper.java:130)
D/app.zxtune.playback.FileIterator(11144): 	at android.os.HandlerThread.run(HandlerThread.java:60)
D/app.zxtune.fs.zxtunes.RemoteCatalog(11144): Fetch 1905 bytes via http://www.zxtunes.com/downloads.php?id=8033
D/app.zxtune.fs.zxtunes.CachingCatalog(11144): Write content of track 8033 to cache
D/app.zxtune.playback.FileIterator(11144): Skip not a module
D/app.zxtune.playback.FileIterator(11144): java.io.InvalidObjectException: app.zxtune.ZXTune$NativeModule
D/app.zxtune.playback.FileIterator(11144): 	at app.zxtune.ZXTune$NativeObject.<init>(ZXTune.java:248)
D/app.zxtune.playback.FileIterator(11144): 	at app.zxtune.ZXTune$NativeModule.<init>(ZXTune.java:263)
D/app.zxtune.playback.FileIterator(11144): 	at app.zxtune.ZXTune.loadModule(ZXTune.java:236)
D/app.zxtune.playback.FileIterator(11144): 	at app.zxtune.playback.FileIterator.loadModule(FileIterator.java:124)
D/app.zxtune.playback.FileIterator(11144): 	at app.zxtune.playback.FileIterator.loadItem(FileIterator.java:118)
D/app.zxtune.playback.FileIterator(11144): 	at app.zxtune.playback.FileIterator.loadNextItem(FileIterator.java:82)
D/app.zxtune.playback.FileIterator(11144): 	at app.zxtune.playback.FileIterator.next(FileIterator.java:60)
D/app.zxtune.playback.FileIterator(11144): 	at app.zxtune.playback.FileIterator.<init>(FileIterator.java:43)
D/app.zxtune.playback.FileIterator(11144): 	at app.zxtune.playback.IteratorFactory.createIterator(IteratorFactory.java:37)
D/app.zxtune.playback.FileIterator(11144): 	at app.zxtune.playback.IteratorFactory.createIterator(IteratorFactory.java:52)
D/app.zxtune.playback.FileIterator(11144): 	at app.zxtune.ScanService.scan(ScanService.java:118)
D/app.zxtune.playback.FileIterator(11144): 	at app.zxtune.ScanService.scan(ScanService.java:110)
D/app.zxtune.playback.FileIterator(11144): 	at app.zxtune.ScanService.onHandleIntent(ScanService.java:102)
D/app.zxtune.playback.FileIterator(11144): 	at android.app.IntentService$ServiceHandler.handleMessage(IntentService.java:59)
D/app.zxtune.playback.FileIterator(11144): 	at android.os.Handler.dispatchMessage(Handler.java:99)
D/app.zxtune.playback.FileIterator(11144): 	at android.os.Looper.loop(Looper.java:130)
D/app.zxtune.playback.FileIterator(11144): 	at android.os.HandlerThread.run(HandlerThread.java:60)
D/dalvikvm(11144): GC_CONCURRENT freed 421K, 50% free 3038K/5959K, external 64K/1312K, paused 3ms+2ms
I/WindowOrientationListener( 1701): orientation = 357 Tilt = 54 -- 0 ,  5 ,  8
D/app.zxtune.fs.zxtunes.RemoteCatalog(11144): Fetch 1338 bytes via http://www.zxtunes.com/downloads.php?id=8034
D/app.zxtune.fs.zxtunes.CachingCatalog(11144): Write content of track 8034 to cache
D/app.zxtune.playback.FileIterator(11144): Skip not a module
D/app.zxtune.playback.FileIterator(11144): java.io.InvalidObjectException: app.zxtune.ZXTune$NativeModule
D/app.zxtune.playback.FileIterator(11144): 	at app.zxtune.ZXTune$NativeObject.<init>(ZXTune.java:248)
D/app.zxtune.playback.FileIterator(11144): 	at app.zxtune.ZXTune$NativeModule.<init>(ZXTune.java:263)
D/app.zxtune.playback.FileIterator(11144): 	at app.zxtune.ZXTune.loadModule(ZXTune.java:236)
D/app.zxtune.playback.FileIterator(11144): 	at app.zxtune.playback.FileIterator.loadModule(FileIterator.java:124)
D/app.zxtune.playback.FileIterator(11144): 	at app.zxtune.playback.FileIterator.loadItem(FileIterator.java:118)
D/app.zxtune.playback.FileIterator(11144): 	at app.zxtune.playback.FileIterator.loadNextItem(FileIterator.java:82)
D/app.zxtune.playback.FileIterator(11144): 	at app.zxtune.playback.FileIterator.next(FileIterator.java:60)
D/app.zxtune.playback.FileIterator(11144): 	at app.zxtune.playback.FileIterator.<init>(FileIterator.java:43)
D/app.zxtune.playback.FileIterator(11144): 	at app.zxtune.playback.IteratorFactory.createIterator(IteratorFactory.java:37)
D/app.zxtune.playback.FileIterator(11144): 	at app.zxtune.playback.IteratorFactory.createIterator(IteratorFactory.java:52)
D/app.zxtune.playback.FileIterator(11144): 	at app.zxtune.ScanService.scan(ScanService.java:118)
D/app.zxtune.playback.FileIterator(11144): 	at app.zxtune.ScanService.scan(ScanService.java:110)
D/app.zxtune.playback.FileIterator(11144): 	at app.zxtune.ScanService.onHandleIntent(ScanService.java:102)
D/app.zxtune.playback.FileIterator(11144): 	at android.app.IntentService$ServiceHandler.handleMessage(IntentService.java:59)
D/app.zxtune.playback.FileIterator(11144): 	at android.os.Handler.dispatchMessage(Handler.java:99)
D/app.zxtune.playback.FileIterator(11144): 	at android.os.Looper.loop(Looper.java:130)
D/app.zxtune.playback.FileIterator(11144): 	at android.os.HandlerThread.run(HandlerThread.java:60)
D/app.zxtune.fs.zxtunes.RemoteCatalog(11144): Fetch 2550 bytes via http://www.zxtunes.com/downloads.php?id=7951
D/app.zxtune.fs.zxtunes.CachingCatalog(11144): Write content of track 7951 to cache
D/app.zxtune.playback.FileIterator(11144): Skip not a module
D/app.zxtune.playback.FileIterator(11144): java.io.InvalidObjectException: app.zxtune.ZXTune$NativeModule
D/app.zxtune.playback.FileIterator(11144): 	at app.zxtune.ZXTune$NativeObject.<init>(ZXTune.java:248)
D/app.zxtune.playback.FileIterator(11144): 	at app.zxtune.ZXTune$NativeModule.<init>(ZXTune.java:263)
D/app.zxtune.playback.FileIterator(11144): 	at app.zxtune.ZXTune.loadModule(ZXTune.java:236)
D/app.zxtune.playback.FileIterator(11144): 	at app.zxtune.playback.FileIterator.loadModule(FileIterator.java:124)
D/app.zxtune.playback.FileIterator(11144): 	at app.zxtune.playback.FileIterator.loadItem(FileIterator.java:118)
D/app.zxtune.playback.FileIterator(11144): 	at app.zxtune.playback.FileIterator.loadNextItem(FileIterator.java:82)
D/app.zxtune.playback.FileIterator(11144): 	at app.zxtune.playback.FileIterator.next(FileIterator.java:60)
D/app.zxtune.playback.FileIterator(11144): 	at app.zxtune.playback.FileIterator.<init>(FileIterator.java:43)
D/app.zxtune.playback.FileIterator(11144): 	at app.zxtune.playback.IteratorFactory.createIterator(IteratorFactory.java:37)
D/app.zxtune.playback.FileIterator(11144): 	at app.zxtune.playback.IteratorFactory.createIterator(IteratorFactory.java:52)
D/app.zxtune.playback.FileIterator(11144): 	at app.zxtune.ScanService.scan(ScanService.java:118)
D/app.zxtune.playback.FileIterator(11144): 	at app.zxtune.ScanService.scan(ScanService.java:110)
D/app.zxtune.playback.FileIterator(11144): 	at app.zxtune.ScanService.onHandleIntent(ScanService.java:102)
D/app.zxtune.playback.FileIterator(11144): 	at android.app.IntentService$ServiceHandler.handleMessage(IntentService.java:59)
D/app.zxtune.playback.FileIterator(11144): 	at android.os.Handler.dispatchMessage(Handler.java:99)
D/app.zxtune.playback.FileIterator(11144): 	at android.os.Looper.loop(Looper.java:130)
D/app.zxtune.playback.FileIterator(11144): 	at android.os.HandlerThread.run(HandlerThread.java:60)
D/app.zxtune.fs.zxtunes.RemoteCatalog(11144): Fetch 1031 bytes via http://www.zxtunes.com/downloads.php?id=7952
D/app.zxtune.fs.zxtunes.CachingCatalog(11144): Write content of track 7952 to cache
D/app.zxtune.playback.FileIterator(11144): Skip not a module
D/app.zxtune.playback.FileIterator(11144): java.io.InvalidObjectException: app.zxtune.ZXTune$NativeModule
D/app.zxtune.playback.FileIterator(11144): 	at app.zxtune.ZXTune$NativeObject.<init>(ZXTune.java:248)
D/app.zxtune.playback.FileIterator(11144): 	at app.zxtune.ZXTune$NativeModule.<init>(ZXTune.java:263)
D/app.zxtune.playback.FileIterator(11144): 	at app.zxtune.ZXTune.loadModule(ZXTune.java:236)
D/app.zxtune.playback.FileIterator(11144): 	at app.zxtune.playback.FileIterator.loadModule(FileIterator.java:124)
D/app.zxtune.playback.FileIterator(11144): 	at app.zxtune.playback.FileIterator.loadItem(FileIterator.java:118)
D/app.zxtune.playback.FileIterator(11144): 	at app.zxtune.playback.FileIterator.loadNextItem(FileIterator.java:82)
D/app.zxtune.playback.FileIterator(11144): 	at app.zxtune.playback.FileIterator.next(FileIterator.java:60)
D/app.zxtune.playback.FileIterator(11144): 	at app.zxtune.playback.FileIterator.<init>(FileIterator.java:43)
D/app.zxtune.playback.FileIterator(11144): 	at app.zxtune.playback.IteratorFactory.createIterator(IteratorFactory.java:37)
D/app.zxtune.playback.FileIterator(11144): 	at app.zxtune.playback.IteratorFactory.createIterator(IteratorFactory.java:52)
D/app.zxtune.playback.FileIterator(11144): 	at app.zxtune.ScanService.scan(ScanService.java:118)
D/app.zxtune.playback.FileIterator(11144): 	at app.zxtune.ScanService.scan(ScanService.java:110)
D/app.zxtune.playback.FileIterator(11144): 	at app.zxtune.ScanService.onHandleIntent(ScanService.java:102)
D/app.zxtune.playback.FileIterator(11144): 	at android.app.IntentService$ServiceHandler.handleMessage(IntentService.java:59)
D/app.zxtune.playback.FileIterator(11144): 	at android.os.Handler.dispatchMessage(Handler.java:99)
D/app.zxtune.playback.FileIterator(11144): 	at android.os.Looper.loop(Looper.java:130)
D/app.zxtune.playback.FileIterator(11144): 	at android.os.HandlerThread.run(HandlerThread.java:60)
D/app.zxtune.fs.zxtunes.RemoteCatalog(11144): Fetch 799 bytes via http://www.zxtunes.com/downloads.php?id=7953
D/app.zxtune.fs.zxtunes.CachingCatalog(11144): Write content of track 7953 to cache
D/app.zxtune.playback.FileIterator(11144): Skip not a module
D/app.zxtune.playback.FileIterator(11144): java.io.InvalidObjectException: app.zxtune.ZXTune$NativeModule
D/app.zxtune.playback.FileIterator(11144): 	at app.zxtune.ZXTune$NativeObject.<init>(ZXTune.java:248)
D/app.zxtune.playback.FileIterator(11144): 	at app.zxtune.ZXTune$NativeModule.<init>(ZXTune.java:263)
D/app.zxtune.playback.FileIterator(11144): 	at app.zxtune.ZXTune.loadModule(ZXTune.java:236)
D/app.zxtune.playback.FileIterator(11144): 	at app.zxtune.playback.FileIterator.loadModule(FileIterator.java:124)
D/app.zxtune.playback.FileIterator(11144): 	at app.zxtune.playback.FileIterator.loadItem(FileIterator.java:118)
D/app.zxtune.playback.FileIterator(11144): 	at app.zxtune.playback.FileIterator.loadNextItem(FileIterator.java:82)
D/app.zxtune.playback.FileIterator(11144): 	at app.zxtune.playback.FileIterator.next(FileIterator.java:60)
D/app.zxtune.playback.FileIterator(11144): 	at app.zxtune.playback.FileIterator.<init>(FileIterator.java:43)
D/app.zxtune.playback.FileIterator(11144): 	at app.zxtune.playback.IteratorFactory.createIterator(IteratorFactory.java:37)
D/app.zxtune.playback.FileIterator(11144): 	at app.zxtune.playback.IteratorFactory.createIterator(IteratorFactory.java:52)
D/app.zxtune.playback.FileIterator(11144): 	at app.zxtune.ScanService.scan(ScanService.java:118)
D/app.zxtune.playback.FileIterator(11144): 	at app.zxtune.ScanService.scan(ScanService.java:110)
D/app.zxtune.playback.FileIterator(11144): 	at app.zxtune.ScanService.onHandleIntent(ScanService.java:102)
D/app.zxtune.playback.FileIterator(11144): 	at android.app.IntentService$ServiceHandler.handleMessage(IntentService.java:59)
D/app.zxtune.playback.FileIterator(11144): 	at android.os.Handler.dispatchMessage(Handler.java:99)
D/app.zxtune.playback.FileIterator(11144): 	at android.os.Looper.loop(Looper.java:130)
D/app.zxtune.playback.FileIterator(11144): 	at android.os.HandlerThread.run(HandlerThread.java:60)
I/WindowOrientationListener( 1701): orientation = 357 Tilt = 51 -- 0 ,  6 ,  7
D/app.zxtune.fs.zxtunes.RemoteCatalog(11144): Fetch 1205 bytes via http://www.zxtunes.com/downloads.php?id=7954
D/app.zxtune.fs.zxtunes.CachingCatalog(11144): Write content of track 7954 to cache
D/app.zxtune.playback.FileIterator(11144): Skip not a module
D/app.zxtune.playback.FileIterator(11144): java.io.InvalidObjectException: app.zxtune.ZXTune$NativeModule
D/app.zxtune.playback.FileIterator(11144): 	at app.zxtune.ZXTune$NativeObject.<init>(ZXTune.java:248)
D/app.zxtune.playback.FileIterator(11144): 	at app.zxtune.ZXTune$NativeModule.<init>(ZXTune.java:263)
D/app.zxtune.playback.FileIterator(11144): 	at app.zxtune.ZXTune.loadModule(ZXTune.java:236)
D/app.zxtune.playback.FileIterator(11144): 	at app.zxtune.playback.FileIterator.loadModule(FileIterator.java:124)
D/app.zxtune.playback.FileIterator(11144): 	at app.zxtune.playback.FileIterator.loadItem(FileIterator.java:118)
D/app.zxtune.playback.FileIterator(11144): 	at app.zxtune.playback.FileIterator.loadNextItem(FileIterator.java:82)
D/app.zxtune.playback.FileIterator(11144): 	at app.zxtune.playback.FileIterator.next(FileIterator.java:60)
D/app.zxtune.playback.FileIterator(11144): 	at app.zxtune.playback.FileIterator.<init>(FileIterator.java:43)
D/app.zxtune.playback.FileIterator(11144): 	at app.zxtune.playback.IteratorFactory.createIterator(IteratorFactory.java:37)
D/app.zxtune.playback.FileIterator(11144): 	at app.zxtune.playback.IteratorFactory.createIterator(IteratorFactory.java:52)
D/app.zxtune.playback.FileIterator(11144): 	at app.zxtune.ScanService.scan(ScanService.java:118)
D/app.zxtune.playback.FileIterator(11144): 	at app.zxtune.ScanService.scan(ScanService.java:110)
D/app.zxtune.playback.FileIterator(11144): 	at app.zxtune.ScanService.onHandleIntent(ScanService.java:102)
D/app.zxtune.playback.FileIterator(11144): 	at android.app.IntentService$ServiceHandler.handleMessage(IntentService.java:59)
D/app.zxtune.playback.FileIterator(11144): 	at android.os.Handler.dispatchMessage(Handler.java:99)
D/app.zxtune.playback.FileIterator(11144): 	at android.os.Looper.loop(Looper.java:130)
D/app.zxtune.playback.FileIterator(11144): 	at android.os.HandlerThread.run(HandlerThread.java:60)
D/app.zxtune.fs.zxtunes.RemoteCatalog(11144): Fetch 1544 bytes via http://www.zxtunes.com/downloads.php?id=7955
D/app.zxtune.fs.zxtunes.CachingCatalog(11144): Write content of track 7955 to cache
D/app.zxtune.playback.FileIterator(11144): Skip not a module
D/app.zxtune.playback.FileIterator(11144): java.io.InvalidObjectException: app.zxtune.ZXTune$NativeModule
D/app.zxtune.playback.FileIterator(11144): 	at app.zxtune.ZXTune$NativeObject.<init>(ZXTune.java:248)
D/app.zxtune.playback.FileIterator(11144): 	at app.zxtune.ZXTune$NativeModule.<init>(ZXTune.java:263)
D/app.zxtune.playback.FileIterator(11144): 	at app.zxtune.ZXTune.loadModule(ZXTune.java:236)
D/app.zxtune.playback.FileIterator(11144): 	at app.zxtune.playback.FileIterator.loadModule(FileIterator.java:124)
D/app.zxtune.playback.FileIterator(11144): 	at app.zxtune.playback.FileIterator.loadItem(FileIterator.java:118)
D/app.zxtune.playback.FileIterator(11144): 	at app.zxtune.playback.FileIterator.loadNextItem(FileIterator.java:82)
D/app.zxtune.playback.FileIterator(11144): 	at app.zxtune.playback.FileIterator.next(FileIterator.java:60)
D/app.zxtune.playback.FileIterator(11144): 	at app.zxtune.playback.FileIterator.<init>(FileIterator.java:43)
D/app.zxtune.playback.FileIterator(11144): 	at app.zxtune.playback.IteratorFactory.createIterator(IteratorFactory.java:37)
D/app.zxtune.playback.FileIterator(11144): 	at app.zxtune.playback.IteratorFactory.createIterator(IteratorFactory.java:52)
D/app.zxtune.playback.FileIterator(11144): 	at app.zxtune.ScanService.scan(ScanService.java:118)
D/app.zxtune.playback.FileIterator(11144): 	at app.zxtune.ScanService.scan(ScanService.java:110)
D/app.zxtune.playback.FileIterator(11144): 	at app.zxtune.ScanService.onHandleIntent(ScanService.java:102)
D/app.zxtune.playback.FileIterator(11144): 	at android.app.IntentService$ServiceHandler.handleMessage(IntentService.java:59)
D/app.zxtune.playback.FileIterator(11144): 	at android.os.Handler.dispatchMessage(Handler.java:99)
D/app.zxtune.playback.FileIterator(11144): 	at android.os.Looper.loop(Looper.java:130)
D/app.zxtune.playback.FileIterator(11144): 	at android.os.HandlerThread.run(HandlerThread.java:60)
D/app.zxtune.fs.zxtunes.RemoteCatalog(11144): Fetch 1439 bytes via http://www.zxtunes.com/downloads.php?id=7956
D/app.zxtune.fs.zxtunes.CachingCatalog(11144): Write content of track 7956 to cache
D/app.zxtune.playback.FileIterator(11144): Skip not a module
D/app.zxtune.playback.FileIterator(11144): java.io.InvalidObjectException: app.zxtune.ZXTune$NativeModule
D/app.zxtune.playback.FileIterator(11144): 	at app.zxtune.ZXTune$NativeObject.<init>(ZXTune.java:248)
D/app.zxtune.playback.FileIterator(11144): 	at app.zxtune.ZXTune$NativeModule.<init>(ZXTune.java:263)
D/app.zxtune.playback.FileIterator(11144): 	at app.zxtune.ZXTune.loadModule(ZXTune.java:236)
D/app.zxtune.playback.FileIterator(11144): 	at app.zxtune.playback.FileIterator.loadModule(FileIterator.java:124)
D/app.zxtune.playback.FileIterator(11144): 	at app.zxtune.playback.FileIterator.loadItem(FileIterator.java:118)
D/app.zxtune.playback.FileIterator(11144): 	at app.zxtune.playback.FileIterator.loadNextItem(FileIterator.java:82)
D/app.zxtune.playback.FileIterator(11144): 	at app.zxtune.playback.FileIterator.next(FileIterator.java:60)
D/app.zxtune.playback.FileIterator(11144): 	at app.zxtune.playback.FileIterator.<init>(FileIterator.java:43)
D/app.zxtune.playback.FileIterator(11144): 	at app.zxtune.playback.IteratorFactory.createIterator(IteratorFactory.java:37)
D/app.zxtune.playback.FileIterator(11144): 	at app.zxtune.playback.IteratorFactory.createIterator(IteratorFactory.java:52)
D/app.zxtune.playback.FileIterator(11144): 	at app.zxtune.ScanService.scan(ScanService.java:118)
D/app.zxtune.playback.FileIterator(11144): 	at app.zxtune.ScanService.scan(ScanService.java:110)
D/app.zxtune.playback.FileIterator(11144): 	at app.zxtune.ScanService.onHandleIntent(ScanService.java:102)
D/app.zxtune.playback.FileIterator(11144): 	at android.app.IntentService$ServiceHandler.handleMessage(IntentService.java:59)
D/app.zxtune.playback.FileIterator(11144): 	at android.os.Handler.dispatchMessage(Handler.java:99)
D/app.zxtune.playback.FileIterator(11144): 	at android.os.Looper.loop(Looper.java:130)
D/app.zxtune.playback.FileIterator(11144): 	at android.os.HandlerThread.run(HandlerThread.java:60)
D/app.zxtune.fs.zxtunes.RemoteCatalog(11144): Fetch 2089 bytes via http://www.zxtunes.com/downloads.php?id=7957
D/app.zxtune.fs.zxtunes.CachingCatalog(11144): Write content of track 7957 to cache
D/app.zxtune.playback.FileIterator(11144): Skip not a module
D/app.zxtune.playback.FileIterator(11144): java.io.InvalidObjectException: app.zxtune.ZXTune$NativeModule
D/app.zxtune.playback.FileIterator(11144): 	at app.zxtune.ZXTune$NativeObject.<init>(ZXTune.java:248)
D/app.zxtune.playback.FileIterator(11144): 	at app.zxtune.ZXTune$NativeModule.<init>(ZXTune.java:263)
D/app.zxtune.playback.FileIterator(11144): 	at app.zxtune.ZXTune.loadModule(ZXTune.java:236)
D/app.zxtune.playback.FileIterator(11144): 	at app.zxtune.playback.FileIterator.loadModule(FileIterator.java:124)
D/app.zxtune.playback.FileIterator(11144): 	at app.zxtune.playback.FileIterator.loadItem(FileIterator.java:118)
D/app.zxtune.playback.FileIterator(11144): 	at app.zxtune.playback.FileIterator.loadNextItem(FileIterator.java:82)
D/app.zxtune.playback.FileIterator(11144): 	at app.zxtune.playback.FileIterator.next(FileIterator.java:60)
D/app.zxtune.playback.FileIterator(11144): 	at app.zxtune.playback.FileIterator.<init>(FileIterator.java:43)
D/app.zxtune.playback.FileIterator(11144): 	at app.zxtune.playback.IteratorFactory.createIterator(IteratorFactory.java:37)
D/app.zxtune.playback.FileIterator(11144): 	at app.zxtune.playback.IteratorFactory.createIterator(IteratorFactory.java:52)
D/app.zxtune.playback.FileIterator(11144): 	at app.zxtune.ScanService.scan(ScanService.java:118)
D/app.zxtune.playback.FileIterator(11144): 	at app.zxtune.ScanService.scan(ScanService.java:110)
D/app.zxtune.playback.FileIterator(11144): 	at app.zxtune.ScanService.onHandleIntent(ScanService.java:102)
