D/app.zxtune.playback.FileIterator(11144): 	at android.app.IntentService$ServiceHandler.handleMessage(IntentService.java:59)
D/app.zxtune.playback.FileIterator(11144): 	at android.os.Handler.dispatchMessage(Handler.java:99)
D/app.zxtune.playback.FileIterator(11144): 	at android.os.Looper.loop(Looper.java:130)
D/app.zxtune.playback.FileIterator(11144): 	at android.os.HandlerThread.run(HandlerThread.java:60)
I/WindowOrientationListener( 1701): orientation = 4 Tilt = 40 -- 0 ,  7 ,  6
D/dalvikvm(11144): GC_CONCURRENT freed 389K, 50% free 3033K/5959K, external 64K/1312K, paused 8ms+3ms
D/app.zxtune.fs.zxtunes.RemoteCatalog(11144): Fetch 1228 bytes via http://www.zxtunes.com/downloads.php?id=7958
D/app.zxtune.fs.zxtunes.CachingCatalog(11144): Write content of track 7958 to cache
D/app.zxtune.playback.FileIterator(11144): Skip not a module
D/app.zxtune.playback.FileIterator(11144): java.io.InvalidObjectException: app.zxtune.ZXTune$NativeModule
D/app.zxtune.playback.FileIterator(11144): 	at app.zxtune.ZXTune$NativeObject.<init>(ZXTune.java:248)
D/app.zxtune.playback.FileIterator(11144): 	at app.zxtune.ZXTune$NativeModule.<init>(ZXTune.java:263)
D/app.zxtune.playback.FileIterator(11144): 	at app.zxtune.ZXTune.loadModule(ZXTune.java:236)
D/app.zxtune.playback.FileIterator(11144): 	at app.zxtune.playback.FileIterator.loadModule(FileIterator.java:124)
D/app.zxtune.playback.FileIterator(11144): 	at app.zxtune.playback.FileIterator.loadItem(FileIterator.java:118)
D/app.zxtune.playback.FileIterator(11144): 	at app.zxtune.playback.FileIterator.loadNextItem(FileIterator.java:82)
D/app.zxtune.playback.FileIterator(11144): 	at app.zxtune.playback.FileIterator.next(FileIterator.java:60)
D/app.zxtune.playback.FileIterator(11144): 	at app.zxtune.playback.FileIterator.<init>(FileIterator.java:43)
D/app.zxtune.playback.FileIterator(11144): 	at app.zxtune.playback.IteratorFactory.createIterator(IteratorFactory.java:37)
D/app.zxtune.playback.FileIterator(11144): 	at app.zxtune.playback.IteratorFactory.createIterator(IteratorFactory.java:52)
D/app.zxtune.playback.FileIterator(11144): 	at app.zxtune.ScanService.scan(ScanService.java:118)
D/app.zxtune.playback.FileIterator(11144): 	at app.zxtune.ScanService.scan(ScanService.java:110)
D/app.zxtune.playback.FileIterator(11144): 	at app.zxtune.ScanService.onHandleIntent(ScanService.java:102)
D/app.zxtune.playback.FileIterator(11144): 	at android.app.IntentService$ServiceHandler.handleMessage(IntentService.java:59)
D/app.zxtune.playback.FileIterator(11144): 	at android.os.Handler.dispatchMessage(Handler.java:99)
D/app.zxtune.playback.FileIterator(11144): 	at android.os.Looper.loop(Looper.java:130)
D/app.zxtune.playback.FileIterator(11144): 	at android.os.HandlerThread.run(HandlerThread.java:60)
D/app.zxtune.fs.zxtunes.RemoteCatalog(11144): Fetch 3078 bytes via http://www.zxtunes.com/downloads.php?id=7959
D/app.zxtune.fs.zxtunes.CachingCatalog(11144): Write content of track 7959 to cache
D/app.zxtune.playback.FileIterator(11144): Skip not a module
D/app.zxtune.playback.FileIterator(11144): java.io.InvalidObjectException: app.zxtune.ZXTune$NativeModule
D/app.zxtune.playback.FileIterator(11144): 	at app.zxtune.ZXTune$NativeObject.<init>(ZXTune.java:248)
D/app.zxtune.playback.FileIterator(11144): 	at app.zxtune.ZXTune$NativeModule.<init>(ZXTune.java:263)
D/app.zxtune.playback.FileIterator(11144): 	at app.zxtune.ZXTune.loadModule(ZXTune.java:236)
D/app.zxtune.playback.FileIterator(11144): 	at app.zxtune.playback.FileIterator.loadModule(FileIterator.java:124)
D/app.zxtune.playback.FileIterator(11144): 	at app.zxtune.playback.FileIterator.loadItem(FileIterator.java:118)
D/app.zxtune.playback.FileIterator(11144): 	at app.zxtune.playback.FileIterator.loadNextItem(FileIterator.java:82)
D/app.zxtune.playback.FileIterator(11144): 	at app.zxtune.playback.FileIterator.next(FileIterator.java:60)
D/app.zxtune.playback.FileIterator(11144): 	at app.zxtune.playback.FileIterator.<init>(FileIterator.java:43)
D/app.zxtune.playback.FileIterator(11144): 	at app.zxtune.playback.IteratorFactory.createIterator(IteratorFactory.java:37)
D/app.zxtune.playback.FileIterator(11144): 	at app.zxtune.playback.IteratorFactory.createIterator(IteratorFactory.java:52)
D/app.zxtune.playback.FileIterator(11144): 	at app.zxtune.ScanService.scan(ScanService.java:118)
D/app.zxtune.playback.FileIterator(11144): 	at app.zxtune.ScanService.scan(ScanService.java:110)
D/app.zxtune.playback.FileIterator(11144): 	at app.zxtune.ScanService.onHandleIntent(ScanService.java:102)
D/app.zxtune.playback.FileIterator(11144): 	at android.app.IntentService$ServiceHandler.handleMessage(IntentService.java:59)
D/app.zxtune.playback.FileIterator(11144): 	at android.os.Handler.dispatchMessage(Handler.java:99)
D/app.zxtune.playback.FileIterator(11144): 	at android.os.Looper.loop(Looper.java:130)
D/app.zxtune.playback.FileIterator(11144): 	at android.os.HandlerThread.run(HandlerThread.java:60)
I/WindowOrientationListener( 1701): orientation = 358 Tilt = 45 -- 0 ,  7 ,  7
D/app.zxtune.fs.zxtunes.RemoteCatalog(11144): Fetch 867 bytes via http://www.zxtunes.com/downloads.php?id=7960
D/app.zxtune.fs.zxtunes.CachingCatalog(11144): Write content of track 7960 to cache
D/app.zxtune.playback.FileIterator(11144): Skip not a module
D/app.zxtune.playback.FileIterator(11144): java.io.InvalidObjectException: app.zxtune.ZXTune$NativeModule
D/app.zxtune.playback.FileIterator(11144): 	at app.zxtune.ZXTune$NativeObject.<init>(ZXTune.java:248)
D/app.zxtune.playback.FileIterator(11144): 	at app.zxtune.ZXTune$NativeModule.<init>(ZXTune.java:263)
D/app.zxtune.playback.FileIterator(11144): 	at app.zxtune.ZXTune.loadModule(ZXTune.java:236)
D/app.zxtune.playback.FileIterator(11144): 	at app.zxtune.playback.FileIterator.loadModule(FileIterator.java:124)
D/app.zxtune.playback.FileIterator(11144): 	at app.zxtune.playback.FileIterator.loadItem(FileIterator.java:118)
D/app.zxtune.playback.FileIterator(11144): 	at app.zxtune.playback.FileIterator.loadNextItem(FileIterator.java:82)
D/app.zxtune.playback.FileIterator(11144): 	at app.zxtune.playback.FileIterator.next(FileIterator.java:60)
D/app.zxtune.playback.FileIterator(11144): 	at app.zxtune.playback.FileIterator.<init>(FileIterator.java:43)
D/app.zxtune.playback.FileIterator(11144): 	at app.zxtune.playback.IteratorFactory.createIterator(IteratorFactory.java:37)
D/app.zxtune.playback.FileIterator(11144): 	at app.zxtune.playback.IteratorFactory.createIterator(IteratorFactory.java:52)
D/app.zxtune.playback.FileIterator(11144): 	at app.zxtune.ScanService.scan(ScanService.java:118)
D/app.zxtune.playback.FileIterator(11144): 	at app.zxtune.ScanService.scan(ScanService.java:110)
D/app.zxtune.playback.FileIterator(11144): 	at app.zxtune.ScanService.onHandleIntent(ScanService.java:102)
D/app.zxtune.playback.FileIterator(11144): 	at android.app.IntentService$ServiceHandler.handleMessage(IntentService.java:59)
D/app.zxtune.playback.FileIterator(11144): 	at android.os.Handler.dispatchMessage(Handler.java:99)
D/app.zxtune.playback.FileIterator(11144): 	at android.os.Looper.loop(Looper.java:130)
D/app.zxtune.playback.FileIterator(11144): 	at android.os.HandlerThread.run(HandlerThread.java:60)
I/InputReader( 1701): dispatchTouch::touch event's action is 0, pending(waiting finished signal)=1
I/InputDispatcher( 1701): Delivering touch to current input target: action: 0
D/        ( 1701): 
D/        ( 1701):  set_light_touchkey is called!!!
D/        ( 1701): 
D/        ( 1701):  light_touchkey on/off = 1
I/PowerManagerService( 1701): Ulight 3->7|0
D/PowerManagerService( 1701): setLightBrightness : mButtonLight : 79
I/InputReader( 1701): dispatchTouch::touch event's action is 1, pending(waiting finished signal)=1
I/InputDispatcher( 1701): Delivering touch to current input target: action: 1
D/app.zxtune.fs.zxtunes.RemoteCatalog(11144): Fetch 1436 bytes via http://www.zxtunes.com/downloads.php?id=7961
D/app.zxtune.fs.zxtunes.CachingCatalog(11144): Write content of track 7961 to cache
D/app.zxtune.playback.FileIterator(11144): Skip not a module
D/app.zxtune.playback.FileIterator(11144): java.io.InvalidObjectException: app.zxtune.ZXTune$NativeModule
D/app.zxtune.playback.FileIterator(11144): 	at app.zxtune.ZXTune$NativeObject.<init>(ZXTune.java:248)
D/app.zxtune.playback.FileIterator(11144): 	at app.zxtune.ZXTune$NativeModule.<init>(ZXTune.java:263)
D/app.zxtune.playback.FileIterator(11144): 	at app.zxtune.ZXTune.loadModule(ZXTune.java:236)
D/app.zxtune.playback.FileIterator(11144): 	at app.zxtune.playback.FileIterator.loadModule(FileIterator.java:124)
D/app.zxtune.playback.FileIterator(11144): 	at app.zxtune.playback.FileIterator.loadItem(FileIterator.java:118)
D/app.zxtune.playback.FileIterator(11144): 	at app.zxtune.playback.FileIterator.loadNextItem(FileIterator.java:82)
D/app.zxtune.playback.FileIterator(11144): 	at app.zxtune.playback.FileIterator.next(FileIterator.java:60)
D/app.zxtune.playback.FileIterator(11144): 	at app.zxtune.playback.FileIterator.<init>(FileIterator.java:43)
D/app.zxtune.playback.FileIterator(11144): 	at app.zxtune.playback.IteratorFactory.createIterator(IteratorFactory.java:37)
D/app.zxtune.playback.FileIterator(11144): 	at app.zxtune.playback.IteratorFactory.createIterator(IteratorFactory.java:52)
D/app.zxtune.playback.FileIterator(11144): 	at app.zxtune.ScanService.scan(ScanService.java:118)
D/app.zxtune.playback.FileIterator(11144): 	at app.zxtune.ScanService.scan(ScanService.java:110)
D/app.zxtune.playback.FileIterator(11144): 	at app.zxtune.ScanService.onHandleIntent(ScanService.java:102)
D/app.zxtune.playback.FileIterator(11144): 	at android.app.IntentService$ServiceHandler.handleMessage(IntentService.java:59)
D/app.zxtune.playback.FileIterator(11144): 	at android.os.Handler.dispatchMessage(Handler.java:99)
D/app.zxtune.playback.FileIterator(11144): 	at android.os.Looper.loop(Looper.java:130)
D/app.zxtune.playback.FileIterator(11144): 	at android.os.HandlerThread.run(HandlerThread.java:60)
D/app.zxtune.fs.zxtunes.RemoteCatalog(11144): Fetch 1504 bytes via http://www.zxtunes.com/downloads.php?id=7962
D/app.zxtune.fs.zxtunes.CachingCatalog(11144): Write content of track 7962 to cache
D/app.zxtune.playback.FileIterator(11144): Skip not a module
D/app.zxtune.playback.FileIterator(11144): java.io.InvalidObjectException: app.zxtune.ZXTune$NativeModule
D/app.zxtune.playback.FileIterator(11144): 	at app.zxtune.ZXTune$NativeObject.<init>(ZXTune.java:248)
D/app.zxtune.playback.FileIterator(11144): 	at app.zxtune.ZXTune$NativeModule.<init>(ZXTune.java:263)
D/app.zxtune.playback.FileIterator(11144): 	at app.zxtune.ZXTune.loadModule(ZXTune.java:236)
D/app.zxtune.playback.FileIterator(11144): 	at app.zxtune.playback.FileIterator.loadModule(FileIterator.java:124)
D/app.zxtune.playback.FileIterator(11144): 	at app.zxtune.playback.FileIterator.loadItem(FileIterator.java:118)
D/app.zxtune.playback.FileIterator(11144): 	at app.zxtune.playback.FileIterator.loadNextItem(FileIterator.java:82)
D/app.zxtune.playback.FileIterator(11144): 	at app.zxtune.playback.FileIterator.next(FileIterator.java:60)
D/app.zxtune.playback.FileIterator(11144): 	at app.zxtune.playback.FileIterator.<init>(FileIterator.java:43)
D/app.zxtune.playback.FileIterator(11144): 	at app.zxtune.playback.IteratorFactory.createIterator(IteratorFactory.java:37)
D/app.zxtune.playback.FileIterator(11144): 	at app.zxtune.playback.IteratorFactory.createIterator(IteratorFactory.java:52)
D/app.zxtune.playback.FileIterator(11144): 	at app.zxtune.ScanService.scan(ScanService.java:118)
D/app.zxtune.playback.FileIterator(11144): 	at app.zxtune.ScanService.scan(ScanService.java:110)
D/app.zxtune.playback.FileIterator(11144): 	at app.zxtune.ScanService.onHandleIntent(ScanService.java:102)
D/app.zxtune.playback.FileIterator(11144): 	at android.app.IntentService$ServiceHandler.handleMessage(IntentService.java:59)
D/app.zxtune.playback.FileIterator(11144): 	at android.os.Handler.dispatchMessage(Handler.java:99)
D/app.zxtune.playback.FileIterator(11144): 	at android.os.Looper.loop(Looper.java:130)
D/app.zxtune.playback.FileIterator(11144): 	at android.os.HandlerThread.run(HandlerThread.java:60)
D/app.zxtune.fs.zxtunes.RemoteCatalog(11144): Fetch 1074 bytes via http://www.zxtunes.com/downloads.php?id=7963
D/app.zxtune.fs.zxtunes.CachingCatalog(11144): Write content of track 7963 to cache
D/app.zxtune.playback.FileIterator(11144): Skip not a module
D/app.zxtune.playback.FileIterator(11144): java.io.InvalidObjectException: app.zxtune.ZXTune$NativeModule
D/app.zxtune.playback.FileIterator(11144): 	at app.zxtune.ZXTune$NativeObject.<init>(ZXTune.java:248)
D/app.zxtune.playback.FileIterator(11144): 	at app.zxtune.ZXTune$NativeModule.<init>(ZXTune.java:263)
D/app.zxtune.playback.FileIterator(11144): 	at app.zxtune.ZXTune.loadModule(ZXTune.java:236)
D/app.zxtune.playback.FileIterator(11144): 	at app.zxtune.playback.FileIterator.loadModule(FileIterator.java:124)
D/app.zxtune.playback.FileIterator(11144): 	at app.zxtune.playback.FileIterator.loadItem(FileIterator.java:118)
D/app.zxtune.playback.FileIterator(11144): 	at app.zxtune.playback.FileIterator.loadNextItem(FileIterator.java:82)
D/app.zxtune.playback.FileIterator(11144): 	at app.zxtune.playback.FileIterator.next(FileIterator.java:60)
D/app.zxtune.playback.FileIterator(11144): 	at app.zxtune.playback.FileIterator.<init>(FileIterator.java:43)
D/app.zxtune.playback.FileIterator(11144): 	at app.zxtune.playback.IteratorFactory.createIterator(IteratorFactory.java:37)
D/app.zxtune.playback.FileIterator(11144): 	at app.zxtune.playback.IteratorFactory.createIterator(IteratorFactory.java:52)
D/app.zxtune.playback.FileIterator(11144): 	at app.zxtune.ScanService.scan(ScanService.java:118)
D/app.zxtune.playback.FileIterator(11144): 	at app.zxtune.ScanService.scan(ScanService.java:110)
D/app.zxtune.playback.FileIterator(11144): 	at app.zxtune.ScanService.onHandleIntent(ScanService.java:102)
D/app.zxtune.playback.FileIterator(11144): 	at android.app.IntentService$ServiceHandler.handleMessage(IntentService.java:59)
D/app.zxtune.playback.FileIterator(11144): 	at android.os.Handler.dispatchMessage(Handler.java:99)
D/app.zxtune.playback.FileIterator(11144): 	at android.os.Looper.loop(Looper.java:130)
D/app.zxtune.playback.FileIterator(11144): 	at android.os.HandlerThread.run(HandlerThread.java:60)
I/WindowOrientationListener( 1701): orientation = 356 Tilt = 44 -- 0 ,  7 ,  7
D/app.zxtune.fs.zxtunes.RemoteCatalog(11144): Fetch 1500 bytes via http://www.zxtunes.com/downloads.php?id=7964
D/app.zxtune.fs.zxtunes.CachingCatalog(11144): Write content of track 7964 to cache
D/app.zxtune.playback.FileIterator(11144): Skip not a module
D/app.zxtune.playback.FileIterator(11144): java.io.InvalidObjectException: app.zxtune.ZXTune$NativeModule
D/app.zxtune.playback.FileIterator(11144): 	at app.zxtune.ZXTune$NativeObject.<init>(ZXTune.java:248)
D/app.zxtune.playback.FileIterator(11144): 	at app.zxtune.ZXTune$NativeModule.<init>(ZXTune.java:263)
D/app.zxtune.playback.FileIterator(11144): 	at app.zxtune.ZXTune.loadModule(ZXTune.java:236)
D/app.zxtune.playback.FileIterator(11144): 	at app.zxtune.playback.FileIterator.loadModule(FileIterator.java:124)
D/app.zxtune.playback.FileIterator(11144): 	at app.zxtune.playback.FileIterator.loadItem(FileIterator.java:118)
D/app.zxtune.playback.FileIterator(11144): 	at app.zxtune.playback.FileIterator.loadNextItem(FileIterator.java:82)
D/app.zxtune.playback.FileIterator(11144): 	at app.zxtune.playback.FileIterator.next(FileIterator.java:60)
D/app.zxtune.playback.FileIterator(11144): 	at app.zxtune.playback.FileIterator.<init>(FileIterator.java:43)
D/app.zxtune.playback.FileIterator(11144): 	at app.zxtune.playback.IteratorFactory.createIterator(IteratorFactory.java:37)
D/app.zxtune.playback.FileIterator(11144): 	at app.zxtune.playback.IteratorFactory.createIterator(IteratorFactory.java:52)
D/app.zxtune.playback.FileIterator(11144): 	at app.zxtune.ScanService.scan(ScanService.java:118)
D/app.zxtune.playback.FileIterator(11144): 	at app.zxtune.ScanService.scan(ScanService.java:110)
D/app.zxtune.playback.FileIterator(11144): 	at app.zxtune.ScanService.onHandleIntent(ScanService.java:102)
D/app.zxtune.playback.FileIterator(11144): 	at android.app.IntentService$ServiceHandler.handleMessage(IntentService.java:59)
D/app.zxtune.playback.FileIterator(11144): 	at android.os.Handler.dispatchMessage(Handler.java:99)
D/app.zxtune.playback.FileIterator(11144): 	at android.os.Looper.loop(Looper.java:130)
D/app.zxtune.playback.FileIterator(11144): 	at android.os.HandlerThread.run(HandlerThread.java:60)
D/app.zxtune.fs.zxtunes.RemoteCatalog(11144): Fetch 1131 bytes via http://www.zxtunes.com/downloads.php?id=7965
D/app.zxtune.fs.zxtunes.CachingCatalog(11144): Write content of track 7965 to cache
D/app.zxtune.playback.FileIterator(11144): Skip not a module
D/app.zxtune.playback.FileIterator(11144): java.io.InvalidObjectException: app.zxtune.ZXTune$NativeModule
D/app.zxtune.playback.FileIterator(11144): 	at app.zxtune.ZXTune$NativeObject.<init>(ZXTune.java:248)
D/app.zxtune.playback.FileIterator(11144): 	at app.zxtune.ZXTune$NativeModule.<init>(ZXTune.java:263)
D/app.zxtune.playback.FileIterator(11144): 	at app.zxtune.ZXTune.loadModule(ZXTune.java:236)
D/app.zxtune.playback.FileIterator(11144): 	at app.zxtune.playback.FileIterator.loadModule(FileIterator.java:124)
D/app.zxtune.playback.FileIterator(11144): 	at app.zxtune.playback.FileIterator.loadItem(FileIterator.java:118)
D/app.zxtune.playback.FileIterator(11144): 	at app.zxtune.playback.FileIterator.loadNextItem(FileIterator.java:82)
D/app.zxtune.playback.FileIterator(11144): 	at app.zxtune.playback.FileIterator.next(FileIterator.java:60)
D/app.zxtune.playback.FileIterator(11144): 	at app.zxtune.playback.FileIterator.<init>(FileIterator.java:43)
D/app.zxtune.playback.FileIterator(11144): 	at app.zxtune.playback.IteratorFactory.createIterator(IteratorFactory.java:37)
D/app.zxtune.playback.FileIterator(11144): 	at app.zxtune.playback.IteratorFactory.createIterator(IteratorFactory.java:52)
D/app.zxtune.playback.FileIterator(11144): 	at app.zxtune.ScanService.scan(ScanService.java:118)
D/app.zxtune.playback.FileIterator(11144): 	at app.zxtune.ScanService.scan(ScanService.java:110)
D/app.zxtune.playback.FileIterator(11144): 	at app.zxtune.ScanService.onHandleIntent(ScanService.java:102)
D/app.zxtune.playback.FileIterator(11144): 	at android.app.IntentService$ServiceHandler.handleMessage(IntentService.java:59)
D/app.zxtune.playback.FileIterator(11144): 	at android.os.Handler.dispatchMessage(Handler.java:99)
D/app.zxtune.playback.FileIterator(11144): 	at android.os.Looper.loop(Looper.java:130)
D/app.zxtune.playback.FileIterator(11144): 	at android.os.HandlerThread.run(HandlerThread.java:60)
D/dalvikvm(11144): GC_CONCURRENT freed 390K, 50% free 3027K/5959K, external 64K/1312K, paused 7ms+2ms
D/app.zxtune.fs.zxtunes.RemoteCatalog(11144): Fetch 922 bytes via http://www.zxtunes.com/downloads.php?id=7966
D/app.zxtune.fs.zxtunes.CachingCatalog(11144): Write content of track 7966 to cache
D/app.zxtune.playback.FileIterator(11144): Skip not a module
D/app.zxtune.playback.FileIterator(11144): java.io.InvalidObjectException: app.zxtune.ZXTune$NativeModule
D/app.zxtune.playback.FileIterator(11144): 	at app.zxtune.ZXTune$NativeObject.<init>(ZXTune.java:248)
D/app.zxtune.playback.FileIterator(11144): 	at app.zxtune.ZXTune$NativeModule.<init>(ZXTune.java:263)
D/app.zxtune.playback.FileIterator(11144): 	at app.zxtune.ZXTune.loadModule(ZXTune.java:236)
D/app.zxtune.playback.FileIterator(11144): 	at app.zxtune.playback.FileIterator.loadModule(FileIterator.java:124)
D/app.zxtune.playback.FileIterator(11144): 	at app.zxtune.playback.FileIterator.loadItem(FileIterator.java:118)
D/app.zxtune.playback.FileIterator(11144): 	at app.zxtune.playback.FileIterator.loadNextItem(FileIterator.java:82)
D/app.zxtune.playback.FileIterator(11144): 	at app.zxtune.playback.FileIterator.next(FileIterator.java:60)
D/app.zxtune.playback.FileIterator(11144): 	at app.zxtune.playback.FileIterator.<init>(FileIterator.java:43)
D/app.zxtune.playback.FileIterator(11144): 	at app.zxtune.playback.IteratorFactory.createIterator(IteratorFactory.java:37)
D/app.zxtune.playback.FileIterator(11144): 	at app.zxtune.playback.IteratorFactory.createIterator(IteratorFactory.java:52)
D/app.zxtune.playback.FileIterator(11144): 	at app.zxtune.ScanService.scan(ScanService.java:118)
D/app.zxtune.playback.FileIterator(11144): 	at app.zxtune.ScanService.scan(ScanService.java:110)
D/app.zxtune.playback.FileIterator(11144): 	at app.zxtune.ScanService.onHandleIntent(ScanService.java:102)
D/app.zxtune.playback.FileIterator(11144): 	at android.app.IntentService$ServiceHandler.handleMessage(IntentService.java:59)
D/app.zxtune.playback.FileIterator(11144): 	at android.os.Handler.dispatchMessage(Handler.java:99)
D/app.zxtune.playback.FileIterator(11144): 	at android.os.Looper.loop(Looper.java:130)
D/app.zxtune.playback.FileIterator(11144): 	at android.os.HandlerThread.run(HandlerThread.java:60)
D/app.zxtune.ScanService(11144): Scan failed
D/app.zxtune.ScanService(11144): java.io.IOException: Треки не найдены
D/app.zxtune.ScanService(11144): 	at app.zxtune.playback.FileIterator.<init>(FileIterator.java:44)
D/app.zxtune.ScanService(11144): 	at app.zxtune.playback.IteratorFactory.createIterator(IteratorFactory.java:37)
D/app.zxtune.ScanService(11144): 	at app.zxtune.playback.IteratorFactory.createIterator(IteratorFactory.java:52)
D/app.zxtune.ScanService(11144): 	at app.zxtune.ScanService.scan(ScanService.java:118)
D/app.zxtune.ScanService(11144): 	at app.zxtune.ScanService.scan(ScanService.java:110)
D/app.zxtune.ScanService(11144): 	at app.zxtune.ScanService.onHandleIntent(ScanService.java:102)
D/app.zxtune.ScanService(11144): 	at android.app.IntentService$ServiceHandler.handleMessage(IntentService.java:59)
D/app.zxtune.ScanService(11144): 	at android.os.Handler.dispatchMessage(Handler.java:99)
D/app.zxtune.ScanService(11144): 	at android.os.Looper.loop(Looper.java:130)
D/app.zxtune.ScanService(11144): 	at android.os.HandlerThread.run(HandlerThread.java:60)
D/app.zxtune.ScanService.InsertItemsThread(11144): cancel()
D/app.zxtune.ScanService.InsertItemsThread(11144): interrupted
D/app.zxtune.ScanService.InsertItemsThread(11144): stopping
D/app.zxtune.ScanService.InsertItemsThread(11144): waitForFinish()
I/WindowManager( 1701): mAppToken is null , so we can't use SF_BYPASS
D/PowerManagerService( 1701): acquireWakeLock flags=0xa tag=KEEP_SCREEN_ON_FLAG uid=1000 pid=1701   myUID=1000 myPID=1701 myTID=2573
I/InputReader( 1701): dispatchTouch::touch event's action is 0, pending(waiting finished signal)=1
I/InputDispatcher( 1701): Delivering touch to current input target: action: 0
I/InputDispatcher( 1701): Delivering touch to current input target: action: 0
I/InputReader( 1701): dispatchTouch::touch event's action is 1, pending(waiting finished signal)=1
I/InputDispatcher( 1701): Delivering touch to current input target: action: 1
I/WindowOrientationListener( 1701): orientation = 357 Tilt = 43 -- 0 ,  6 ,  6
D/PowerManagerService( 1701): releaseWakeLockLocked flags=0x0 tag=KEEP_SCREEN_ON_FLAG myUID=1000 myPID=1701 myTID=1751
I/WindowOrientationListener( 1701): orientation = 356 Tilt = 46 -- 0 ,  6 ,  7
V/AlarmManager( 1701): <-- waitForAlarm(mDescriptor); result = 2
E/AlarmManagerService( 1701): android_server_AlarmManagerService_set to type=1, 1383723600.000000000
V/AlarmManager( 1701): --> waitForAlarm(mDescriptor);
D/        ( 1701): 
D/        ( 1701):  set_light_touchkey is called!!!
D/        ( 1701): 
D/        ( 1701):  light_touchkey on/off = 0
W/PowerManagerService( 1701): Timer 0x7->0x3|0x0
I/PowerManagerService( 1701): Ulight 7->3|0
D/PowerManagerService( 1701): setLightBrightness : mButtonLight : 0
I/WindowOrientationListener( 1701): orientation = 357 Tilt = 45 -- 0 ,  6 ,  7
I/WindowOrientationListener( 1701): orientation = 358 Tilt = 45 -- 0 ,  6 ,  7
D/app.zxtune.playlist.Database(11121): queryPlaylistItems(_id > ?) called
D/app.zxtune.fs.zxtunes.Database(11144): queryAuthors(359)
D/app.zxtune.fs.zxtunes.CachingCatalog(11144): Reading content of track 7780 from cache
D/app.zxtune.sound.SoundOutputSamplesTarget(11144): Preparing playback. Freq=44100 MinBuffer=7808 PrefBuffer=17640 BufferSize=17640
D/app.zxtune.sound.AsyncPlayer(11144): Stopped
D/app.zxtune.sound.AsyncPlayer(11144): Stop
D/app.zxtune.sound.SyncPlayer(11144): Stopped consume cycle
E/AudioTrack(11144): stop 0x1cd868
V/AudioPolicyManager( 1538): stopOutput() output 1, stream 3, session 1468
V/AudioPolicyManager( 1538): getNewDevice() selected device 0
V/AudioPolicyManager( 1538): setOutputDevice() output 1 device 0 delayMs 0
V/AudioPolicyManager( 1538): setOutputDevice() setting same device 0 or null device for output 1
E/AudioTrack(11144): Stop complete
D/app.zxtune.sound.SyncPlayer(11144): Stopped produce cycle
D/app.zxtune.sound.AsyncPlayer(11144): Stopped
D/app.zxtune.sound.AsyncPlayer(11144): Play
D/app.zxtune.sound.SyncPlayer(11144): Started produce cycle
D/app.zxtune.sound.SyncPlayer(11144): Started consume cycle
V/AudioPolicyManager( 1538): startOutput() output 1, stream 3, session 1469
V/AudioPolicyManager( 1538): getNewDevice() selected device 2
V/AudioPolicyManager( 1538): setOutputDevice() output 1 device 2 delayMs 0
V/AudioPolicyManager( 1538): setOutputDevice() setting same device 2 or null device for output 1
V/AudioPolicyManager( 1538): getNewDevice() selected device 2
I/AudioFlinger( 1538): start output streamType (1, 3) for 1
D/app.zxtune.sound.AsyncPlayer(11144): Started
E/AudioTrack(11144): stop 0x1cd868
E/AudioTrack(11144): Stop complete
E/AudioTrack(11144): stop 0x1cd868
E/AudioTrack(11144): Stop complete
E/AudioTrack(11144): Audio track delete
E/AudioTrack(11144): stop 0x1cd868
E/AudioTrack(11144): Stop complete
E/AudioTrack(11144): Audio track exit start
E/AudioTrack(11144): Audio track exit done
V/AudioPolicyManager( 1538): releaseOutput() 1
I/AudioFlinger( 1538): stop output streamType (1, 3) for 1
I/WindowOrientationListener( 1701): orientation = 358 Tilt = 45 -- 0 ,  7 ,  7
D/dalvikvm(11121): GC_CONCURRENT freed 800K, 47% free 3809K/7175K, external 1656K/2813K, paused 5ms+6ms
I/WindowOrientationListener( 1701): orientation = 357 Tilt = 46 -- 0 ,  6 ,  7
I/WindowOrientationListener( 1701): orientation = 357 Tilt = 46 -- 0 ,  6 ,  7
I/WindowOrientationListener( 1701): orientation = 357 Tilt = 45 -- 0 ,  6 ,  7
I/WindowOrientationListener( 1701): orientation = 357 Tilt = 45 -- 0 ,  6 ,  7
D/FastDormancy( 1925):  before ======= ENTER DORMANCY =======
D/FastDormancy( 1925): [FD] ON default: true
D/FastDormancy( 1925): Before mDormFlag: true in getCapaDormancy()
D/FastDormancy( 1925): After mDormFlag: true in getCapaDormancy()
W/FastDormancy( 1925): ======= ENTER DORMANCY =======
D/FastDormancy( 1925): ======= FAST DORMANCY Enter =======
I/WindowOrientationListener( 1701): orientation = 357 Tilt = 45 -- 0 ,  6 ,  7
I/WindowOrientationListener( 1701): orientation = 357 Tilt = 46 -- 0 ,  6 ,  7
I/InputReader( 1701): dispatchTouch::touch event's action is 0, pending(waiting finished signal)=1
I/InputDispatcher( 1701): Delivering touch to current input target: action: 0
D/        ( 1701): 
D/        ( 1701):  set_light_touchkey is called!!!
D/        ( 1701): 
D/        ( 1701):  light_touchkey on/off = 1
I/PowerManagerService( 1701): Ulight 3->7|0
D/PowerManagerService( 1701): setLightBrightness : mButtonLight : 79
I/InputReader( 1701): dispatchTouch::touch event's action is 1, pending(waiting finished signal)=2
I/InputDispatcher( 1701): Delivering touch to current input target: action: 1
I/WindowOrientationListener( 1701): orientation = 355 Tilt = 43 -- 0 ,  7 ,  6
I/InputReader( 1701): dispatchTouch::touch event's action is 0, pending(waiting finished signal)=1
I/InputDispatcher( 1701): Delivering touch to current input target: action: 0
I/InputReader( 1701): dispatchTouch::touch event's action is 1, pending(waiting finished signal)=2
I/InputDispatcher( 1701): Delivering touch to current input target: action: 1
I/WindowOrientationListener( 1701): orientation = 354 Tilt = 44 -- 0 ,  7 ,  7
D/        ( 1701): 
D/        ( 1701):  set_light_touchkey is called!!!
D/        ( 1701): 
D/        ( 1701):  light_touchkey on/off = 0
W/PowerManagerService( 1701): Timer 0x7->0x3|0x0
I/PowerManagerService( 1701): Ulight 7->3|0
D/PowerManagerService( 1701): setLightBrightness : mButtonLight : 0
I/WindowOrientationListener( 1701): orientation = 356 Tilt = 44 -- 0 ,  7 ,  7
D/FastDormancy( 1925):  before ======= ENTER DORMANCY =======
I/WindowOrientationListener( 1701): orientation = 356 Tilt = 43 -- 0 ,  7 ,  6
I/InputReader( 1701): dispatchTouch::touch event's action is 0, pending(waiting finished signal)=1
I/InputDispatcher( 1701): Delivering touch to current input target: action: 0
D/        ( 1701): 
D/        ( 1701):  set_light_touchkey is called!!!
I/PowerManagerService( 1701): Ulight 3->7|0
D/PowerManagerService( 1701): setLightBrightness : mButtonLight : 79
D/        ( 1701): 
D/        ( 1701):  light_touchkey on/off = 1
I/InputReader( 1701): dispatchTouch::touch event's action is 1, pending(waiting finished signal)=1
I/InputDispatcher( 1701): Delivering touch to current input target: action: 1
I/WindowOrientationListener( 1701): orientation = 354 Tilt = 42 -- 0 ,  7 ,  6
D/        ( 1701): 
D/        ( 1701):  set_light_touchkey is called!!!
D/        ( 1701): 
D/        ( 1701):  light_touchkey on/off = 0
W/PowerManagerService( 1701): Timer 0x7->0x3|0x0
I/PowerManagerService( 1701): Ulight 7->3|0
D/PowerManagerService( 1701): setLightBrightness : mButtonLight : 0
I/WindowOrientationListener( 1701): orientation = 355 Tilt = 42 -- 0 ,  7 ,  6
I/InputReader( 1701): dispatchTouch::touch event's action is 0, pending(waiting finished signal)=1
I/InputDispatcher( 1701): Delivering touch to current input target: action: 0
D/        ( 1701): 
D/        ( 1701):  set_light_touchkey is called!!!
D/        ( 1701): 
D/        ( 1701):  light_touchkey on/off = 1
I/PowerManagerService( 1701): Ulight 3->7|0
D/PowerManagerService( 1701): setLightBrightness : mButtonLight : 79
I/InputReader( 1701): dispatchTouch::touch event's action is 1, pending(waiting finished signal)=2
I/InputDispatcher( 1701): Delivering touch to current input target: action: 1
I/WindowOrientationListener( 1701): orientation = 355 Tilt = 42 -- 0 ,  7 ,  6
D/InputReader( 1701): Input event: value=1
I/InputDispatcher( 1701): Delivering key to current input target: action: 0
W/KeyCharacterMap(11121): Can't open keycharmap file
W/KeyCharacterMap(11121): Using default keymap: /system/usr/keychars/qwerty.kcm.bin
D/InputReader( 1701): Input event: value=0
I/InputDispatcher( 1701): Delivering key to current input target: action: 1
I/WindowOrientationListener( 1701): orientation = 353 Tilt = 42 -- 0 ,  7 ,  6
D/FastDormancy( 1925):  before ======= ENTER DORMANCY =======
I/InputReader( 1701): dispatchTouch::touch event's action is 0, pending(waiting finished signal)=1
I/InputDispatcher( 1701): Delivering touch to current input target: action: 0
I/InputReader( 1701): dispatchTouch::touch event's action is 1, pending(waiting finished signal)=1
I/InputDispatcher( 1701): Delivering touch to current input target: action: 1
D/app.zxtune.sound.AsyncPlayer(11144): Stop
D/app.zxtune.sound.SyncPlayer(11144): Stopped consume cycle
E/AudioTrack(11144): stop 0x2282e8
V/AudioPolicyManager( 1538): stopOutput() output 1, stream 3, session 1469
V/AudioPolicyManager( 1538): getNewDevice() selected device 0
V/AudioPolicyManager( 1538): setOutputDevice() output 1 device 0 delayMs 0
V/AudioPolicyManager( 1538): setOutputDevice() setting same device 0 or null device for output 1
E/AudioTrack(11144): Stop complete
D/app.zxtune.sound.SyncPlayer(11144): Stopped produce cycle
D/app.zxtune.sound.AsyncPlayer(11144): Stopped
D/app.zxtune.PlaybackServiceConnection(11121): Disconnecting from service
D/app.zxtune.MainService(11144): Destroying
D/app.zxtune.MainService$ChangedSettingsReceiver(11144): Unregistered
D/app.zxtune.PhoneCallHandler(11144): Unregistered
E/AudioTrack(11144): stop 0x2282e8
E/AudioTrack(11144): Stop complete
E/AudioTrack(11144): stop 0x2282e8
E/AudioTrack(11144): Stop complete
E/AudioTrack(11144): Audio track delete
E/AudioTrack(11144): stop 0x2282e8
E/AudioTrack(11144): Stop complete
E/AudioTrack(11144): Audio track exit start
E/AudioTrack(11144): Audio track exit done
V/AudioPolicyManager( 1538): releaseOutput() 1
I/ActivityManager( 1701): No longer want com.sec.android.app.controlpanel (pid 11130): hidden #21
I/AudioFlinger( 1538): stop output streamType (0, 3) for 1
I/sec_anm_ahi_output( 1538): setParameters(stop_output_streamtype=3)
E/power   ( 1701): acquire_dvfs_lock : ERROR : NOT SUPPORT DVFS LOCK 
E/power   ( 1701): acquire_dvfs_lock_old() : acquire : return -1
D/PowerManagerService( 1701): acquireDVFSlock : level : 1,    timeMS : 3000
I/WindowOrientationListener( 1701): orientation = 350 Tilt = 43 -- -1 ,  7 ,  6
D/CLIPBOARD(11121): Hide Clipboard dialog at Starting input: finished by someone else... !
I/WindowManager( 1701): mAppToken is null , so we can't use SF_BYPASS
D/PowerManagerService( 1701): acquireWakeLock flags=0xa tag=KEEP_SCREEN_ON_FLAG uid=1000 pid=1701   myUID=1000 myPID=1701 myTID=1722
E/power   ( 1701): acquire_dvfs_lock : ERROR : NOT SUPPORT DVFS LOCK 
E/power   ( 1701): acquire_dvfs_lock_old : release : acquire_dvfs_lock() return -1
D/PowerManagerService( 1701): acquireDVFSlock : level : -1,    timeMS : 100
D/app.zxtune.ui.NowPlayingFragment(11121): Unsubscribe from service events
D/app.zxtune.ui.BrowserFragment(11121): Saving persistent state
D/app.zxtune.ui.PlaylistFragment(11121): Saving persistent state
D/app.zxtune.ui.PlaylistFragment(11121): Unsubscribe from service events
D/dalvikvm(11361): GC_CONCURRENT freed 1905K, 56% free 3472K/7815K, external 496K/1286K, paused 2ms+5ms
D/dalvikvm(11361): GC_CONCURRENT freed 527K, 55% free 3521K/7815K, external 464K/1286K, paused 3ms+3ms
D/dalvikvm(11361): GC_CONCURRENT freed 65K, 50% free 3967K/7815K, external 464K/1286K, paused 2ms+3ms
D/dalvikvm(11361): GC_CONCURRENT freed 67K, 43% free 4466K/7815K, external 464K/1286K, paused 2ms+3ms
I/WindowOrientationListener( 1701): orientation = 353 Tilt = 45 -- 0 ,  6 ,  7
D/dalvikvm(11361): GC_CONCURRENT freed 105K, 35% free 5093K/7815K, external 464K/1286K, paused 2ms+3ms
D/        ( 1701): 
D/        ( 1701):  set_light_touchkey is called!!!
D/        ( 1701): 
D/        ( 1701):  light_touchkey on/off = 0
W/PowerManagerService( 1701): Timer 0x7->0x3|0x3
I/PowerManagerService( 1701): Ulight 7->3|0
D/PowerManagerService( 1701): setLightBrightness : mButtonLight : 0
D/dalvikvm(11361): GC_CONCURRENT freed 333K, 33% free 5711K/8455K, external 464K/1286K, paused 2ms+5ms
D/dalvikvm(11361): GC_CONCURRENT freed 867K, 36% free 5965K/9287K, external 464K/1286K, paused 3ms+8ms
I/WindowOrientationListener( 1701): orientation = 352 Tilt = 44 -- -1 ,  7 ,  7
D/PowerManagerService( 1701): releaseWakeLockLocked flags=0x0 tag=KEEP_SCREEN_ON_FLAG myUID=1000 myPID=1701 myTID=1751
I/sec_anm_ahi_output( 1538): standby() called
I/sec_anm_ahi_output( 1538): Trying to drain devices
I/ADM     ( 1539): [INFO] api_devset:836 devapi_drain, draining 362898.0
I/WindowOrientationListener( 1701): orientation = 350 Tilt = 43 -- -1 ,  7 ,  6
I/ADM     ( 1539): [INFO] omx_io:687 il_tool_io_empty_buffer_done: Idle callback requested, issuing..
I/ADM     ( 1539): [INFO] api_devset:847 Drain complete, sending reply msg
I/sec_anm_ahi_output( 1538): Drain devices done
I/sec_anm_ahi_output( 1538): adm_api: ste_adm_close_device(Speaker)
I/ADM     ( 1539): [STATUS] api_devset:314 Close device 'Speaker'
I/ADM     ( 1539): [OMXIL] omx_log:967 362898 [ADM.splitter]: SendCommand PortDisable 0
I/ADM     ( 1539): [INFO] omx_io:448 il_tool_io_wait_until_idle: 346680.0 idle, returning
I/ADM     ( 1539): [OMXIL] omx_log:1123 362898 [ADM.splitter]: FreeBuf port=0 pBuf=F35D8
I/ADM     ( 1539): [OMXIL] omx_log:1123 362898 [ADM.splitter]: FreeBuf port=0 pBuf=15F9D8
I/ADM     ( 1539): [OMXIL] omx_log:1123 362898 [ADM.splitter]: FreeBuf port=0 pBuf=C6880
I/ADM     ( 1539): [OMXIL] omx_log:266 362898 [ADM.splitter]: CB CmdComplete PortDisable 0
I/ADM     ( 1539): [OMXIL] omx_log:967 362898 [ADM.splitter]: SendCommand PortDisable 1
I/ADM     ( 1539): [OMXIL] omx_log:266 362898 [ADM.splitter]: CB CmdComplete PortDisable 1
I/ADM     ( 1539): [OMXIL] omx_log:967 338BE0 [ADM.mixer   ]: SendCommand PortDisable 1
I/ADM     ( 1539): [OMXIL] omx_log:266 338BE0 [ADM.mixer   ]: CB CmdComplete PortDisable 1
I/ADM     ( 1539): [INFO] dev:465  >>> ENTER dev_close(101)
I/ADM     ( 1539): [INFO] dev:252 setting /data/local/tmp/rme_act_adm to 1
I/ADM     ( 1539): [INFO] dev:293 rme alp tracker /data/local/tmp/rme_act_alp set to 0: proceeding
I/ADM     ( 1539): [INFO] dev_omx:1413 Enter dev_omx_close_graph - logical_handle=1  dealloc_buffers=0
I/ADM     ( 1539): [OMXIL] omx_log:967 2DC708 [ocessing.spl]: SendCommand PortDisable 1
I/ADM     ( 1539): [OMXIL] omx_log:967 354828 [ST.AFM.mixer]: SendCommand PortDisable 1
I/ADM     ( 1539): [OMXIL] omx_log:266 354828 [ST.AFM.mixer]: CB CmdComplete PortDisable 1
I/ADM     ( 1539): [OMXIL] omx_log:266 2DC708 [ocessing.spl]: CB CmdComplete PortDisable 1
I/ADM     ( 1539): [OMXIL] omx_log:964 338BE0 [ADM.mixer   ]: SendCommand StateSet StateIdle
I/ADM     ( 1539): [OMXIL] omx_log:964 225EC8 [er_equalizer]: SendCommand StateSet StateIdle
I/ADM     ( 1539): [OMXIL] omx_log:266 338BE0 [ADM.mixer   ]: CB CmdComplete StateSet StateIdle
I/ADM     ( 1539): [OMXIL] omx_log:964 2DC708 [ocessing.spl]: SendCommand StateSet StateIdle
I/ADM     ( 1539): [OMXIL] omx_log:266 2DC708 [ocessing.spl]: CB CmdComplete StateSet StateIdle
I/ADM     ( 1539): [OMXIL] omx_log:266 225EC8 [er_equalizer]: CB CmdComplete StateSet StateIdle
I/ADM     ( 1539): [OMXIL] omx_log:964 354828 [ST.AFM.mixer]: SendCommand StateSet StateIdle
I/ADM     ( 1539): [OMXIL] omx_log:266 354828 [ST.AFM.mixer]: CB CmdComplete StateSet StateIdle
I/ADM     ( 1539): [OMXIL] omx_log:964 238E58 [ocessing.spl]: SendCommand StateSet StateIdle
I/ADM     ( 1539): [OMXIL] omx_log:266 238E58 [ocessing.spl]: CB CmdComplete StateSet StateIdle
I/ADM     ( 1539): [OMXIL] omx_log:964 1AB1A0 [X.ST.AFM.IHF]: SendCommand StateSet StateIdle
I/ADM     ( 1539): [OMXIL] omx_log:266 1AB1A0 [X.ST.AFM.IHF]: CB CmdComplete StateSet StateIdle
I/ADM     ( 1539): [OMXIL] omx_log:964 1AB1A0 [X.ST.AFM.IHF]: SendCommand StateSet StateLoaded
I/ADM     ( 1539): [OMXIL] omx_log:266 1AB1A0 [X.ST.AFM.IHF]: CB CmdComplete StateSet StateLoaded
I/ADM     ( 1539): [OMXIL] omx_log:964 238E58 [ocessing.spl]: SendCommand StateSet StateLoaded
I/ADM     ( 1539): [OMXIL] omx_log:266 238E58 [ocessing.spl]: CB CmdComplete StateSet StateLoaded
I/ADM     ( 1539): [OMXIL] omx_log:964 354828 [ST.AFM.mixer]: SendCommand StateSet StateLoaded
I/ADM     ( 1539): [OMXIL] omx_log:266 354828 [ST.AFM.mixer]: CB CmdComplete StateSet StateLoaded
I/ADM     ( 1539): [OMXIL] omx_log:964 2DC708 [ocessing.spl]: SendCommand StateSet StateLoaded
I/ADM     ( 1539): [OMXIL] omx_log:266 2DC708 [ocessing.spl]: CB CmdComplete StateSet StateLoaded
I/ADM     ( 1539): [OMXIL] omx_log:964 225EC8 [er_equalizer]: SendCommand StateSet StateLoaded
I/ADM     ( 1539): [OMXIL] omx_log:964 338BE0 [ADM.mixer   ]: SendCommand StateSet StateLoaded
I/ADM     ( 1539): [OMXIL] omx_log:266 338BE0 [ADM.mixer   ]: CB CmdComplete StateSet StateLoaded
D/SHAREBUF( 1539): Freeing memory for buffer 3432584, ARM_add=4113f880 DSP_add=138784
D/SHAREBUF( 1539): Freeing memory for buffer 3432624, ARM_add=41141c00 DSP_add=140032
I/ADM     ( 1539): [OMXIL] omx_log:266 225EC8 [er_equalizer]: CB CmdComplete StateSet StateLoaded
I/ADM     ( 1539): [OMXIL] omx_log:266 225EC8 [er_equalizer]: FreeHandle
I/ENSLoader( 1539): DestroyComponent hComponent=0x00225ec8
I/ENSLoader( 1539): return OMX_ErrorNone - DestroyComponent hComponent=0x00225ec8
I/ADM     ( 1539): [OMXIL] omx_log:266 2DC708 [ocessing.spl]: FreeHandle
I/ENSLoader( 1539): DestroyComponent hComponent=0x002dc708
I/ENSLoader( 1539): return OMX_ErrorNone - DestroyComponent hComponent=0x002dc708
I/ADM     ( 1539): [OMXIL] omx_log:266 338BE0 [ADM.mixer   ]: FreeHandle
I/ADM     ( 1539): [OMXIL] omx_log:266 238E58 [ocessing.spl]: FreeHandle
I/ENSLoader( 1539): DestroyComponent hComponent=0x00238e58
I/ENSLoader( 1539): return OMX_ErrorNone - DestroyComponent hComponent=0x00238e58
I/ADM     ( 1539): [OMXIL] omx_log:266 1AB1A0 [X.ST.AFM.IHF]: FreeHandle
I/ENSLoader( 1539): DestroyComponent hComponent=0x001ab1a0
I/ENSLoader( 1539): return OMX_ErrorNone - DestroyComponent hComponent=0x001ab1a0
I/ADM     ( 1539): [OMXIL] omx_log:266 354828 [ST.AFM.mixer]: FreeHandle
I/ENSLoader( 1539): DestroyComponent hComponent=0x00354828
I/ENSLoader( 1539): return OMX_ErrorNone - DestroyComponent hComponent=0x00354828
I/ADM     ( 1539): [INFO] dev_omx:1522 All OMX handles freed successfully
I/ADM     ( 1539): [INFO] dev_omx:1598 Graph closed successfully! ref_cnt = 0
I/ADM     ( 1539): [INFO] dev:1386 rescan_hw_handler
I/ADM     ( 1539): [INFO] dev:1371 hw_handler_dev_next: DONE
I/ADM     ( 1539): [INFO] dev:738 Updating event subscriptions for device Speaker
I/ADM     ( 1539): [INFO] dev:525  >>> LEAVE dev_close(101)
I/ADM     ( 1539): [INFO] dev:252 setting /data/local/tmp/rme_act_adm to 0
I/ADM     ( 1539): [INFO] api_devset:396 Releasing splitter; no longer used
I/ADM     ( 1539): [OMXIL] omx_log:964 362898 [ADM.splitter]: SendCommand StateSet StateIdle
I/ADM     ( 1539): [OMXIL] omx_log:266 362898 [ADM.splitter]: CB CmdComplete StateSet StateIdle
I/ADM     ( 1539): [OMXIL] omx_log:964 362898 [ADM.splitter]: SendCommand StateSet StateLoaded
I/ADM     ( 1539): [OMXIL] omx_log:266 362898 [ADM.splitter]: CB CmdComplete StateSet StateLoaded
I/ADM     ( 1539): [OMXIL] omx_log:266 362898 [ADM.splitter]: FreeHandle
I/ADM     ( 1539): [INFO] api_devset:413 CloseDevice(Speaker) OK
D/InputReader( 1701): Input event: value=1
D/        ( 1701): 
D/        ( 1701):  set_light_touchkey is called!!!
D/        ( 1701): 
D/        ( 1701):  light_touchkey on/off = 1
I/InputDispatcher( 1701): Delivering key to current input target: action: 0
I/PowerManagerService( 1701): Ulight 3->7|0
D/PowerManagerService( 1701): setLightBrightness : mButtonLight : 79
W/KeyCharacterMap(11361): Can't open keycharmap file
W/KeyCharacterMap(11361): Using default keymap: /system/usr/keychars/qwerty.kcm.bin
D/InputReader( 1701): Input event: value=0
I/InputDispatcher( 1701): Delivering key to current input target: action: 1
I/WindowOrientationListener( 1701): orientation = 352 Tilt = 42 -- 0 ,  7 ,  6
